573
CDUS43 KDDC 262326
CLIDGC


CLIMATE REPORT
NATIONAL WEATHER SERVICE DODGE CITY KS
625 PM CDT FRI MAY 26 2017


...................................

...THE DODGE CITY KS CLIMATE SUMMARY FOR MAY 26 2017...
VALID TODAY AS OF 0500 PM LOCAL TIME.

CLIMATE NORMAL PERIOD 1981 TO 2010
CLIMATE RECORD PERIOD 1875 TO 2017


WEATHER ITEM   OBSERVED TIME   RECORD YEAR NORMAL DEPARTURE LAST
                VALUE   (LST)  VALUE       VALUE  FROM      YEAR
                                                  NORMAL
..................................................................
TEMPERATURE (F)
 TODAY
  MAXIMUM         81    427 PM 101    1953  80      1       82
  MINIMUM         53    528 AM  35    1901  55     -2       58
  AVERAGE         67                        67      0       70

PRECIPITATION (IN)
  TODAY            0.00          2.89 1898   0.10  -0.10     0.14
  MONTH TO DATE    4.52                      2.30   2.22     1.59
  SINCE MAR 1     14.76                      5.71   9.05     9.71
  SINCE JAN 1     17.33                      6.97  10.36    10.30

SNOWFALL (IN)
  TODAY            0.0           0.0  2002   0.0    0.0      0.0
                                      2001
  MONTH TO DATE    0.0                       0.0    0.0      0.0
  SINCE MAR 1      2.5                       6.0   -3.5      0.4
  SINCE JUL 1      7.5                      21.1  -13.6     10.4
  SNOW DEPTH       0

DEGREE DAYS
 HEATING
  TODAY            0                         2     -2        0
  MONTH TO DATE  142                       107     35      160
  SINCE MAR 1    936                      1099   -163      975
  SINCE JUL 1   4170                      4946   -776     4337

 COOLING
  TODAY            2                         4     -2        5
  MONTH TO DATE   47                        65    -18       41
  SINCE MAR 1     88                        84      4       50
  SINCE JAN 1     88                        84      4       52
..................................................................


WIND (MPH)
  HIGHEST WIND SPEED    22   HIGHEST WIND DIRECTION    NE (30)
  HIGHEST GUST SPEED    28   HIGHEST GUST DIRECTION    NW (330)
  AVERAGE WIND SPEED    12.8


SKY COVER
  POSSIBLE SUNSHINE  MM
  AVERAGE SKY COVER 0.0


WEATHER CONDITIONS
 THE FOLLOWING WEATHER WAS RECORDED TODAY.
  NO SIGNIFICANT WEATHER WAS OBSERVED.


RELATIVE HUMIDITY (PERCENT)
 HIGHEST   100           300 AM
 LOWEST     42           400 PM
 AVERAGE    71

..........................................................


THE DODGE CITY KS CLIMATE NORMALS FOR TOMORROW
                         NORMAL    RECORD    YEAR
 MAXIMUM TEMPERATURE (F)   80       100      2013
 MINIMUM TEMPERATURE (F)   55        30      1907


SUNRISE AND SUNSET
MAY 26 2017...........SUNRISE   622 AM CDT   SUNSET   852 PM CDT
MAY 27 2017...........SUNRISE   622 AM CDT   SUNSET   853 PM CDT


-  INDICATES NEGATIVE NUMBERS.
R  INDICATES RECORD WAS SET OR TIED.
MM INDICATES DATA IS MISSING.
T  INDICATES TRACE AMOUNT.




$$
