000
CDUS43 KDDC 162325
CLIDGC


CLIMATE REPORT
NATIONAL WEATHER SERVICE DODGE CITY KS
525 PM CST FRI FEB 16 2018


...................................

...THE DODGE CITY KS CLIMATE SUMMARY FOR FEBRUARY 16 2018...
VALID TODAY AS OF 0500 PM LOCAL TIME.

CLIMATE NORMAL PERIOD 1981 TO 2010
CLIMATE RECORD PERIOD 1875 TO 2018


WEATHER ITEM   OBSERVED TIME   RECORD YEAR NORMAL DEPARTURE LAST
                VALUE   (LST)  VALUE       VALUE  FROM      YEAR
                                                  NORMAL
..................................................................
TEMPERATURE (F)
 TODAY
  MAXIMUM         40    334 PM  80    2011  49     -9       75
  MINIMUM         19    842 AM -18    1903  24     -5       33
  AVERAGE         30                        36     -6       54

PRECIPITATION (IN)
  TODAY            0.00          0.59 1938   0.03  -0.03     0.00
  MONTH TO DATE    0.05                      0.37  -0.32     0.01
  SINCE DEC 1      0.14                      1.79  -1.65     3.19
  SINCE JAN 1      0.14                      0.95  -0.81     2.57

SNOWFALL (IN)
  TODAY            0.0           3.4  1975   0.1   -0.1      0.0
  MONTH TO DATE    0.2                       2.4   -2.2      0.0
  SINCE DEC 1      1.4                      11.4  -10.0      5.0
  SINCE JUL 1      1.4                      13.6  -12.2      5.0
  SNOW DEPTH       0

DEGREE DAYS
 HEATING
  TODAY           35                        29      6       11
  MONTH TO DATE  519                       489     30      375
  SINCE DEC 1   2464                      2507    -43     2425
  SINCE JUL 1   3318                      3521   -203     3021

 COOLING
  TODAY            0                         0      0        0
  MONTH TO DATE    0                         0      0        0
  SINCE DEC 1      0                         0      0        0
  SINCE JAN 1      0                         0      0        0
..................................................................


WIND (MPH)
  HIGHEST WIND SPEED    32   HIGHEST WIND DIRECTION     N (10)
  HIGHEST GUST SPEED    41   HIGHEST GUST DIRECTION     N (360)
  AVERAGE WIND SPEED    14.4


SKY COVER
  POSSIBLE SUNSHINE  MM
  AVERAGE SKY COVER 0.3


WEATHER CONDITIONS
 THE FOLLOWING WEATHER WAS RECORDED TODAY.
  NO SIGNIFICANT WEATHER WAS OBSERVED.


RELATIVE HUMIDITY (PERCENT)
 HIGHEST    78           200 AM
 LOWEST     40           300 PM
 AVERAGE    59

..........................................................


THE DODGE CITY KS CLIMATE NORMALS FOR TOMORROW
                         NORMAL    RECORD    YEAR
 MAXIMUM TEMPERATURE (F)   49        85      1970
 MINIMUM TEMPERATURE (F)   24        -8      1903


SUNRISE AND SUNSET
FEBRUARY 16 2018......SUNRISE   728 AM CST   SUNSET   620 PM CST
FEBRUARY 17 2018......SUNRISE   727 AM CST   SUNSET   621 PM CST


-  INDICATES NEGATIVE NUMBERS.
R  INDICATES RECORD WAS SET OR TIED.
MM INDICATES DATA IS MISSING.
T  INDICATES TRACE AMOUNT.




$$
