000
CDUS43 KDDC 252342
CLIDGC


CLIMATE REPORT
NATIONAL WEATHER SERVICE DODGE CITY KS
642 PM CDT TUE APR 25 2017


...................................

...THE DODGE CITY KS CLIMATE SUMMARY FOR APRIL 25 2017...
VALID TODAY AS OF 0500 PM LOCAL TIME.

CLIMATE NORMAL PERIOD 1981 TO 2010
CLIMATE RECORD PERIOD 1875 TO 2017


WEATHER ITEM   OBSERVED TIME   RECORD YEAR NORMAL DEPARTURE LAST
                VALUE   (LST)  VALUE       VALUE  FROM      YEAR
                                                  NORMAL
..................................................................
TEMPERATURE (F)
 TODAY
  MAXIMUM         59    223 PM  90    1989  71    -12       75
  MINIMUM         42    555 AM  30    2006  44     -2       46
                                      1950
                                      1918
  AVERAGE         51                        57     -6       61

PRECIPITATION (IN)
  TODAY            0.01          1.46 1990   0.07  -0.06     0.00
  MONTH TO DATE    4.51                      1.47   3.04     5.81
  SINCE MAR 1      7.09                      3.06   4.03     5.85
  SINCE JAN 1      9.66                      4.32   5.34     6.44

SNOWFALL (IN)
  TODAY           MM             T    1947   0.0   MM        0.0
  MONTH TO DATE    0.0                       1.1   -1.1      0.0
  SINCE MAR 1      0.0                       6.0   -6.0      0.4
  SINCE JUL 1      5.0                      21.1  -16.1     10.4
  SNOW DEPTH       0

DEGREE DAYS
 HEATING
  TODAY           14                         9      5        4
  MONTH TO DATE  211                       312   -101      239
  SINCE MAR 1    695                       952   -257      745
  SINCE JUL 1   3929                      4799   -870     4107

 COOLING
  TODAY            0                         1     -1        0
  MONTH TO DATE   32                        10     22        7
  SINCE MAR 1     41                        11     30        9
  SINCE JAN 1     41                        11     30       11
..................................................................


WIND (MPH)
  HIGHEST WIND SPEED    28   HIGHEST WIND DIRECTION     N (350)
  HIGHEST GUST SPEED    34   HIGHEST GUST DIRECTION     N (360)
  AVERAGE WIND SPEED    12.4


SKY COVER
  POSSIBLE SUNSHINE  MM
  AVERAGE SKY COVER 0.3


WEATHER CONDITIONS
 THE FOLLOWING WEATHER WAS RECORDED TODAY.
  LIGHT RAIN
  FOG


RELATIVE HUMIDITY (PERCENT)
 HIGHEST   100           600 AM
 LOWEST     66          1100 AM
 AVERAGE    83

..........................................................


THE DODGE CITY KS CLIMATE NORMALS FOR TOMORROW
                         NORMAL    RECORD    YEAR
 MAXIMUM TEMPERATURE (F)   71        94      1989
                                             1956
 MINIMUM TEMPERATURE (F)   44        27      2006


SUNRISE AND SUNSET
APRIL 25 2017.........SUNRISE   651 AM CDT   SUNSET   825 PM CDT
APRIL 26 2017.........SUNRISE   650 AM CDT   SUNSET   826 PM CDT


-  INDICATES NEGATIVE NUMBERS.
R  INDICATES RECORD WAS SET OR TIED.
MM INDICATES DATA IS MISSING.
T  INDICATES TRACE AMOUNT.




$$
