000
CDUS43 KDDC 180706
CLIDGC


CLIMATE REPORT
NATIONAL WEATHER SERVICE DODGE CITY KS
106 AM CST SUN FEB 18 2018


...................................

...THE DODGE CITY KS CLIMATE SUMMARY FOR FEBRUARY 17 2018...

CLIMATE NORMAL PERIOD 1981 TO 2010
CLIMATE RECORD PERIOD 1875 TO 2018


WEATHER ITEM   OBSERVED TIME   RECORD YEAR NORMAL DEPARTURE LAST
                VALUE   (LST)  VALUE       VALUE  FROM      YEAR
                                                  NORMAL
..................................................................
TEMPERATURE (F)
 YESTERDAY
  MAXIMUM         59    304 PM  85    1970  49     10       74
  MINIMUM         29    750 AM  -8    1903  24      5       31
  AVERAGE         44                        36      8       53

PRECIPITATION (IN)
  YESTERDAY        0.00          1.08 1911   0.02  -0.02     0.00
  MONTH TO DATE    0.05                      0.39  -0.34     0.01
  SINCE DEC 1      0.14                      1.81  -1.67     3.19
  SINCE JAN 1      0.14                      0.97  -0.83     2.57

SNOWFALL (IN)
  YESTERDAY        0.0           4.6  1942   0.2   -0.2      0.0
  MONTH TO DATE    0.2                       2.6   -2.4      0.0
  SINCE DEC 1      1.4                      11.6  -10.2      5.0
  SINCE JUL 1      1.4                      13.8  -12.4      5.0
  SNOW DEPTH       0

DEGREE DAYS
 HEATING
  YESTERDAY       21                        29     -8       12
  MONTH TO DATE  540                       518     22      387
  SINCE DEC 1   2485                      2536    -51     2437
  SINCE JUL 1   3339                      3550   -211     3033

 COOLING
  YESTERDAY        0                         0      0        0
  MONTH TO DATE    0                         0      0        0
  SINCE DEC 1      0                         0      0        0
  SINCE JAN 1      0                         0      0        0
..................................................................


WIND (MPH)
  HIGHEST WIND SPEED    32   HIGHEST WIND DIRECTION     N (360)
  HIGHEST GUST SPEED    42   HIGHEST GUST DIRECTION     N (360)
  AVERAGE WIND SPEED    15.0


SKY COVER
  POSSIBLE SUNSHINE  MM
  AVERAGE SKY COVER 0.0


WEATHER CONDITIONS
 THE FOLLOWING WEATHER WAS RECORDED YESTERDAY.
  HAZE


RELATIVE HUMIDITY (PERCENT)
 HIGHEST    64           500 AM
 LOWEST     15           400 PM
 AVERAGE    40

..........................................................


THE DODGE CITY KS CLIMATE NORMALS FOR TODAY
                         NORMAL    RECORD    YEAR
 MAXIMUM TEMPERATURE (F)   49        88      2016
 MINIMUM TEMPERATURE (F)   24        -8      1889


SUNRISE AND SUNSET
FEBRUARY 18 2018......SUNRISE   726 AM CST   SUNSET   622 PM CST
FEBRUARY 19 2018......SUNRISE   725 AM CST   SUNSET   623 PM CST


-  INDICATES NEGATIVE NUMBERS.
R  INDICATES RECORD WAS SET OR TIED.
MM INDICATES DATA IS MISSING.
T  INDICATES TRACE AMOUNT.




$$
