000
CDUS43 KDDC 111018
CLIDGC


CLIMATE REPORT
NATIONAL WEATHER SERVICE DODGE CITY KS
517 AM CDT FRI APR 11 2014


...................................

...THE DODGE CITY KS CLIMATE SUMMARY FOR APRIL 10 2014...

CLIMATE NORMAL PERIOD 1981 TO 2010
CLIMATE RECORD PERIOD 1875 TO 2014


WEATHER ITEM   OBSERVED TIME   RECORD YEAR NORMAL DEPARTURE LAST
                VALUE   (LST)  VALUE       VALUE  FROM      YEAR
                                                  NORMAL
..................................................................
TEMPERATURE (F)
 YESTERDAY
  MAXIMUM         69    456 PM  91    1896  66      3       41
  MINIMUM         45   1122 PM  16    1973  38      7       20
  AVERAGE         57                        52      5       31

PRECIPITATION (IN)
  YESTERDAY        0.00          1.31 1900   0.05  -0.05      T
  MONTH TO DATE    0.09                      0.55  -0.46     0.20
  SINCE MAR 1      0.36                      2.14  -1.78     0.46
  SINCE JAN 1      1.20                      3.40  -2.20     1.84

SNOWFALL (IN)
  YESTERDAY        0.0           7.0  1900   0.0    0.0       T
  MONTH TO DATE    0.0                       0.7   -0.7       T
  SINCE MAR 1      4.4                       5.6   -1.2      2.1
  SINCE JUL 1     28.9                      20.7    8.2     25.5
  SNOW DEPTH       0

DEGREE DAYS
 HEATING
  YESTERDAY        8                        13     -5       34
  MONTH TO DATE  166                       147     19      172
  SINCE MAR 1    918                       787    131      870
  SINCE JUL 1   5075                      4634    441     4581

 COOLING
  YESTERDAY        0                         0      0        0
  MONTH TO DATE    0                         0      0        3
  SINCE MAR 1      0                         1     -1        3
  SINCE JAN 1      0                         1     -1        3
..................................................................


WIND (MPH)
  HIGHEST WIND SPEED    36   HIGHEST WIND DIRECTION    NE (30)
  HIGHEST GUST SPEED    43   HIGHEST GUST DIRECTION    NE (30)
  AVERAGE WIND SPEED    14.8


SKY COVER
  POSSIBLE SUNSHINE  MM
  AVERAGE SKY COVER 0.0


WEATHER CONDITIONS
 THE FOLLOWING WEATHER WAS RECORDED YESTERDAY.
  NO SIGNIFICANT WEATHER WAS OBSERVED.


RELATIVE HUMIDITY (PERCENT)
 HIGHEST    58          1100 PM
 LOWEST     26           500 AM
 AVERAGE    42

..........................................................


THE DODGE CITY KS CLIMATE NORMALS FOR TODAY
                         NORMAL    RECORD    YEAR
 MAXIMUM TEMPERATURE (F)   66        90      1996
 MINIMUM TEMPERATURE (F)   38        16      2013


SUNRISE AND SUNSET
APRIL 11 2014.........SUNRISE   710 AM CDT   SUNSET   812 PM CDT
APRIL 12 2014.........SUNRISE   709 AM CDT   SUNSET   813 PM CDT


-  INDICATES NEGATIVE NUMBERS.
R  INDICATES RECORD WAS SET OR TIED.
MM INDICATES DATA IS MISSING.
T  INDICATES TRACE AMOUNT.




$$
