000
CDUS43 KDDC 240706
CLIDGC


CLIMATE REPORT
NATIONAL WEATHER SERVICE DODGE CITY KS
105 AM CST FRI FEB 24 2017


...................................

...THE DODGE CITY KS CLIMATE SUMMARY FOR FEBRUARY 23 2017...

CLIMATE NORMAL PERIOD 1981 TO 2010
CLIMATE RECORD PERIOD 1875 TO 2017


WEATHER ITEM   OBSERVED TIME   RECORD YEAR NORMAL DEPARTURE LAST
                VALUE   (LST)  VALUE       VALUE  FROM      YEAR
                                                  NORMAL
..................................................................
TEMPERATURE (F)
 YESTERDAY
  MAXIMUM         80    219 PM  84    1918  51     29       51
  MINIMUM         32   1150 PM  -4    1889  25      7       26
  AVERAGE         56                        38     18       39

PRECIPITATION (IN)
  YESTERDAY        T             0.86 2003   0.03  -0.03      T
  MONTH TO DATE    0.01                      0.55  -0.54     0.31
  SINCE DEC 1      3.19                      1.97   1.22     3.02
  SINCE JAN 1      2.57                      1.13   1.44     0.59

SNOWFALL (IN)
  YESTERDAY       MM            11.5  2003   0.1   MM        0.0
  MONTH TO DATE    0.0                       3.3   -3.3      0.1
  SINCE DEC 1      5.0                      12.3   -7.3      8.9
  SINCE JUL 1      5.0                      14.5   -9.5     10.0
  SNOW DEPTH       0

DEGREE DAYS
 HEATING
  YESTERDAY        9                        27    -18       26
  MONTH TO DATE  447                       684   -237      566
  SINCE DEC 1   2497                      2702   -205     2413
  SINCE JUL 1   3093                      3716   -623     3243

 COOLING
  YESTERDAY        0                         0      0        0
  MONTH TO DATE    0                         0      0        2
  SINCE DEC 1      0                         0      0        2
  SINCE JAN 1      0                         0      0        2
..................................................................


WIND (MPH)
  HIGHEST WIND SPEED    41   HIGHEST WIND DIRECTION     N (350)
  HIGHEST GUST SPEED    55   HIGHEST GUST DIRECTION     N (360)
  AVERAGE WIND SPEED    18.0


SKY COVER
  POSSIBLE SUNSHINE  MM
  AVERAGE SKY COVER 0.5


WEATHER CONDITIONS
 THE FOLLOWING WEATHER WAS RECORDED YESTERDAY.
  HAZE


RELATIVE HUMIDITY (PERCENT)
 HIGHEST    89           800 PM
 LOWEST      9           400 PM
 AVERAGE    49

..........................................................


THE DODGE CITY KS CLIMATE NORMALS FOR TODAY
                         NORMAL    RECORD    YEAR
 MAXIMUM TEMPERATURE (F)   51        79      1976
                                             1918
 MINIMUM TEMPERATURE (F)   26        -6      1913


SUNRISE AND SUNSET
FEBRUARY 24 2017......SUNRISE   718 AM CST   SUNSET   629 PM CST
FEBRUARY 25 2017......SUNRISE   716 AM CST   SUNSET   630 PM CST


-  INDICATES NEGATIVE NUMBERS.
R  INDICATES RECORD WAS SET OR TIED.
MM INDICATES DATA IS MISSING.
T  INDICATES TRACE AMOUNT.




$$
