000
CDUS43 KDDC 241010
CLIDGC


CLIMATE REPORT
NATIONAL WEATHER SERVICE DODGE CITY KS
409 AM CST SAT JAN 24 2015


...................................

...THE DODGE CITY KS CLIMATE SUMMARY FOR JANUARY 23 2015...

CLIMATE NORMAL PERIOD 1981 TO 2010
CLIMATE RECORD PERIOD 1875 TO 2015


WEATHER ITEM   OBSERVED TIME   RECORD YEAR NORMAL DEPARTURE LAST
                VALUE   (LST)  VALUE       VALUE  FROM      YEAR
                                                  NORMAL
..................................................................
TEMPERATURE (F)
 YESTERDAY
  MAXIMUM         54    412 PM  70    1981  45      9       20
                                      1909
  MINIMUM         15    514 AM -11    1963  20     -5        6
  AVERAGE         35                        32      3       13

PRECIPITATION (IN)
  YESTERDAY        0.00          0.18 1965   0.02  -0.02     0.00
  MONTH TO DATE    0.29                      0.41  -0.12     0.16
  SINCE DEC 1      1.29                      1.25   0.04     0.64
  SINCE JAN 1      0.29                      0.41  -0.12     0.16

SNOWFALL (IN)
  YESTERDAY        0.0           2.0  1965   0.2   -0.2      0.0
  MONTH TO DATE    3.3                       3.5   -0.2      2.8
  SINCE DEC 1      7.1                       7.6   -0.5      8.3
  SINCE JUL 1      9.3                       9.8   -0.5     13.3
  SNOW DEPTH       0

DEGREE DAYS
 HEATING
  YESTERDAY       30                        33     -3       52
  MONTH TO DATE  800                       759     41      759
  SINCE DEC 1   1732                      1759    -27     1839
  SINCE JUL 1   2730                      2773    -43     2867

 COOLING
  YESTERDAY        0                         0      0        0
  MONTH TO DATE    0                         0      0        0
  SINCE DEC 1      0                         0      0        0
  SINCE JAN 1      0                         0      0        0
..................................................................


WIND (MPH)
  HIGHEST WIND SPEED    20   HIGHEST WIND DIRECTION    NW (320)
  HIGHEST GUST SPEED    25   HIGHEST GUST DIRECTION    NW (320)
  AVERAGE WIND SPEED    11.8


SKY COVER
  POSSIBLE SUNSHINE  MM
  AVERAGE SKY COVER 0.0


WEATHER CONDITIONS
 THE FOLLOWING WEATHER WAS RECORDED YESTERDAY.
  NO SIGNIFICANT WEATHER WAS OBSERVED.


RELATIVE HUMIDITY (PERCENT)
 HIGHEST    81           400 AM
 LOWEST     16           300 PM
 AVERAGE    49

..........................................................


THE DODGE CITY KS CLIMATE NORMALS FOR TODAY
                         NORMAL    RECORD    YEAR
 MAXIMUM TEMPERATURE (F)   45        74      1981
 MINIMUM TEMPERATURE (F)   20       -15      1894


SUNRISE AND SUNSET
JANUARY 24 2015.......SUNRISE   750 AM CST   SUNSET   554 PM CST
JANUARY 25 2015.......SUNRISE   749 AM CST   SUNSET   555 PM CST


-  INDICATES NEGATIVE NUMBERS.
R  INDICATES RECORD WAS SET OR TIED.
MM INDICATES DATA IS MISSING.
T  INDICATES TRACE AMOUNT.




$$
