940
CDUS43 KDDC 212326
CLIDGC


CLIMATE REPORT
NATIONAL WEATHER SERVICE DODGE CITY KS
525 PM CST SUN JAN 21 2018


...................................

...THE DODGE CITY KS CLIMATE SUMMARY FOR JANUARY 21 2018...
VALID TODAY AS OF 0500 PM LOCAL TIME.

CLIMATE NORMAL PERIOD 1981 TO 2010
CLIMATE RECORD PERIOD 1875 TO 2018


WEATHER ITEM   OBSERVED TIME   RECORD YEAR NORMAL DEPARTURE LAST
                VALUE   (LST)  VALUE       VALUE  FROM      YEAR
                                                  NORMAL
..................................................................
TEMPERATURE (F)
 TODAY
  MAXIMUM         40    430 PM  70    1964  45     -5       55
                                      1953
                                      1943
  MINIMUM         26    323 AM -13    1883  20      6       23
  AVERAGE         33                        32      1       39

PRECIPITATION (IN)
  TODAY            0.00          0.11 1898   0.01  -0.01     0.05
  MONTH TO DATE    0.09                      0.37  -0.28     2.56
  SINCE DEC 1      0.09                      1.21  -1.12     3.18
  SINCE JAN 1      0.09                      0.37  -0.28     2.56

SNOWFALL (IN)
  TODAY            0.0           1.3  1898   0.1   -0.1      0.0
  MONTH TO DATE    1.2                       3.1   -1.9      2.7
  SINCE DEC 1      1.2                       7.2   -6.0      5.0
  SINCE JUL 1      1.2                       9.4   -8.2      5.0
  SNOW DEPTH       0

DEGREE DAYS
 HEATING
  TODAY           32                        33     -1       26
  MONTH TO DATE  712                       693     19      717
  SINCE DEC 1   1692                      1693     -1     1794
  SINCE JUL 1   2546                      2707   -161     2390

 COOLING
  TODAY            0                         0      0        0
  MONTH TO DATE    0                         0      0        0
  SINCE DEC 1      0                         0      0        0
  SINCE JAN 1      0                         0      0        0
..................................................................


WIND (MPH)
  HIGHEST WIND SPEED    17   HIGHEST WIND DIRECTION     W (280)
  HIGHEST GUST SPEED    25   HIGHEST GUST DIRECTION    SW (230)
  AVERAGE WIND SPEED     9.4


SKY COVER
  POSSIBLE SUNSHINE  MM
  AVERAGE SKY COVER 0.7


WEATHER CONDITIONS
 THE FOLLOWING WEATHER WAS RECORDED TODAY.
  FOG
  FOG W/VISIBILITY <= 1/4 MILE


RELATIVE HUMIDITY (PERCENT)
 HIGHEST   100           800 AM
 LOWEST     59           200 AM
 AVERAGE    80

..........................................................


THE DODGE CITY KS CLIMATE NORMALS FOR TOMORROW
                         NORMAL    RECORD    YEAR
 MAXIMUM TEMPERATURE (F)   45        78      1967
 MINIMUM TEMPERATURE (F)   20       -10      1966


SUNRISE AND SUNSET
JANUARY 21 2018.......SUNRISE   751 AM CST   SUNSET   551 PM CST
JANUARY 22 2018.......SUNRISE   751 AM CST   SUNSET   552 PM CST


-  INDICATES NEGATIVE NUMBERS.
R  INDICATES RECORD WAS SET OR TIED.
MM INDICATES DATA IS MISSING.
T  INDICATES TRACE AMOUNT.




$$
