000
CDUS43 KDDC 271009
CLIDGC


CLIMATE REPORT
NATIONAL WEATHER SERVICE DODGE CITY KS
508 AM CDT FRI MAR 27 2015


...................................

...THE DODGE CITY KS CLIMATE SUMMARY FOR MARCH 26 2015...

CLIMATE NORMAL PERIOD 1981 TO 2010
CLIMATE RECORD PERIOD 1875 TO 2015


WEATHER ITEM   OBSERVED TIME   RECORD YEAR NORMAL DEPARTURE LAST
                VALUE   (LST)  VALUE       VALUE  FROM      YEAR
                                                  NORMAL
..................................................................
TEMPERATURE (F)
 YESTERDAY
  MAXIMUM         66    438 PM  88    1989  61      5       52
  MINIMUM         25    645 AM   3    1955  34     -9       36
  AVERAGE         46                        47     -1       44

PRECIPITATION (IN)
  YESTERDAY        0.00          0.98 1983   0.06  -0.06     0.00
  MONTH TO DATE    0.29                      1.28  -0.99     0.26
  SINCE MAR 1      0.29                      1.28  -0.99     0.26
  SINCE JAN 1      1.59                      2.54  -0.95     1.10

SNOWFALL (IN)
  YESTERDAY        0.0           3.0  1941   0.2   -0.2      0.0
                                      1931
  MONTH TO DATE    T                         4.2   -4.2      4.4
  SINCE MAR 1      T                         4.2   -4.2      4.4
  SINCE JUL 1     21.4                      19.3    2.1     28.9
  SNOW DEPTH       0

DEGREE DAYS
 HEATING
  YESTERDAY       19                        18      1       21
  MONTH TO DATE  466                       556    -90      682
  SINCE MAR 1    466                       556    -90      682
  SINCE JUL 1   4214                      4403   -189     4839

 COOLING
  YESTERDAY        0                         0      0        0
  MONTH TO DATE    0                         0      0        0
  SINCE MAR 1      0                         0      0        0
  SINCE JAN 1      0                         0      0        0
..................................................................


WIND (MPH)
  HIGHEST WIND SPEED    30   HIGHEST WIND DIRECTION    NW (300)
  HIGHEST GUST SPEED    34   HIGHEST GUST DIRECTION    NW (300)
  AVERAGE WIND SPEED    10.4


SKY COVER
  POSSIBLE SUNSHINE  MM
  AVERAGE SKY COVER 0.2


WEATHER CONDITIONS
 THE FOLLOWING WEATHER WAS RECORDED YESTERDAY.
  NO SIGNIFICANT WEATHER WAS OBSERVED.


RELATIVE HUMIDITY (PERCENT)
 HIGHEST    89          1200 AM
 LOWEST     21           500 PM
 AVERAGE    55

..........................................................


THE DODGE CITY KS CLIMATE NORMALS FOR TODAY
                         NORMAL    RECORD    YEAR
 MAXIMUM TEMPERATURE (F)   61        89      1879
 MINIMUM TEMPERATURE (F)   34         6      1931


SUNRISE AND SUNSET
MARCH 27 2015.........SUNRISE   733 AM CDT   SUNSET   758 PM CDT
MARCH 28 2015.........SUNRISE   732 AM CDT   SUNSET   759 PM CDT


-  INDICATES NEGATIVE NUMBERS.
R  INDICATES RECORD WAS SET OR TIED.
MM INDICATES DATA IS MISSING.
T  INDICATES TRACE AMOUNT.




$$
