000
CDUS43 KDDC 191016
CLIDGC


CLIMATE REPORT
NATIONAL WEATHER SERVICE DODGE CITY KS
513 AM CDT FRI SEP 19 2014


...................................

...THE DODGE CITY KS CLIMATE SUMMARY FOR SEPTEMBER 18 2014...

CLIMATE NORMAL PERIOD 1981 TO 2010
CLIMATE RECORD PERIOD 1875 TO 2014


WEATHER ITEM   OBSERVED TIME   RECORD YEAR NORMAL DEPARTURE LAST
                VALUE   (LST)  VALUE       VALUE  FROM      YEAR
                                                  NORMAL
..................................................................
TEMPERATURE (F)
 YESTERDAY
  MAXIMUM         89    218 PM 101    1997  82      7       92
  MINIMUM         57    702 AM  40    1912  55      2       68
  AVERAGE         73                        68      5       80

PRECIPITATION (IN)
  YESTERDAY        0.00          1.25 1996   0.05  -0.05     0.00
  MONTH TO DATE    0.69                      1.10  -0.41     0.65
  SINCE SEP 1      0.69                      1.10  -0.41     0.65
  SINCE JAN 1     18.92                     17.69   1.23    16.13

SNOWFALL (IN)
  YESTERDAY        0.0           0.0  2002   0.0    0.0      0.0
                                      2001
  MONTH TO DATE    0.0                       0.0    0.0      0.0
  SINCE SEP 1      0.0                       0.0    0.0      0.0
  SINCE JUL 1      0.0                       0.0    0.0      0.0
  SNOW DEPTH       0

DEGREE DAYS
 HEATING
  YESTERDAY        0                         2     -2        0
  MONTH TO DATE   49                        18     31        5
  SINCE SEP 1     49                        18     31        5
  SINCE JUL 1     62                        22     40        5

 COOLING
  YESTERDAY        8                         5      3       15
  MONTH TO DATE  111                       140    -29      197
  SINCE SEP 1    111                       140    -29      197
  SINCE JAN 1   1356                      1386    -30     1561
..................................................................


WIND (MPH)
  HIGHEST WIND SPEED    23   HIGHEST WIND DIRECTION     S (170)
  HIGHEST GUST SPEED    32   HIGHEST GUST DIRECTION     S (180)
  AVERAGE WIND SPEED    11.3


SKY COVER
  POSSIBLE SUNSHINE  MM
  AVERAGE SKY COVER 0.0


WEATHER CONDITIONS
 THE FOLLOWING WEATHER WAS RECORDED YESTERDAY.
  LIGHT RAIN


RELATIVE HUMIDITY (PERCENT)
 HIGHEST    93           700 AM
 LOWEST     31          1100 AM
 AVERAGE    62

..........................................................


THE DODGE CITY KS CLIMATE NORMALS FOR TODAY
                         NORMAL    RECORD    YEAR
 MAXIMUM TEMPERATURE (F)   81       102      1980
 MINIMUM TEMPERATURE (F)   55        37      2003


SUNRISE AND SUNSET
SEPTEMBER 19 2014.....SUNRISE   725 AM CDT   SUNSET   741 PM CDT
SEPTEMBER 20 2014.....SUNRISE   726 AM CDT   SUNSET   740 PM CDT


-  INDICATES NEGATIVE NUMBERS.
R  INDICATES RECORD WAS SET OR TIED.
MM INDICATES DATA IS MISSING.
T  INDICATES TRACE AMOUNT.




$$
