000
CDUS43 KDDC 261007
CLIDGC


CLIMATE REPORT
NATIONAL WEATHER SERVICE DODGE CITY KS
406 AM CST MON JAN 26 2015


...................................

...THE DODGE CITY KS CLIMATE SUMMARY FOR JANUARY 25 2015...

CLIMATE NORMAL PERIOD 1981 TO 2010
CLIMATE RECORD PERIOD 1875 TO 2015


WEATHER ITEM   OBSERVED TIME   RECORD YEAR NORMAL DEPARTURE LAST
                VALUE   (LST)  VALUE       VALUE  FROM      YEAR
                                                  NORMAL
..................................................................
TEMPERATURE (F)
 YESTERDAY
  MAXIMUM         56    242 PM  73    1968  45     11       59
  MINIMUM         29   1150 PM  -6    1957  20      9       38
                                      1940
  AVERAGE         43                        32     11       49

PRECIPITATION (IN)
  YESTERDAY        0.00          0.23 1965   0.02  -0.02     0.00
  MONTH TO DATE    0.29                      0.45  -0.16     0.16
  SINCE DEC 1      1.29                      1.29   0.00     0.64
  SINCE JAN 1      0.29                      0.45  -0.16     0.16

SNOWFALL (IN)
  YESTERDAY        0.0           2.3  1965   0.2   -0.2      0.0
  MONTH TO DATE    3.3                       3.8   -0.5      2.8
  SINCE DEC 1      7.1                       7.9   -0.8      8.3
  SINCE JUL 1      9.3                      10.1   -0.8     13.3
  SNOW DEPTH       0

DEGREE DAYS
 HEATING
  YESTERDAY       22                        33    -11       16
  MONTH TO DATE  841                       825     16      806
  SINCE DEC 1   1773                      1825    -52     1886
  SINCE JUL 1   2771                      2839    -68     2914

 COOLING
  YESTERDAY        0                         0      0        0
  MONTH TO DATE    0                         0      0        0
  SINCE DEC 1      0                         0      0        0
  SINCE JAN 1      0                         0      0        0
..................................................................


WIND (MPH)
  HIGHEST WIND SPEED    32   HIGHEST WIND DIRECTION     N (350)
  HIGHEST GUST SPEED    42   HIGHEST GUST DIRECTION    NW (320)
  AVERAGE WIND SPEED    17.1


SKY COVER
  POSSIBLE SUNSHINE  MM
  AVERAGE SKY COVER 0.1


WEATHER CONDITIONS
 THE FOLLOWING WEATHER WAS RECORDED YESTERDAY.
  NO SIGNIFICANT WEATHER WAS OBSERVED.


RELATIVE HUMIDITY (PERCENT)
 HIGHEST    59           700 AM
 LOWEST     22           300 PM
 AVERAGE    41

..........................................................


THE DODGE CITY KS CLIMATE NORMALS FOR TODAY
                         NORMAL    RECORD    YEAR
 MAXIMUM TEMPERATURE (F)   45        78      1951
 MINIMUM TEMPERATURE (F)   20        -8      1902


SUNRISE AND SUNSET
JANUARY 26 2015.......SUNRISE   749 AM CST   SUNSET   557 PM CST
JANUARY 27 2015.......SUNRISE   748 AM CST   SUNSET   558 PM CST


-  INDICATES NEGATIVE NUMBERS.
R  INDICATES RECORD WAS SET OR TIED.
MM INDICATES DATA IS MISSING.
T  INDICATES TRACE AMOUNT.




$$
