000
CDUS43 KDDC 141009
CLIDGC


CLIMATE REPORT
NATIONAL WEATHER SERVICE DODGE CITY KS
508 AM CDT SUN SEP 14 2014


...................................

...THE DODGE CITY KS CLIMATE SUMMARY FOR SEPTEMBER 13 2014...

CLIMATE NORMAL PERIOD 1981 TO 2010
CLIMATE RECORD PERIOD 1875 TO 2014


WEATHER ITEM   OBSERVED TIME   RECORD YEAR NORMAL DEPARTURE LAST
                VALUE   (LST)  VALUE       VALUE  FROM      YEAR
                                                  NORMAL
..................................................................
TEMPERATURE (F)
 YESTERDAY
  MAXIMUM         65    508 PM 100    1911  84    -19       70
  MINIMUM         35R   614 AM  36    1890  57    -22       58
  AVERAGE         50                        70    -20       64

PRECIPITATION (IN)
  YESTERDAY        0.00          1.80 1957   0.05  -0.05     0.01
  MONTH TO DATE    0.69                      0.84  -0.15     0.40
  SINCE SEP 1      0.69                      0.84  -0.15     0.40
  SINCE JAN 1     18.92                     17.43   1.49    15.88

SNOWFALL (IN)
  YESTERDAY        0.0           0.0  2002   0.0    0.0      0.0
                                      2001
  MONTH TO DATE    0.0                       0.0    0.0      0.0
  SINCE SEP 1      0.0                       0.0    0.0      0.0
  SINCE JUL 1      0.0                       0.0    0.0      0.0
  SNOW DEPTH       0

DEGREE DAYS
 HEATING
  YESTERDAY       15                         1     14        1
  MONTH TO DATE   47                         9     38        1
  SINCE SEP 1     47                         9     38        1
  SINCE JUL 1     60                        13     47        1

 COOLING
  YESTERDAY        0                         7     -7        0
  MONTH TO DATE   84                       111    -27      157
  SINCE SEP 1     84                       111    -27      157
  SINCE JAN 1   1329                      1357    -28     1521
..................................................................


WIND (MPH)
  HIGHEST WIND SPEED    24   HIGHEST WIND DIRECTION     S (160)
  HIGHEST GUST SPEED    30   HIGHEST GUST DIRECTION    SE (150)
  AVERAGE WIND SPEED    10.6


SKY COVER
  POSSIBLE SUNSHINE  MM
  AVERAGE SKY COVER 0.3


WEATHER CONDITIONS
 THE FOLLOWING WEATHER WAS RECORDED YESTERDAY.
  NO SIGNIFICANT WEATHER WAS OBSERVED.


RELATIVE HUMIDITY (PERCENT)
 HIGHEST    89           600 AM
 LOWEST     42           100 PM
 AVERAGE    66

..........................................................


THE DODGE CITY KS CLIMATE NORMALS FOR TODAY
                         NORMAL    RECORD    YEAR
 MAXIMUM TEMPERATURE (F)   83        99      1931
 MINIMUM TEMPERATURE (F)   57        38      1993


SUNRISE AND SUNSET
SEPTEMBER 14 2014.....SUNRISE   721 AM CDT   SUNSET   749 PM CDT
SEPTEMBER 15 2014.....SUNRISE   722 AM CDT   SUNSET   748 PM CDT


-  INDICATES NEGATIVE NUMBERS.
R  INDICATES RECORD WAS SET OR TIED.
MM INDICATES DATA IS MISSING.
T  INDICATES TRACE AMOUNT.




$$
