000
CDUS43 KDDC 152345
CLIDGC


CLIMATE REPORT
NATIONAL WEATHER SERVICE DODGE CITY KS
545 PM CST SUN JAN 15 2017


...................................

...THE DODGE CITY KS CLIMATE SUMMARY FOR JANUARY 15 2017...
VALID TODAY AS OF 0500 PM LOCAL TIME.

CLIMATE NORMAL PERIOD 1981 TO 2010
CLIMATE RECORD PERIOD 1875 TO 2017


WEATHER ITEM   OBSERVED TIME   RECORD YEAR NORMAL DEPARTURE LAST
                VALUE   (LST)  VALUE       VALUE  FROM      YEAR
                                                  NORMAL
..................................................................
TEMPERATURE (F)
 TODAY
  MAXIMUM         31    459 PM  73    2006  44    -13       46
  MINIMUM         30    908 AM -18    1888  20     10       27
  AVERAGE         31                        32     -1       37

PRECIPITATION (IN)
  TODAY            1.06          1.22 1889   0.02   1.04     0.00
  MONTH TO DATE    1.65                      0.27   1.38     0.25
  SINCE DEC 1      2.27                      1.11   1.16     2.68
  SINCE JAN 1      1.65                      0.27   1.38     0.25

SNOWFALL (IN)
  TODAY           MM             3.0  1895   0.1   MM        0.0
  MONTH TO DATE    2.5                       2.1    0.4      0.1
  SINCE DEC 1      4.8                       6.2   -1.4      8.2
  SINCE JUL 1      4.8                       8.4   -3.6      9.3
  SNOW DEPTH       0

DEGREE DAYS
 HEATING
  TODAY           34                        33      1       28
  MONTH TO DATE  561                       495     66      474
  SINCE DEC 1   1638                      1495    143     1351
  SINCE JUL 1   2234                      2509   -275     2181

 COOLING
  TODAY            0                         0      0        0
  MONTH TO DATE    0                         0      0        0
  SINCE DEC 1      0                         0      0        0
  SINCE JAN 1      0                         0      0        0
..................................................................


WIND (MPH)
  HIGHEST WIND SPEED    14   HIGHEST WIND DIRECTION     E (90)
  HIGHEST GUST SPEED    18   HIGHEST GUST DIRECTION     E (90)
  AVERAGE WIND SPEED     6.4


SKY COVER
  POSSIBLE SUNSHINE  MM
  AVERAGE SKY COVER 1.0


WEATHER CONDITIONS
 THE FOLLOWING WEATHER WAS RECORDED TODAY.
  FREEZING RAIN
  LT FREEZING RAIN
  FOG


RELATIVE HUMIDITY (PERCENT)
 HIGHEST   100           800 AM
 LOWEST     92          1200 AM
 AVERAGE    96

..........................................................


THE DODGE CITY KS CLIMATE NORMALS FOR TOMORROW
                         NORMAL    RECORD    YEAR
 MAXIMUM TEMPERATURE (F)   44        69      1952
 MINIMUM TEMPERATURE (F)   20        -9      1930
                                             1885


SUNRISE AND SUNSET
JANUARY 15 2017.......SUNRISE   754 AM CST   SUNSET   545 PM CST
JANUARY 16 2017.......SUNRISE   754 AM CST   SUNSET   546 PM CST


-  INDICATES NEGATIVE NUMBERS.
R  INDICATES RECORD WAS SET OR TIED.
MM INDICATES DATA IS MISSING.
T  INDICATES TRACE AMOUNT.




$$
