201
CDUS43 KDDC 250706
CLIDGC


CLIMATE REPORT
NATIONAL WEATHER SERVICE DODGE CITY KS
105 AM CST SAT FEB 25 2017


...................................

...THE DODGE CITY KS CLIMATE SUMMARY FOR FEBRUARY 24 2017...

CLIMATE NORMAL PERIOD 1981 TO 2010
CLIMATE RECORD PERIOD 1875 TO 2017


WEATHER ITEM   OBSERVED TIME   RECORD YEAR NORMAL DEPARTURE LAST
                VALUE   (LST)  VALUE       VALUE  FROM      YEAR
                                                  NORMAL
..................................................................
TEMPERATURE (F)
 YESTERDAY
  MAXIMUM         38    118 PM  79    1976  51    -13       59
                                      1918
  MINIMUM         11   1150 PM  -6    1913  26    -15       22
  AVERAGE         25                        38    -13       41

PRECIPITATION (IN)
  YESTERDAY        0.00          0.89 1903   0.03  -0.03     0.00
  MONTH TO DATE    0.01                      0.58  -0.57     0.31
  SINCE DEC 1      3.19                      2.00   1.19     3.02
  SINCE JAN 1      2.57                      1.16   1.41     0.59

SNOWFALL (IN)
  YESTERDAY        0.0           8.8  1903   0.1   -0.1      0.0
  MONTH TO DATE    0.0                       3.4   -3.4      0.1
  SINCE DEC 1      5.0                      12.4   -7.4      8.9
  SINCE JUL 1      5.0                      14.6   -9.6     10.0
  SNOW DEPTH       0

DEGREE DAYS
 HEATING
  YESTERDAY       40                        27     13       24
  MONTH TO DATE  487                       711   -224      590
  SINCE DEC 1   2537                      2729   -192     2437
  SINCE JUL 1   3133                      3743   -610     3267

 COOLING
  YESTERDAY        0                         0      0        0
  MONTH TO DATE    0                         0      0        2
  SINCE DEC 1      0                         0      0        2
  SINCE JAN 1      0                         0      0        2
..................................................................


WIND (MPH)
  HIGHEST WIND SPEED    29   HIGHEST WIND DIRECTION    NW (320)
  HIGHEST GUST SPEED    39   HIGHEST GUST DIRECTION    NW (320)
  AVERAGE WIND SPEED    16.7


SKY COVER
  POSSIBLE SUNSHINE  MM
  AVERAGE SKY COVER 0.6


WEATHER CONDITIONS
 THE FOLLOWING WEATHER WAS RECORDED YESTERDAY.
  NO SIGNIFICANT WEATHER WAS OBSERVED.


RELATIVE HUMIDITY (PERCENT)
 HIGHEST    81           400 AM
 LOWEST     44           100 PM
 AVERAGE    63

..........................................................


THE DODGE CITY KS CLIMATE NORMALS FOR TODAY
                         NORMAL    RECORD    YEAR
 MAXIMUM TEMPERATURE (F)   51        80      1989
 MINIMUM TEMPERATURE (F)   26        -4      1960


SUNRISE AND SUNSET
FEBRUARY 25 2017......SUNRISE   716 AM CST   SUNSET   630 PM CST
FEBRUARY 26 2017......SUNRISE   715 AM CST   SUNSET   631 PM CST


-  INDICATES NEGATIVE NUMBERS.
R  INDICATES RECORD WAS SET OR TIED.
MM INDICATES DATA IS MISSING.
T  INDICATES TRACE AMOUNT.




$$
