000
CDUS43 KDDC 282343
CLIDGC


CLIMATE REPORT
NATIONAL WEATHER SERVICE DODGE CITY KS
541 PM CST FRI NOV 28 2014


...................................

...THE DODGE CITY KS CLIMATE SUMMARY FOR NOVEMBER 28 2014...
VALID TODAY AS OF 0500 PM LOCAL TIME.

CLIMATE NORMAL PERIOD 1981 TO 2010
CLIMATE RECORD PERIOD 1875 TO 2014


WEATHER ITEM   OBSERVED TIME   RECORD YEAR NORMAL DEPARTURE LAST
                VALUE   (LST)  VALUE       VALUE  FROM      YEAR
                                                  NORMAL
..................................................................
TEMPERATURE (F)
 TODAY
  MAXIMUM         78R   332 PM  74    1893  49     29       46
  MINIMUM         32    747 AM   0    1958  25      7       23
  AVERAGE         55                        37     18       35

PRECIPITATION (IN)
  TODAY            0.00          2.08 1909   0.02  -0.02     0.00
  MONTH TO DATE    0.15                      0.72  -0.57     0.80
  SINCE SEP 1      3.95                      4.13  -0.18     4.76
  SINCE JAN 1     22.18                     20.72   1.46    20.24

SNOWFALL (IN)
  TODAY            0.0           1.5  1898   0.1   -0.1      0.0
  MONTH TO DATE    2.2                       1.6    0.6      2.3
  SINCE SEP 1      2.2                       2.0    0.2      5.0
  SINCE JUL 1      2.2                       2.0    0.2      5.0
  SNOW DEPTH       0

DEGREE DAYS
 HEATING
  TODAY           10                        28    -18       30
  MONTH TO DATE  708                       602    106      644
  SINCE SEP 1    948                       954     -6      984
  SINCE JUL 1    961                       958      3      984

 COOLING
  TODAY            0                         0      0        0
  MONTH TO DATE    0                         0      0        0
  SINCE SEP 1    230                       216     14      277
  SINCE JAN 1   1475                      1462     13     1641
..................................................................


WIND (MPH)
  HIGHEST WIND SPEED    18   HIGHEST WIND DIRECTION     W (260)
  HIGHEST GUST SPEED    22   HIGHEST GUST DIRECTION    SW (220)
  AVERAGE WIND SPEED    10.9


SKY COVER
  POSSIBLE SUNSHINE  MM
  AVERAGE SKY COVER 0.0


WEATHER CONDITIONS
 THE FOLLOWING WEATHER WAS RECORDED TODAY.
  NO SIGNIFICANT WEATHER WAS OBSERVED.


RELATIVE HUMIDITY (PERCENT)
 HIGHEST    75           600 AM
 LOWEST      8           300 PM
 AVERAGE    42

..........................................................


THE DODGE CITY KS CLIMATE NORMALS FOR TOMORROW
                         NORMAL    RECORD    YEAR
 MAXIMUM TEMPERATURE (F)   49        76      1901
 MINIMUM TEMPERATURE (F)   25        -3      1880


SUNRISE AND SUNSET
NOVEMBER 28 2014......SUNRISE   734 AM CST   SUNSET   522 PM CST
NOVEMBER 29 2014......SUNRISE   735 AM CST   SUNSET   522 PM CST


-  INDICATES NEGATIVE NUMBERS.
R  INDICATES RECORD WAS SET OR TIED.
MM INDICATES DATA IS MISSING.
T  INDICATES TRACE AMOUNT.




$$
