000
CDUS43 KDDC 031006
CLIDGC


CLIMATE REPORT
NATIONAL WEATHER SERVICE DODGE CITY KS
506 AM CDT FRI JUL 3 2015


...................................

...THE DODGE CITY KS CLIMATE SUMMARY FOR JULY 2 2015...

CLIMATE NORMAL PERIOD 1981 TO 2010
CLIMATE RECORD PERIOD 1875 TO 2015


WEATHER ITEM   OBSERVED TIME   RECORD YEAR NORMAL DEPARTURE LAST
                VALUE   (LST)  VALUE       VALUE  FROM      YEAR
                                                  NORMAL
..................................................................
TEMPERATURE (F)
 YESTERDAY
  MAXIMUM         83    541 PM 105    1960  92     -9       77
  MINIMUM         67    932 PM  51    2013  65      2       57
  AVERAGE         75                        78     -3       67

PRECIPITATION (IN)
  YESTERDAY        T             0.70 1901   0.10  -0.10     0.04
  MONTH TO DATE    T                         0.20  -0.20     0.15
  SINCE JUN 1      2.08                      3.44  -1.36     9.24
  SINCE JAN 1     15.80                     10.96   4.84    12.76

SNOWFALL (IN)
  YESTERDAY        0.0           0.0  2002   0.0    0.0      0.0
                                      2001
  MONTH TO DATE    0.0                       0.0    0.0      0.0
  SINCE JUN 1      0.0                       0.0    0.0      0.0
  SINCE JUL 1      0.0                       0.0    0.0      0.0
  SNOW DEPTH       0

DEGREE DAYS
 HEATING
  YESTERDAY        0                         0      0        0
  MONTH TO DATE    0                         0      0        0
  SINCE JUN 1      0                        13    -13        7
  SINCE JUL 1      0                         0      0        0

 COOLING
  YESTERDAY       10                        13     -3        2
  MONTH TO DATE   30                        26      4       10
  SINCE JUN 1    383                       304     79      294
  SINCE JAN 1    444                       413     31      466
..................................................................


WIND (MPH)
  HIGHEST WIND SPEED    22   HIGHEST WIND DIRECTION    NE (30)
  HIGHEST GUST SPEED    27   HIGHEST GUST DIRECTION    NE (30)
  AVERAGE WIND SPEED     8.3


SKY COVER
  POSSIBLE SUNSHINE  MM
  AVERAGE SKY COVER 0.2


WEATHER CONDITIONS
 THE FOLLOWING WEATHER WAS RECORDED YESTERDAY.
  HAZE


RELATIVE HUMIDITY (PERCENT)
 HIGHEST    81          1000 PM
 LOWEST     51           500 PM
 AVERAGE    66

..........................................................


THE DODGE CITY KS CLIMATE NORMALS FOR TODAY
                         NORMAL    RECORD    YEAR
 MAXIMUM TEMPERATURE (F)   92       105      1973
 MINIMUM TEMPERATURE (F)   65        50      1924


SUNRISE AND SUNSET
JULY  3 2015..........SUNRISE   623 AM CDT   SUNSET   905 PM CDT
JULY  4 2015..........SUNRISE   623 AM CDT   SUNSET   905 PM CDT


-  INDICATES NEGATIVE NUMBERS.
R  INDICATES RECORD WAS SET OR TIED.
MM INDICATES DATA IS MISSING.
T  INDICATES TRACE AMOUNT.




$$
