000
CDUS43 KDDC 041006
CLIDGC


CLIMATE REPORT
NATIONAL WEATHER SERVICE DODGE CITY KS
505 AM CDT FRI SEP 4 2015


...................................

...THE DODGE CITY KS CLIMATE SUMMARY FOR SEPTEMBER 3 2015...

CLIMATE NORMAL PERIOD 1981 TO 2010
CLIMATE RECORD PERIOD 1875 TO 2015


WEATHER ITEM   OBSERVED TIME   RECORD YEAR NORMAL DEPARTURE LAST
                VALUE   (LST)  VALUE       VALUE  FROM      YEAR
                                                  NORMAL
..................................................................
TEMPERATURE (F)
 YESTERDAY
  MAXIMUM         95   1249 PM 106    1947  87      8       97
  MINIMUM         69    620 AM  39    1891  61      8       68
  AVERAGE         82                        74      8       83

PRECIPITATION (IN)
  YESTERDAY        0.00          1.31 1918   0.07  -0.07     0.00
  MONTH TO DATE    0.00                      0.22  -0.22     0.04
  SINCE SEP 1      0.00                      0.22  -0.22     0.04
  SINCE JAN 1     19.69                     16.81   2.88    18.27

SNOWFALL (IN)
  YESTERDAY        0.0           0.0  2002   0.0    0.0      0.0
                                      2001
  MONTH TO DATE    0.0                       0.0    0.0      0.0
  SINCE SEP 1      0.0                       0.0    0.0      0.0
  SINCE JUL 1      0.0                       0.0    0.0      0.0
  SNOW DEPTH       0

DEGREE DAYS
 HEATING
  YESTERDAY        0                         0      0        0
  MONTH TO DATE    0                         0      0        0
  SINCE SEP 1      0                         0      0        0
  SINCE JUL 1      2                         4     -2       13

 COOLING
  YESTERDAY       17                        10      7       18
  MONTH TO DATE   53                        30     23       34
  SINCE SEP 1     53                        30     23       34
  SINCE JAN 1   1251                      1276    -25     1279
..................................................................


WIND (MPH)
  HIGHEST WIND SPEED    29   HIGHEST WIND DIRECTION     S (170)
  HIGHEST GUST SPEED    36   HIGHEST GUST DIRECTION     S (170)
  AVERAGE WIND SPEED    17.8


SKY COVER
  POSSIBLE SUNSHINE  MM
  AVERAGE SKY COVER 0.0


WEATHER CONDITIONS
 THE FOLLOWING WEATHER WAS RECORDED YESTERDAY.
  NO SIGNIFICANT WEATHER WAS OBSERVED.


RELATIVE HUMIDITY (PERCENT)
 HIGHEST    61           100 AM
 LOWEST     28           100 PM
 AVERAGE    45

..........................................................


THE DODGE CITY KS CLIMATE NORMALS FOR TODAY
                         NORMAL    RECORD    YEAR
 MAXIMUM TEMPERATURE (F)   87       103      2000
 MINIMUM TEMPERATURE (F)   61        47      1974
                                             1962


SUNRISE AND SUNSET
SEPTEMBER  4 2015.....SUNRISE   712 AM CDT   SUNSET   805 PM CDT
SEPTEMBER  5 2015.....SUNRISE   713 AM CDT   SUNSET   803 PM CDT


-  INDICATES NEGATIVE NUMBERS.
R  INDICATES RECORD WAS SET OR TIED.
MM INDICATES DATA IS MISSING.
T  INDICATES TRACE AMOUNT.




$$
