000
CDUS43 KDDC 180710
CLIDGC


CLIMATE REPORT
NATIONAL WEATHER SERVICE DODGE CITY KS
210 AM CDT SUN JUN 18 2017


...................................

...THE DODGE CITY KS CLIMATE SUMMARY FOR JUNE 17 2017...

CLIMATE NORMAL PERIOD 1981 TO 2010
CLIMATE RECORD PERIOD 1875 TO 2017


WEATHER ITEM   OBSERVED TIME   RECORD YEAR NORMAL DEPARTURE LAST
                VALUE   (LST)  VALUE       VALUE  FROM      YEAR
                                                  NORMAL
..................................................................
TEMPERATURE (F)
 YESTERDAY
  MAXIMUM        102    313 PM 104    1948  87     15       95
                                      1939
  MINIMUM         64    539 AM  44    1999  62      2       70
  AVERAGE         83                        74      9       83

PRECIPITATION (IN)
  YESTERDAY        T             2.48 1906   0.10  -0.10     0.00
  MONTH TO DATE    2.46                      1.91   0.55     0.74
  SINCE JUN 1      2.46                      1.91   0.55     0.74
  SINCE JAN 1     19.89                      9.43  10.46    11.86

SNOWFALL (IN)
  YESTERDAY        0.0           T    1987   0.0    0.0      0.0
  MONTH TO DATE    0.0                       0.0    0.0      0.0
  SINCE JUN 1      0.0                       0.0    0.0      0.0
  SINCE JUL 1      7.5                      21.1  -13.6     10.4
  SNOW DEPTH       0

DEGREE DAYS
 HEATING
  YESTERDAY        0                         0      0        0
  MONTH TO DATE    0                        10    -10        1
  SINCE JUN 1      0                        10    -10        1
  SINCE JUL 1   4170                      4964   -794     4340

 COOLING
  YESTERDAY       18                        10      8       18
  MONTH TO DATE  185                       128     57      161
  SINCE JUN 1    185                       128     57      161
  SINCE JAN 1    287                       237     50      219
..................................................................


WIND (MPH)
  HIGHEST WIND SPEED    32   HIGHEST WIND DIRECTION    NE (30)
  HIGHEST GUST SPEED    42   HIGHEST GUST DIRECTION    NE (40)
  AVERAGE WIND SPEED    10.7


SKY COVER
  POSSIBLE SUNSHINE  MM
  AVERAGE SKY COVER 0.1


WEATHER CONDITIONS
 THE FOLLOWING WEATHER WAS RECORDED YESTERDAY.
  THUNDERSTORM
  LIGHT RAIN


RELATIVE HUMIDITY (PERCENT)
 HIGHEST    84           200 AM
 LOWEST     23           300 PM
 AVERAGE    54

..........................................................


THE DODGE CITY KS CLIMATE NORMALS FOR TODAY
                         NORMAL    RECORD    YEAR
 MAXIMUM TEMPERATURE (F)   88       106      1936
                                             1924
 MINIMUM TEMPERATURE (F)   62        45      1912


SUNRISE AND SUNSET
JUNE 18 2017..........SUNRISE   618 AM CDT   SUNSET   904 PM CDT
JUNE 19 2017..........SUNRISE   618 AM CDT   SUNSET   905 PM CDT


-  INDICATES NEGATIVE NUMBERS.
R  INDICATES RECORD WAS SET OR TIED.
MM INDICATES DATA IS MISSING.
T  INDICATES TRACE AMOUNT.




$$
