000
CDUS43 KDDC 131017
CLIDGC


CLIMATE REPORT
NATIONAL WEATHER SERVICE DODGE CITY KS
513 AM CDT SUN APR 13 2014


...................................

...THE DODGE CITY KS CLIMATE SUMMARY FOR APRIL 12 2014...

CLIMATE NORMAL PERIOD 1981 TO 2010
CLIMATE RECORD PERIOD 1875 TO 2014


WEATHER ITEM   OBSERVED TIME   RECORD YEAR NORMAL DEPARTURE LAST
                VALUE   (LST)  VALUE       VALUE  FROM      YEAR
                                                  NORMAL
..................................................................
TEMPERATURE (F)
 YESTERDAY
  MAXIMUM         90R   328 PM  90    1972  66     24       64
  MINIMUM         55    709 AM  14    1997  39     16       23
  AVERAGE         73                        53     20       44

PRECIPITATION (IN)
  YESTERDAY        0.00          2.86 1896   0.06  -0.06      T
  MONTH TO DATE    0.09                      0.67  -0.58     0.20
  SINCE MAR 1      0.36                      2.26  -1.90     0.46
  SINCE JAN 1      1.20                      3.52  -2.32     1.84

SNOWFALL (IN)
  YESTERDAY        0.0           2.9  2004   0.1   -0.1      0.0
  MONTH TO DATE    0.0                       0.8   -0.8       T
  SINCE MAR 1      4.4                       5.7   -1.3      2.1
  SINCE JUL 1     28.9                      20.8    8.1     25.5
  SNOW DEPTH       0

DEGREE DAYS
 HEATING
  YESTERDAY        0                        13    -13       21
  MONTH TO DATE  173                       173      0      219
  SINCE MAR 1    925                       813    112      917
  SINCE JUL 1   5082                      4660    422     4628

 COOLING
  YESTERDAY        8                         0      8        0
  MONTH TO DATE    8                         0      8        3
  SINCE MAR 1      8                         1      7        3
  SINCE JAN 1      8                         1      7        3
..................................................................


WIND (MPH)
  HIGHEST WIND SPEED    24   HIGHEST WIND DIRECTION    NE (60)
  HIGHEST GUST SPEED    38   HIGHEST GUST DIRECTION     E (70)
  AVERAGE WIND SPEED    13.2


SKY COVER
  POSSIBLE SUNSHINE  MM
  AVERAGE SKY COVER 0.0


WEATHER CONDITIONS
 THE FOLLOWING WEATHER WAS RECORDED YESTERDAY.
  LIGHT RAIN


RELATIVE HUMIDITY (PERCENT)
 HIGHEST    86           300 AM
 LOWEST      9           500 PM
 AVERAGE    48

..........................................................


THE DODGE CITY KS CLIMATE NORMALS FOR TODAY
                         NORMAL    RECORD    YEAR
 MAXIMUM TEMPERATURE (F)   67        92      2006
 MINIMUM TEMPERATURE (F)   39        13      1881


SUNRISE AND SUNSET
APRIL 13 2014.........SUNRISE   708 AM CDT   SUNSET   814 PM CDT
APRIL 14 2014.........SUNRISE   706 AM CDT   SUNSET   815 PM CDT


-  INDICATES NEGATIVE NUMBERS.
R  INDICATES RECORD WAS SET OR TIED.
MM INDICATES DATA IS MISSING.
T  INDICATES TRACE AMOUNT.




$$
