489
CDUS43 KDDC 190725
CLIDGC


CLIMATE REPORT
NATIONAL WEATHER SERVICE DODGE CITY KS
125 AM CST MON FEB 19 2018


...................................

...THE DODGE CITY KS CLIMATE SUMMARY FOR FEBRUARY 18 2018...

CLIMATE NORMAL PERIOD 1981 TO 2010
CLIMATE RECORD PERIOD 1875 TO 2018


WEATHER ITEM   OBSERVED TIME   RECORD YEAR NORMAL DEPARTURE LAST
                VALUE   (LST)  VALUE       VALUE  FROM      YEAR
                                                  NORMAL
..................................................................
TEMPERATURE (F)
 YESTERDAY
  MAXIMUM         77    435 PM  88    2016  49     28       75
  MINIMUM         35    102 AM  -8    1889  24     11       32
  AVERAGE         56                        37     19       54

PRECIPITATION (IN)
  YESTERDAY        0.00          0.70 1911   0.03  -0.03     0.00
  MONTH TO DATE    0.05                      0.42  -0.37     0.01
  SINCE DEC 1      0.14                      1.84  -1.70     3.19
  SINCE JAN 1      0.14                      1.00  -0.86     2.57

SNOWFALL (IN)
  YESTERDAY        0.0           7.0  1911   0.1   -0.1      0.0
  MONTH TO DATE    0.2                       2.7   -2.5      0.0
  SINCE DEC 1      1.4                      11.7  -10.3      5.0
  SINCE JUL 1      1.4                      13.9  -12.5      5.0
  SNOW DEPTH       0

DEGREE DAYS
 HEATING
  YESTERDAY        9                        28    -19       11
  MONTH TO DATE  549                       546      3      398
  SINCE DEC 1   2494                      2564    -70     2448
  SINCE JUL 1   3348                      3578   -230     3044

 COOLING
  YESTERDAY        0                         0      0        0
  MONTH TO DATE    0                         0      0        0
  SINCE DEC 1      0                         0      0        0
  SINCE JAN 1      0                         0      0        0
..................................................................


WIND (MPH)
  HIGHEST WIND SPEED    43   HIGHEST WIND DIRECTION     S (200)
  HIGHEST GUST SPEED    59   HIGHEST GUST DIRECTION     S (200)
  AVERAGE WIND SPEED    24.5


SKY COVER
  POSSIBLE SUNSHINE  MM
  AVERAGE SKY COVER 0.0


WEATHER CONDITIONS
 THE FOLLOWING WEATHER WAS RECORDED YESTERDAY.
  HAZE


RELATIVE HUMIDITY (PERCENT)
 HIGHEST    50           700 AM
 LOWEST     18           400 PM
 AVERAGE    34

..........................................................


THE DODGE CITY KS CLIMATE NORMALS FOR TODAY
                         NORMAL    RECORD    YEAR
 MAXIMUM TEMPERATURE (F)   49        78      1930
 MINIMUM TEMPERATURE (F)   24        -5      1889


SUNRISE AND SUNSET
FEBRUARY 19 2018......SUNRISE   725 AM CST   SUNSET   623 PM CST
FEBRUARY 20 2018......SUNRISE   723 AM CST   SUNSET   624 PM CST


-  INDICATES NEGATIVE NUMBERS.
R  INDICATES RECORD WAS SET OR TIED.
MM INDICATES DATA IS MISSING.
T  INDICATES TRACE AMOUNT.




$$
