000
CDUS43 KDDC 240705
CLIDGC


CLIMATE REPORT
NATIONAL WEATHER SERVICE DODGE CITY KS
205 AM CDT WED AUG 24 2016


...................................

...THE DODGE CITY KS CLIMATE SUMMARY FOR AUGUST 23 2016...

CLIMATE NORMAL PERIOD 1981 TO 2010
CLIMATE RECORD PERIOD 1875 TO 2016


WEATHER ITEM   OBSERVED TIME   RECORD YEAR NORMAL DEPARTURE LAST
                VALUE   (LST)  VALUE       VALUE  FROM      YEAR
                                                  NORMAL
..................................................................
TEMPERATURE (F)
 YESTERDAY
  MAXIMUM         99    328 PM 108    2011  90      9       76
  MINIMUM         69    638 AM  46    1891  64      5       56
  AVERAGE         84                        77      7       66

PRECIPITATION (IN)
  YESTERDAY        0.00          3.07 2007   0.09  -0.09     0.00
  MONTH TO DATE    1.06                      2.09  -1.03     1.64
  SINCE JUN 1      9.07                      8.41   0.66     5.86
  SINCE JAN 1     20.19                     15.93   4.26    19.58

SNOWFALL (IN)
  YESTERDAY        0.0           0.0  2002   0.0    0.0      0.0
                                      2001
  MONTH TO DATE    0.0                       0.0    0.0      0.0
  SINCE JUN 1      0.0                       0.0    0.0      0.0
  SINCE JUL 1      0.0                       0.0    0.0      0.0
  SNOW DEPTH       0

DEGREE DAYS
 HEATING
  YESTERDAY        0                         0      0        0
  MONTH TO DATE    0                         0      0        1
  SINCE JUN 1      1                        14    -13        2
  SINCE JUL 1      0                         1     -1        2

 COOLING
  YESTERDAY       19                        12      7        1
  MONTH TO DATE  306                       317    -11      258
  SINCE JUN 1   1133                      1047     86     1057
  SINCE JAN 1   1191                      1156     35     1118
..................................................................


WIND (MPH)
  HIGHEST WIND SPEED    30   HIGHEST WIND DIRECTION    SW (210)
  HIGHEST GUST SPEED    39   HIGHEST GUST DIRECTION     S (190)
  AVERAGE WIND SPEED    17.1


SKY COVER
  POSSIBLE SUNSHINE  MM
  AVERAGE SKY COVER 0.1


WEATHER CONDITIONS
 THE FOLLOWING WEATHER WAS RECORDED YESTERDAY.
  NO SIGNIFICANT WEATHER WAS OBSERVED.


RELATIVE HUMIDITY (PERCENT)
 HIGHEST    90           500 AM
 LOWEST     18           500 PM
 AVERAGE    54

..........................................................


THE DODGE CITY KS CLIMATE NORMALS FOR TODAY
                         NORMAL    RECORD    YEAR
 MAXIMUM TEMPERATURE (F)   90       106      2011
 MINIMUM TEMPERATURE (F)   64        44      1928


SUNRISE AND SUNSET
AUGUST 24 2016........SUNRISE   704 AM CDT   SUNSET   820 PM CDT
AUGUST 25 2016........SUNRISE   704 AM CDT   SUNSET   818 PM CDT


-  INDICATES NEGATIVE NUMBERS.
R  INDICATES RECORD WAS SET OR TIED.
MM INDICATES DATA IS MISSING.
T  INDICATES TRACE AMOUNT.




$$
