000
CDUS43 KDDC 122328
CLIDGC


CLIMATE REPORT
NATIONAL WEATHER SERVICE DODGE CITY KS
628 PM CDT THU OCT 12 2017


...................................

...THE DODGE CITY KS CLIMATE SUMMARY FOR OCTOBER 12 2017...
VALID TODAY AS OF 0500 PM LOCAL TIME.

CLIMATE NORMAL PERIOD 1981 TO 2010
CLIMATE RECORD PERIOD 1875 TO 2017


WEATHER ITEM   OBSERVED TIME   RECORD YEAR NORMAL DEPARTURE LAST
                VALUE   (LST)  VALUE       VALUE  FROM      YEAR
                                                  NORMAL
..................................................................
TEMPERATURE (F)
 TODAY
  MAXIMUM         90    322 PM  94    1975  71     19       58
  MINIMUM         49    714 AM  26    1917  45      4       38
                                      1909
  AVERAGE         70                        58     12       48

PRECIPITATION (IN)
  TODAY            0.00          2.02 2008   0.06  -0.06     0.00
  MONTH TO DATE    0.37                      0.68  -0.31     0.09
  SINCE SEP 1      1.91                      2.35  -0.44     0.40
  SINCE JAN 1     25.56                     18.94   6.62    22.41

SNOWFALL (IN)
  TODAY            0.0           0.0  2002   0.0    0.0      0.0
                                      2001
  MONTH TO DATE    0.0                       0.0    0.0      0.0
  SINCE SEP 1      0.0                       0.0    0.0      0.0
  SINCE JUL 1      0.0                       0.0    0.0      0.0
  SNOW DEPTH       0

DEGREE DAYS
 HEATING
  TODAY            0                         8     -8       17
  MONTH TO DATE   51                        78    -27       51
  SINCE SEP 1     81                       139    -58       77
  SINCE JUL 1     81                       143    -62       77

 COOLING
  TODAY            5                         1      4        0
  MONTH TO DATE   35                        20     15       27
  SINCE SEP 1    282                       207     75      269
  SINCE JAN 1   1514                      1453     61     1523
..................................................................


WIND (MPH)
  HIGHEST WIND SPEED    26   HIGHEST WIND DIRECTION     S (200)
  HIGHEST GUST SPEED    32   HIGHEST GUST DIRECTION    SW (210)
  AVERAGE WIND SPEED    18.2


SKY COVER
  POSSIBLE SUNSHINE  MM
  AVERAGE SKY COVER 0.0


WEATHER CONDITIONS
 THE FOLLOWING WEATHER WAS RECORDED TODAY.
  NO SIGNIFICANT WEATHER WAS OBSERVED.


RELATIVE HUMIDITY (PERCENT)
 HIGHEST    86           600 AM
 LOWEST     22           500 PM
 AVERAGE    54

..........................................................


THE DODGE CITY KS CLIMATE NORMALS FOR TOMORROW
                         NORMAL    RECORD    YEAR
 MAXIMUM TEMPERATURE (F)   71        92      1968
                                             1941
 MINIMUM TEMPERATURE (F)   45        29      1986


SUNRISE AND SUNSET
OCTOBER 12 2017.......SUNRISE   746 AM CDT   SUNSET   706 PM CDT
OCTOBER 13 2017.......SUNRISE   747 AM CDT   SUNSET   705 PM CDT


-  INDICATES NEGATIVE NUMBERS.
R  INDICATES RECORD WAS SET OR TIED.
MM INDICATES DATA IS MISSING.
T  INDICATES TRACE AMOUNT.




$$
