000
CDUS43 KDDC 181425
CLIDGC


CLIMATE REPORT
NATIONAL WEATHER SERVICE DODGE CITY KS
925 AM CDT FRI JUL 18 2014


...................................

...THE DODGE CITY KS CLIMATE SUMMARY FOR JULY 18 2014...
VALID AS OF 0800 AM LOCAL TIME.

CLIMATE NORMAL PERIOD 1981 TO 2010
CLIMATE RECORD PERIOD 1875 TO 2014


WEATHER ITEM   OBSERVED TIME   RECORD YEAR NORMAL DEPARTURE LAST
                VALUE   (LST)  VALUE       VALUE  FROM      YEAR
                                                  NORMAL
..................................................................
TEMPERATURE (F)
 TODAY
  MAXIMUM         62    759 AM 109    1936  93    -31       89
  MINIMUM         60    317 AM  57    2009  67     -7       66
  AVERAGE         61                        80    -19       78

PRECIPITATION (IN)
  TODAY            0.00          1.50 1911   0.10  -0.10     0.00
  MONTH TO DATE    1.51                      1.77  -0.26     0.40
  SINCE JUN 1     10.60                      5.01   5.59     3.01
  SINCE JAN 1     14.12                     12.53   1.59     6.44

SNOWFALL (IN)
  TODAY            0.0           0.0  2002   0.0    0.0      0.0
                                      2001
  MONTH TO DATE    0.0                       0.0    0.0      0.0
  SINCE JUN 1      0.0                       0.0    0.0      0.0
  SINCE JUL 1      0.0                       0.0    0.0      0.0
  SNOW DEPTH       0

..................................................................


WIND (MPH)
  HIGHEST WIND SPEED     8   HIGHEST WIND DIRECTION    SW (220)
  HIGHEST GUST SPEED    11   HIGHEST GUST DIRECTION    SW (220)
  AVERAGE WIND SPEED     4.9



WEATHER CONDITIONS
 THE FOLLOWING WEATHER WAS RECORDED TODAY.
  FOG


RELATIVE HUMIDITY (PERCENT)
 HIGHEST    90          1200 AM
 LOWEST     84           800 AM

..........................................................


THE DODGE CITY KS CLIMATE NORMALS FOR TOMORROW
                         NORMAL    RECORD    YEAR
 MAXIMUM TEMPERATURE (F)   93       106      2006
                                             1980
 MINIMUM TEMPERATURE (F)   67        57      1902


SUNRISE AND SUNSET
JULY 18 2014..........SUNRISE   632 AM CDT   SUNSET   900 PM CDT
JULY 19 2014..........SUNRISE   633 AM CDT   SUNSET   859 PM CDT


-  INDICATES NEGATIVE NUMBERS.
R  INDICATES RECORD WAS SET OR TIED.
MM INDICATES DATA IS MISSING.
T  INDICATES TRACE AMOUNT.




$$
