000
CDUS43 KDDC 200706
CLIDGC


CLIMATE REPORT
NATIONAL WEATHER SERVICE DODGE CITY KS
205 AM CDT THU APR 20 2017


...................................

...THE DODGE CITY KS CLIMATE SUMMARY FOR APRIL 19 2017...

CLIMATE NORMAL PERIOD 1981 TO 2010
CLIMATE RECORD PERIOD 1875 TO 2017


WEATHER ITEM   OBSERVED TIME   RECORD YEAR NORMAL DEPARTURE LAST
                VALUE   (LST)  VALUE       VALUE  FROM      YEAR
                                                  NORMAL
..................................................................
TEMPERATURE (F)
 YESTERDAY
  MAXIMUM         88    528 PM  92    1961  69     19       51
  MINIMUM         60    618 AM  24    2013  41     19       42
                                      1953
  AVERAGE         74                        55     19       47

PRECIPITATION (IN)
  YESTERDAY        0.00          0.88 1976   0.06  -0.06     0.17
  MONTH TO DATE    4.04                      1.07   2.97     5.64
  SINCE MAR 1      6.62                      2.66   3.96     5.68
  SINCE JAN 1      9.19                      3.92   5.27     6.27

SNOWFALL (IN)
  YESTERDAY        0.0           0.9  1941   0.0    0.0      0.0
  MONTH TO DATE    0.0                       1.0   -1.0      0.0
  SINCE MAR 1      0.0                       5.9   -5.9      0.4
  SINCE JUL 1      5.0                      21.0  -16.0     10.4
  SNOW DEPTH       0

DEGREE DAYS
 HEATING
  YESTERDAY        0                        11    -11       18
  MONTH TO DATE  147                       255   -108      205
  SINCE MAR 1    631                       895   -264      711
  SINCE JUL 1   3865                      4742   -877     4073

 COOLING
  YESTERDAY        9                         1      8        0
  MONTH TO DATE   31                         4     27        4
  SINCE MAR 1     40                         5     35        6
  SINCE JAN 1     40                         5     35        8
..................................................................


WIND (MPH)
  HIGHEST WIND SPEED    29   HIGHEST WIND DIRECTION     N (10)
  HIGHEST GUST SPEED    37   HIGHEST GUST DIRECTION     N (10)
  AVERAGE WIND SPEED    17.9


SKY COVER
  POSSIBLE SUNSHINE  MM
  AVERAGE SKY COVER 0.1


WEATHER CONDITIONS
 THE FOLLOWING WEATHER WAS RECORDED YESTERDAY.
  NO SIGNIFICANT WEATHER WAS OBSERVED.


RELATIVE HUMIDITY (PERCENT)
 HIGHEST    90           400 AM
 LOWEST     19           600 PM
 AVERAGE    55

..........................................................


THE DODGE CITY KS CLIMATE NORMALS FOR TODAY
                         NORMAL    RECORD    YEAR
 MAXIMUM TEMPERATURE (F)   69        92      1902
 MINIMUM TEMPERATURE (F)   42        25      1966
                                             1953


SUNRISE AND SUNSET
APRIL 20 2017.........SUNRISE   658 AM CDT   SUNSET   820 PM CDT
APRIL 21 2017.........SUNRISE   656 AM CDT   SUNSET   821 PM CDT


-  INDICATES NEGATIVE NUMBERS.
R  INDICATES RECORD WAS SET OR TIED.
MM INDICATES DATA IS MISSING.
T  INDICATES TRACE AMOUNT.




$$
