000
CDUS43 KDDC 101008
CLIDGC


CLIMATE REPORT
NATIONAL WEATHER SERVICE DODGE CITY KS
508 AM CDT THU APR 10 2014


...................................

...THE DODGE CITY KS CLIMATE SUMMARY FOR APRIL 9 2014...

CLIMATE NORMAL PERIOD 1981 TO 2010
CLIMATE RECORD PERIOD 1875 TO 2014


WEATHER ITEM   OBSERVED TIME   RECORD YEAR NORMAL DEPARTURE LAST
                VALUE   (LST)  VALUE       VALUE  FROM      YEAR
                                                  NORMAL
..................................................................
TEMPERATURE (F)
 YESTERDAY
  MAXIMUM         84    457 PM  94    2011  65     19       64
  MINIMUM         39    304 AM  17    1973  38      1       21
  AVERAGE         62                        52     10       43

PRECIPITATION (IN)
  YESTERDAY        0.00          1.66 1947   0.06  -0.06     0.01
  MONTH TO DATE    0.09                      0.50  -0.41     0.20
  SINCE MAR 1      0.36                      2.09  -1.73     0.46
  SINCE JAN 1      1.20                      3.35  -2.15     1.84

SNOWFALL (IN)
  YESTERDAY        0.0           7.4  1919   0.1   -0.1       T
  MONTH TO DATE    0.0                       0.7   -0.7       T
  SINCE MAR 1      4.4                       5.6   -1.2      2.1
  SINCE JUL 1     28.9                      20.7    8.2     25.5
  SNOW DEPTH       0

DEGREE DAYS
 HEATING
  YESTERDAY        3                        14    -11       22
  MONTH TO DATE  158                       134     24      138
  SINCE MAR 1    910                       774    136      836
  SINCE JUL 1   5067                      4621    446     4547

 COOLING
  YESTERDAY        0                         0      0        0
  MONTH TO DATE    0                         0      0        3
  SINCE MAR 1      0                         1     -1        3
  SINCE JAN 1      0                         1     -1        3
..................................................................


WIND (MPH)
  HIGHEST WIND SPEED    25   HIGHEST WIND DIRECTION    SW (220)
  HIGHEST GUST SPEED    30   HIGHEST GUST DIRECTION    SW (220)
  AVERAGE WIND SPEED    11.9


SKY COVER
  POSSIBLE SUNSHINE  MM
  AVERAGE SKY COVER 0.0


WEATHER CONDITIONS
 THE FOLLOWING WEATHER WAS RECORDED YESTERDAY.
  HAZE


RELATIVE HUMIDITY (PERCENT)
 HIGHEST    60           700 AM
 LOWEST     12           400 PM
 AVERAGE    36

..........................................................


THE DODGE CITY KS CLIMATE NORMALS FOR TODAY
                         NORMAL    RECORD    YEAR
 MAXIMUM TEMPERATURE (F)   66        91      1896
 MINIMUM TEMPERATURE (F)   38        16      1973


SUNRISE AND SUNSET
APRIL 10 2014.........SUNRISE   712 AM CDT   SUNSET   811 PM CDT
APRIL 11 2014.........SUNRISE   710 AM CDT   SUNSET   812 PM CDT


-  INDICATES NEGATIVE NUMBERS.
R  INDICATES RECORD WAS SET OR TIED.
MM INDICATES DATA IS MISSING.
T  INDICATES TRACE AMOUNT.




$$
