000
CDUS43 KDDC 212327
CLIDGC


CLIMATE REPORT
NATIONAL WEATHER SERVICE DODGE CITY KS
625 PM CDT TUE MAR 21 2017


...................................

...THE DODGE CITY KS CLIMATE SUMMARY FOR MARCH 21 2017...
VALID TODAY AS OF 0500 PM LOCAL TIME.

CLIMATE NORMAL PERIOD 1981 TO 2010
CLIMATE RECORD PERIOD 1875 TO 2017


WEATHER ITEM   OBSERVED TIME   RECORD YEAR NORMAL DEPARTURE LAST
                VALUE   (LST)  VALUE       VALUE  FROM      YEAR
                                                  NORMAL
..................................................................
TEMPERATURE (F)
 TODAY
  MAXIMUM         64    316 PM  94    1907  60      4       77
  MINIMUM         44    753 AM   6    1913  32     12       31
  AVERAGE         54                        46      8       54

PRECIPITATION (IN)
  TODAY            0.00          1.98 2012   0.05  -0.05     0.00
  MONTH TO DATE    T                         0.98  -0.98     0.04
  SINCE MAR 1      T                         0.98  -0.98     0.04
  SINCE JAN 1      2.57                      2.24   0.33     0.63

SNOWFALL (IN)
  TODAY            0.0           2.6  1932   0.2   -0.2      0.0
  MONTH TO DATE    0.0                       3.4   -3.4      0.4
  SINCE MAR 1      0.0                       3.4   -3.4      0.4
  SINCE JUL 1      5.0                      18.5  -13.5     10.4
  SNOW DEPTH       0

DEGREE DAYS
 HEATING
  TODAY           11                        19     -8       11
  MONTH TO DATE  332                       464   -132      354
  SINCE MAR 1    332                       464   -132      354
  SINCE JUL 1   3566                      4311   -745     3716

 COOLING
  TODAY            0                         0      0        0
  MONTH TO DATE    9                         0      9        0
  SINCE MAR 1      9                         0      9        0
  SINCE JAN 1      9                         0      9        2
..................................................................


WIND (MPH)
  HIGHEST WIND SPEED    28   HIGHEST WIND DIRECTION    NE (30)
  HIGHEST GUST SPEED    35   HIGHEST GUST DIRECTION    NE (50)
  AVERAGE WIND SPEED    17.7


SKY COVER
  POSSIBLE SUNSHINE  MM
  AVERAGE SKY COVER 0.1


WEATHER CONDITIONS
 THE FOLLOWING WEATHER WAS RECORDED TODAY.
  NO SIGNIFICANT WEATHER WAS OBSERVED.


RELATIVE HUMIDITY (PERCENT)
 HIGHEST    74           200 AM
 LOWEST     36           100 PM
 AVERAGE    55

..........................................................


THE DODGE CITY KS CLIMATE NORMALS FOR TOMORROW
                         NORMAL    RECORD    YEAR
 MAXIMUM TEMPERATURE (F)   60        89      1907
 MINIMUM TEMPERATURE (F)   33        11      1955


SUNRISE AND SUNSET
MARCH 21 2017.........SUNRISE   741 AM CDT   SUNSET   753 PM CDT
MARCH 22 2017.........SUNRISE   740 AM CDT   SUNSET   754 PM CDT


-  INDICATES NEGATIVE NUMBERS.
R  INDICATES RECORD WAS SET OR TIED.
MM INDICATES DATA IS MISSING.
T  INDICATES TRACE AMOUNT.




$$
