000
CDUS43 KDDC 220722
CLIDGC


CLIMATE REPORT
NATIONAL WEATHER SERVICE DODGE CITY KS
220 AM CDT THU SEP 22 2016


...................................

...THE DODGE CITY KS CLIMATE SUMMARY FOR SEPTEMBER 21 2016...

CLIMATE NORMAL PERIOD 1981 TO 2010
CLIMATE RECORD PERIOD 1875 TO 2016


WEATHER ITEM   OBSERVED TIME   RECORD YEAR NORMAL DEPARTURE LAST
                VALUE   (LST)  VALUE       VALUE  FROM      YEAR
                                                  NORMAL
..................................................................
TEMPERATURE (F)
 YESTERDAY
  MAXIMUM         95   1138 AM 100    2005  80     15       91
  MINIMUM         71    654 AM  32    1995  54     17       62
  AVERAGE         83                        67     16       77

PRECIPITATION (IN)
  YESTERDAY        0.00          1.74 1925   0.05  -0.05     0.00
  MONTH TO DATE    0.29                      1.26  -0.97     0.79
  SINCE SEP 1      0.29                      1.26  -0.97     0.79
  SINCE JAN 1     22.30                     17.85   4.45    20.48

SNOWFALL (IN)
  YESTERDAY        0.0           1.4  1995   0.0    0.0      0.0
  MONTH TO DATE    0.0                       0.0    0.0      0.0
  SINCE SEP 1      0.0                       0.0    0.0      0.0
  SINCE JUL 1      0.0                       0.0    0.0      0.0
  SNOW DEPTH       0

DEGREE DAYS
 HEATING
  YESTERDAY        0                         3     -3        0
  MONTH TO DATE    6                        26    -20        6
  SINCE SEP 1      6                        26    -20        6
  SINCE JUL 1      6                        30    -24        8

 COOLING
  YESTERDAY       18                         5     13       12
  MONTH TO DATE  203                       155     48      241
  SINCE SEP 1    203                       155     48      241
  SINCE JAN 1   1457                      1401     56     1439
..................................................................


WIND (MPH)
  HIGHEST WIND SPEED    28   HIGHEST WIND DIRECTION     S (180)
  HIGHEST GUST SPEED    38   HIGHEST GUST DIRECTION     S (190)
  AVERAGE WIND SPEED    18.1


SKY COVER
  POSSIBLE SUNSHINE  MM
  AVERAGE SKY COVER 0.0


WEATHER CONDITIONS
 THE FOLLOWING WEATHER WAS RECORDED YESTERDAY.
  NO SIGNIFICANT WEATHER WAS OBSERVED.


RELATIVE HUMIDITY (PERCENT)
 HIGHEST    79           600 AM
 LOWEST     26           400 PM
 AVERAGE    53

..........................................................


THE DODGE CITY KS CLIMATE NORMALS FOR TODAY
                         NORMAL    RECORD    YEAR
 MAXIMUM TEMPERATURE (F)   80        96      1910
                                             1892
 MINIMUM TEMPERATURE (F)   53        29      1995


SUNRISE AND SUNSET
SEPTEMBER 22 2016.....SUNRISE   728 AM CDT   SUNSET   736 PM CDT
SEPTEMBER 23 2016.....SUNRISE   729 AM CDT   SUNSET   734 PM CDT


-  INDICATES NEGATIVE NUMBERS.
R  INDICATES RECORD WAS SET OR TIED.
MM INDICATES DATA IS MISSING.
T  INDICATES TRACE AMOUNT.




$$
