000
CDUS43 KDDC 232329
CLIDGC


CLIMATE REPORT
NATIONAL WEATHER SERVICE DODGE CITY KS
528 PM CST SUN NOV 23 2014


...................................

...THE DODGE CITY KS CLIMATE SUMMARY FOR NOVEMBER 23 2014...
VALID TODAY AS OF 0500 PM LOCAL TIME.

CLIMATE NORMAL PERIOD 1981 TO 2010
CLIMATE RECORD PERIOD 1875 TO 2014


WEATHER ITEM   OBSERVED TIME   RECORD YEAR NORMAL DEPARTURE LAST
                VALUE   (LST)  VALUE       VALUE  FROM      YEAR
                                                  NORMAL
..................................................................
TEMPERATURE (F)
 TODAY
  MAXIMUM         52   1203 AM  74    2005  52      0       32
  MINIMUM         39   1244 PM   8    1898  27     12       22
  AVERAGE         46                        39      7       27

PRECIPITATION (IN)
  TODAY            0.01          1.04 1905   0.02  -0.01     0.00
  MONTH TO DATE    0.15                      0.61  -0.46     0.78
  SINCE SEP 1      3.95                      4.02  -0.07     4.74
  SINCE JAN 1     22.18                     20.61   1.57    20.22

SNOWFALL (IN)
  TODAY            0.0           1.5  2007   0.1   -0.1      0.0
  MONTH TO DATE    2.2                       1.1    1.1      2.1
  SINCE SEP 1      2.2                       1.5    0.7      4.8
  SINCE JUL 1      2.2                       1.5    0.7      4.8
  SNOW DEPTH       0

DEGREE DAYS
 HEATING
  TODAY           19                        26     -7       38
  MONTH TO DATE  583                       466    117      472
  SINCE SEP 1    823                       818      5      812
  SINCE JUL 1    836                       822     14      812

 COOLING
  TODAY            0                         0      0        0
  MONTH TO DATE    0                         0      0        0
  SINCE SEP 1    230                       216     14      277
  SINCE JAN 1   1475                      1462     13     1641
..................................................................


WIND (MPH)
  HIGHEST WIND SPEED    44   HIGHEST WIND DIRECTION     N (360)
  HIGHEST GUST SPEED    57   HIGHEST GUST DIRECTION     N (350)
  AVERAGE WIND SPEED    21.1


SKY COVER
  POSSIBLE SUNSHINE  MM
  AVERAGE SKY COVER 0.5


WEATHER CONDITIONS
 THE FOLLOWING WEATHER WAS RECORDED TODAY.
  LIGHT RAIN
  FOG


RELATIVE HUMIDITY (PERCENT)
 HIGHEST    96           600 AM
 LOWEST     37           500 PM
 AVERAGE    67

..........................................................


THE DODGE CITY KS CLIMATE NORMALS FOR TOMORROW
                         NORMAL    RECORD    YEAR
 MAXIMUM TEMPERATURE (F)   51        80      1990
 MINIMUM TEMPERATURE (F)   26         5      1938


SUNRISE AND SUNSET
NOVEMBER 23 2014......SUNRISE   728 AM CST   SUNSET   524 PM CST
NOVEMBER 24 2014......SUNRISE   730 AM CST   SUNSET   523 PM CST


-  INDICATES NEGATIVE NUMBERS.
R  INDICATES RECORD WAS SET OR TIED.
MM INDICATES DATA IS MISSING.
T  INDICATES TRACE AMOUNT.




$$
