000
CDUS43 KDDC 091008
CLIDGC


CLIMATE REPORT
NATIONAL WEATHER SERVICE DODGE CITY KS
507 AM CDT WED JUL 9 2014


...................................

...THE DODGE CITY KS CLIMATE SUMMARY FOR JULY 8 2014...

CLIMATE NORMAL PERIOD 1981 TO 2010
CLIMATE RECORD PERIOD 1875 TO 2014


WEATHER ITEM   OBSERVED TIME   RECORD YEAR NORMAL DEPARTURE LAST
                VALUE   (LST)  VALUE       VALUE  FROM      YEAR
                                                  NORMAL
..................................................................
TEMPERATURE (F)
 YESTERDAY
  MAXIMUM         84    527 PM 109    1978  93     -9      102
  MINIMUM         65    608 AM  47    1952  66     -1       73
  AVERAGE         75                        79     -4       88

PRECIPITATION (IN)
  YESTERDAY        T             1.50 1888   0.09  -0.09     0.00
  MONTH TO DATE    0.15                      0.78  -0.63      T
  SINCE JUN 1      9.24                      4.02   5.22     2.61
  SINCE JAN 1     12.76                     11.54   1.22     6.04

SNOWFALL (IN)
  YESTERDAY        0.0           T    1997   0.0    0.0      0.0
  MONTH TO DATE    0.0                       0.0    0.0      0.0
  SINCE JUN 1      0.0                       0.0    0.0      0.0
  SINCE JUL 1      0.0                       0.0    0.0      0.0
  SNOW DEPTH       0

DEGREE DAYS
 HEATING
  YESTERDAY        0                         0      0        0
  MONTH TO DATE    0                         0      0        0
  SINCE JUN 1      7                        13     -6       12
  SINCE JUL 1      0                         0      0        0

 COOLING
  YESTERDAY       10                        14     -4       23
  MONTH TO DATE   88                       110    -22      110
  SINCE JUN 1    372                       388    -16      498
  SINCE JAN 1    544                       497     47      660
..................................................................


WIND (MPH)
  HIGHEST WIND SPEED    24   HIGHEST WIND DIRECTION     N (10)
  HIGHEST GUST SPEED    31   HIGHEST GUST DIRECTION    NE (40)
  AVERAGE WIND SPEED    11.2


SKY COVER
  POSSIBLE SUNSHINE  MM
  AVERAGE SKY COVER 0.1


WEATHER CONDITIONS
 THE FOLLOWING WEATHER WAS RECORDED YESTERDAY.
  LIGHT RAIN


RELATIVE HUMIDITY (PERCENT)
 HIGHEST    84           600 AM
 LOWEST     33           100 PM
 AVERAGE    59

..........................................................


THE DODGE CITY KS CLIMATE NORMALS FOR TODAY
                         NORMAL    RECORD    YEAR
 MAXIMUM TEMPERATURE (F)   93       107      1980
 MINIMUM TEMPERATURE (F)   66        48      1905


SUNRISE AND SUNSET
JULY  9 2014..........SUNRISE   626 AM CDT   SUNSET   904 PM CDT
JULY 10 2014..........SUNRISE   627 AM CDT   SUNSET   904 PM CDT


-  INDICATES NEGATIVE NUMBERS.
R  INDICATES RECORD WAS SET OR TIED.
MM INDICATES DATA IS MISSING.
T  INDICATES TRACE AMOUNT.




$$
