000
CDUS43 KDDC 171013
CLIDGC


CLIMATE REPORT
NATIONAL WEATHER SERVICE DODGE CITY KS
511 AM CDT FRI OCT 17 2014


...................................

...THE DODGE CITY KS CLIMATE SUMMARY FOR OCTOBER 16 2014...

CLIMATE NORMAL PERIOD 1981 TO 2010
CLIMATE RECORD PERIOD 1875 TO 2014


WEATHER ITEM   OBSERVED TIME   RECORD YEAR NORMAL DEPARTURE LAST
                VALUE   (LST)  VALUE       VALUE  FROM      YEAR
                                                  NORMAL
..................................................................
TEMPERATURE (F)
 YESTERDAY
  MAXIMUM         82    316 PM  89    1991  70     12       51
  MINIMUM         49    433 AM  27    1976  43      6       33
  AVERAGE         66                        57      9       42

PRECIPITATION (IN)
  YESTERDAY        0.00          2.47 1968   0.07  -0.07     0.00
  MONTH TO DATE    2.12                      0.93   1.19     0.61
  SINCE SEP 1      3.78                      2.60   1.18     1.73
  SINCE JAN 1     22.01                     19.19   2.82    17.21

SNOWFALL (IN)
  YESTERDAY        0.0           T    1992   0.0    0.0      0.0
                                      1884
  MONTH TO DATE    0.0                       0.1   -0.1      0.0
  SINCE SEP 1      0.0                       0.1   -0.1      0.0
  SINCE JUL 1      0.0                       0.1   -0.1      0.0
  SNOW DEPTH       0

DEGREE DAYS
 HEATING
  YESTERDAY        0                         9     -9       23
  MONTH TO DATE   98                       113    -15      102
  SINCE SEP 1    147                       174    -27      118
  SINCE JUL 1    160                       178    -18      118

 COOLING
  YESTERDAY        1                         1      0        0
  MONTH TO DATE   14                        24    -10       31
  SINCE SEP 1    208                       211     -3      277
  SINCE JAN 1   1453                      1457     -4     1641
..................................................................


WIND (MPH)
  HIGHEST WIND SPEED    29   HIGHEST WIND DIRECTION     N (10)
  HIGHEST GUST SPEED    37   HIGHEST GUST DIRECTION     N (350)
  AVERAGE WIND SPEED    13.4


SKY COVER
  POSSIBLE SUNSHINE  MM
  AVERAGE SKY COVER 0.0


WEATHER CONDITIONS
 THE FOLLOWING WEATHER WAS RECORDED YESTERDAY.
  NO SIGNIFICANT WEATHER WAS OBSERVED.


RELATIVE HUMIDITY (PERCENT)
 HIGHEST    71           400 AM
 LOWEST     20           300 PM
 AVERAGE    46

..........................................................


THE DODGE CITY KS CLIMATE NORMALS FOR TODAY
                         NORMAL    RECORD    YEAR
 MAXIMUM TEMPERATURE (F)   69        94      1926
 MINIMUM TEMPERATURE (F)   43        27      1976


SUNRISE AND SUNSET
OCTOBER 17 2014.......SUNRISE   750 AM CDT   SUNSET   700 PM CDT
OCTOBER 18 2014.......SUNRISE   751 AM CDT   SUNSET   658 PM CDT


-  INDICATES NEGATIVE NUMBERS.
R  INDICATES RECORD WAS SET OR TIED.
MM INDICATES DATA IS MISSING.
T  INDICATES TRACE AMOUNT.




$$
