000
CDUS43 KDDC 221008
CLIDGC


CLIMATE REPORT
NATIONAL WEATHER SERVICE DODGE CITY KS
407 AM CST MON DEC 22 2014


...................................

...THE DODGE CITY KS CLIMATE SUMMARY FOR DECEMBER 21 2014...

CLIMATE NORMAL PERIOD 1981 TO 2010
CLIMATE RECORD PERIOD 1875 TO 2014


WEATHER ITEM   OBSERVED TIME   RECORD YEAR NORMAL DEPARTURE LAST
                VALUE   (LST)  VALUE       VALUE  FROM      YEAR
                                                  NORMAL
..................................................................
TEMPERATURE (F)
 YESTERDAY
  MAXIMUM         47    252 PM  69    1879  43      4       26
  MINIMUM         31    109 AM  -9    1887  20     11       17
  AVERAGE         39                        32      7       22

PRECIPITATION (IN)
  YESTERDAY        0.00          1.44 1877   0.03  -0.03     0.43
  MONTH TO DATE    0.92                      0.57   0.35     0.48
  SINCE DEC 1      0.92                      0.57   0.35     0.48
  SINCE JAN 1     23.10                     21.33   1.77    20.72

SNOWFALL (IN)
  YESTERDAY        0.0           5.3  1963   0.2   -0.2      3.6
  MONTH TO DATE    1.2                       2.8   -1.6      5.5
  SINCE DEC 1      1.2                       2.8   -1.6      5.5
  SINCE JUL 1      3.4                       5.0   -1.6     10.5
  SNOW DEPTH       0

DEGREE DAYS
 HEATING
  YESTERDAY       26                        33     -7       43
  MONTH TO DATE  548                       665   -117      736
  SINCE DEC 1    548                       665   -117      736
  SINCE JUL 1   1546                      1679   -133     1764

 COOLING
  YESTERDAY        0                         0      0        0
  MONTH TO DATE    0                         0      0        0
  SINCE DEC 1      0                         0      0        0
  SINCE JAN 1   1475                      1463     12     1641
..................................................................


WIND (MPH)
  HIGHEST WIND SPEED    22   HIGHEST WIND DIRECTION     S (170)
  HIGHEST GUST SPEED    27   HIGHEST GUST DIRECTION     S (200)
  AVERAGE WIND SPEED    15.2


SKY COVER
  POSSIBLE SUNSHINE  MM
  AVERAGE SKY COVER 0.7


WEATHER CONDITIONS
 THE FOLLOWING WEATHER WAS RECORDED YESTERDAY.
  FOG
  FOG W/VISIBILITY <= 1/4 MILE
  HAZE


RELATIVE HUMIDITY (PERCENT)
 HIGHEST   100           700 AM
 LOWEST     65           300 PM
 AVERAGE    83

..........................................................


THE DODGE CITY KS CLIMATE NORMALS FOR TODAY
                         NORMAL    RECORD    YEAR
 MAXIMUM TEMPERATURE (F)   43        73      1915
 MINIMUM TEMPERATURE (F)   20       -21      1989


SUNRISE AND SUNSET
DECEMBER 22 2014......SUNRISE   752 AM CST   SUNSET   525 PM CST
DECEMBER 23 2014......SUNRISE   752 AM CST   SUNSET   526 PM CST


-  INDICATES NEGATIVE NUMBERS.
R  INDICATES RECORD WAS SET OR TIED.
MM INDICATES DATA IS MISSING.
T  INDICATES TRACE AMOUNT.




$$
