000
CDUS43 KDDC 152327
CLIDGC


CLIMATE REPORT
NATIONAL WEATHER SERVICE DODGE CITY KS
627 PM CDT SUN OCT 15 2017


...................................

...THE DODGE CITY KS CLIMATE SUMMARY FOR OCTOBER 15 2017...
VALID TODAY AS OF 0500 PM LOCAL TIME.

CLIMATE NORMAL PERIOD 1981 TO 2010
CLIMATE RECORD PERIOD 1875 TO 2017


WEATHER ITEM   OBSERVED TIME   RECORD YEAR NORMAL DEPARTURE LAST
                VALUE   (LST)  VALUE       VALUE  FROM      YEAR
                                                  NORMAL
..................................................................
TEMPERATURE (F)
 TODAY
  MAXIMUM         65    413 PM  90    1908  70     -5       88
  MINIMUM         34    607 AM  25    1876  44    -10       49
  AVERAGE         50                        57     -7       69

PRECIPITATION (IN)
  TODAY            0.00          2.38 1968   0.06  -0.06     0.00
  MONTH TO DATE    0.37                      0.86  -0.49     0.09
  SINCE SEP 1      1.91                      2.53  -0.62     0.40
  SINCE JAN 1     25.56                     19.12   6.44    22.41

SNOWFALL (IN)
  TODAY            0.0           T    1984   0.0    0.0      0.0
  MONTH TO DATE    0.0                       0.1   -0.1      0.0
  SINCE SEP 1      0.0                       0.1   -0.1      0.0
  SINCE JUL 1      0.0                       0.1   -0.1      0.0
  SNOW DEPTH       0

DEGREE DAYS
 HEATING
  TODAY           15                         9      6        0
  MONTH TO DATE   69                       104    -35       69
  SINCE SEP 1     99                       165    -66       95
  SINCE JUL 1     99                       169    -70       95

 COOLING
  TODAY            0                         1     -1        4
  MONTH TO DATE   39                        23     16       31
  SINCE SEP 1    286                       210     76      273
  SINCE JAN 1   1518                      1456     62     1527
..................................................................


WIND (MPH)
  HIGHEST WIND SPEED    20   HIGHEST WIND DIRECTION     N (350)
  HIGHEST GUST SPEED    25   HIGHEST GUST DIRECTION     N (350)
  AVERAGE WIND SPEED     9.6


SKY COVER
  POSSIBLE SUNSHINE  MM
  AVERAGE SKY COVER 0.0


WEATHER CONDITIONS
 THE FOLLOWING WEATHER WAS RECORDED TODAY.
  NO SIGNIFICANT WEATHER WAS OBSERVED.


RELATIVE HUMIDITY (PERCENT)
 HIGHEST    92           500 AM
 LOWEST     26           300 PM
 AVERAGE    59

..........................................................


THE DODGE CITY KS CLIMATE NORMALS FOR TOMORROW
                         NORMAL    RECORD    YEAR
 MAXIMUM TEMPERATURE (F)   70        99      2016
 MINIMUM TEMPERATURE (F)   43        27      1976


SUNRISE AND SUNSET
OCTOBER 15 2017.......SUNRISE   748 AM CDT   SUNSET   702 PM CDT
OCTOBER 16 2017.......SUNRISE   749 AM CDT   SUNSET   701 PM CDT


-  INDICATES NEGATIVE NUMBERS.
R  INDICATES RECORD WAS SET OR TIED.
MM INDICATES DATA IS MISSING.
T  INDICATES TRACE AMOUNT.




$$
