000
CDUS43 KDDC 211006
CLIDGC


CLIMATE REPORT
NATIONAL WEATHER SERVICE DODGE CITY KS
406 AM CST FRI NOV 21 2014


...................................

...THE DODGE CITY KS CLIMATE SUMMARY FOR NOVEMBER 20 2014...

CLIMATE NORMAL PERIOD 1981 TO 2010
CLIMATE RECORD PERIOD 1875 TO 2014


WEATHER ITEM   OBSERVED TIME   RECORD YEAR NORMAL DEPARTURE LAST
                VALUE   (LST)  VALUE       VALUE  FROM      YEAR
                                                  NORMAL
..................................................................
TEMPERATURE (F)
 YESTERDAY
  MAXIMUM         54    335 PM  84    1897  53      1       66
  MINIMUM         24    743 AM   1    1874  28     -4       34
  AVERAGE         39                        41     -2       50

PRECIPITATION (IN)
  YESTERDAY        0.00          0.86 2004   0.02  -0.02     0.00
  MONTH TO DATE    0.14                      0.55  -0.41     0.62
  SINCE SEP 1      3.94                      3.96  -0.02     4.58
  SINCE JAN 1     22.17                     20.55   1.62    20.06

SNOWFALL (IN)
  YESTERDAY        0.0           2.7  1973   0.1   -0.1      0.0
  MONTH TO DATE    2.2                       0.8    1.4      0.0
  SINCE SEP 1      2.2                       1.2    1.0      2.7
  SINCE JUL 1      2.2                       1.2    1.0      2.7
  SNOW DEPTH       0

DEGREE DAYS
 HEATING
  YESTERDAY       26                        24      2       15
  MONTH TO DATE  519                       390    129      360
  SINCE SEP 1    759                       742     17      700
  SINCE JUL 1    772                       746     26      700

 COOLING
  YESTERDAY        0                         0      0        0
  MONTH TO DATE    0                         0      0        0
  SINCE SEP 1    230                       216     14      277
  SINCE JAN 1   1475                      1462     13     1641
..................................................................


WIND (MPH)
  HIGHEST WIND SPEED    15   HIGHEST WIND DIRECTION     S (180)
  HIGHEST GUST SPEED    20   HIGHEST GUST DIRECTION     S (160)
  AVERAGE WIND SPEED     9.3


SKY COVER
  POSSIBLE SUNSHINE  MM
  AVERAGE SKY COVER 0.0


WEATHER CONDITIONS
 THE FOLLOWING WEATHER WAS RECORDED YESTERDAY.
  NO SIGNIFICANT WEATHER WAS OBSERVED.


RELATIVE HUMIDITY (PERCENT)
 HIGHEST    85           500 AM
 LOWEST     32           200 PM
 AVERAGE    59

..........................................................


THE DODGE CITY KS CLIMATE NORMALS FOR TODAY
                         NORMAL    RECORD    YEAR
 MAXIMUM TEMPERATURE (F)   53        78      1955
 MINIMUM TEMPERATURE (F)   28         2      1906


SUNRISE AND SUNSET
NOVEMBER 21 2014......SUNRISE   726 AM CST   SUNSET   525 PM CST
NOVEMBER 22 2014......SUNRISE   727 AM CST   SUNSET   524 PM CST


-  INDICATES NEGATIVE NUMBERS.
R  INDICATES RECORD WAS SET OR TIED.
MM INDICATES DATA IS MISSING.
T  INDICATES TRACE AMOUNT.




$$
