000
CDUS43 KDDC 170708
CLIDGC


CLIMATE REPORT
NATIONAL WEATHER SERVICE DODGE CITY KS
208 AM CDT SAT SEP 17 2016


...................................

...THE DODGE CITY KS CLIMATE SUMMARY FOR SEPTEMBER 16 2016...

CLIMATE NORMAL PERIOD 1981 TO 2010
CLIMATE RECORD PERIOD 1875 TO 2016


WEATHER ITEM   OBSERVED TIME   RECORD YEAR NORMAL DEPARTURE LAST
                VALUE   (LST)  VALUE       VALUE  FROM      YEAR
                                                  NORMAL
..................................................................
TEMPERATURE (F)
 YESTERDAY
  MAXIMUM         79    411 PM  99    1905  82     -3       97
  MINIMUM         54   1026 PM  39    1881  56     -2       66
  AVERAGE         67                        69     -2       82

PRECIPITATION (IN)
  YESTERDAY        0.00          5.34 1906   0.05  -0.05     0.00
  MONTH TO DATE    0.29                      1.00  -0.71     0.79
  SINCE SEP 1      0.29                      1.00  -0.71     0.79
  SINCE JAN 1     22.30                     17.59   4.71    20.48

SNOWFALL (IN)
  YESTERDAY        0.0           0.0  2002   0.0    0.0      0.0
                                      2001
  MONTH TO DATE    0.0                       0.0    0.0      0.0
  SINCE SEP 1      0.0                       0.0    0.0      0.0
  SINCE JUL 1      0.0                       0.0    0.0      0.0
  SNOW DEPTH       0

DEGREE DAYS
 HEATING
  YESTERDAY        0                         2     -2        0
  MONTH TO DATE    6                        14     -8        0
  SINCE SEP 1      6                        14     -8        0
  SINCE JUL 1      6                        18    -12        2

 COOLING
  YESTERDAY        2                         6     -4       17
  MONTH TO DATE  142                       129     13      211
  SINCE SEP 1    142                       129     13      211
  SINCE JAN 1   1396                      1375     21     1409
..................................................................


WIND (MPH)
  HIGHEST WIND SPEED    18   HIGHEST WIND DIRECTION     N (10)
  HIGHEST GUST SPEED    23   HIGHEST GUST DIRECTION     N (20)
  AVERAGE WIND SPEED     8.3


SKY COVER
  POSSIBLE SUNSHINE  MM
  AVERAGE SKY COVER 0.5


WEATHER CONDITIONS
 THE FOLLOWING WEATHER WAS RECORDED YESTERDAY.
  FOG


RELATIVE HUMIDITY (PERCENT)
 HIGHEST   100           200 AM
 LOWEST     48           500 PM
 AVERAGE    74

..........................................................


THE DODGE CITY KS CLIMATE NORMALS FOR TODAY
                         NORMAL    RECORD    YEAR
 MAXIMUM TEMPERATURE (F)   82       101      2004
 MINIMUM TEMPERATURE (F)   55        32      1903


SUNRISE AND SUNSET
SEPTEMBER 17 2016.....SUNRISE   724 AM CDT   SUNSET   744 PM CDT
SEPTEMBER 18 2016.....SUNRISE   725 AM CDT   SUNSET   742 PM CDT


-  INDICATES NEGATIVE NUMBERS.
R  INDICATES RECORD WAS SET OR TIED.
MM INDICATES DATA IS MISSING.
T  INDICATES TRACE AMOUNT.




$$
