742
CDUS43 KDDC 162326
CLIDGC


CLIMATE REPORT
NATIONAL WEATHER SERVICE DODGE CITY KS
525 PM CST TUE JAN 16 2018


...................................

...THE DODGE CITY KS CLIMATE SUMMARY FOR JANUARY 16 2018...
VALID TODAY AS OF 0500 PM LOCAL TIME.

CLIMATE NORMAL PERIOD 1981 TO 2010
CLIMATE RECORD PERIOD 1875 TO 2018


WEATHER ITEM   OBSERVED TIME   RECORD YEAR NORMAL DEPARTURE LAST
                VALUE   (LST)  VALUE       VALUE  FROM      YEAR
                                                  NORMAL
..................................................................
TEMPERATURE (F)
 TODAY
  MAXIMUM         20    437 PM  69    1952  44    -24       33
  MINIMUM         -3    646 AM  -9    1930  20    -23       31
                                      1885
  AVERAGE          9                        32    -23       32

PRECIPITATION (IN)
  TODAY            0.00          0.62 1915   0.01  -0.01     0.51
  MONTH TO DATE    0.09                      0.28  -0.19     2.51
  SINCE DEC 1      0.09                      1.12  -1.03     3.13
  SINCE JAN 1      0.09                      0.28  -0.19     2.51

SNOWFALL (IN)
  TODAY            0.0           5.3  2001   0.2   -0.2      0.2
  MONTH TO DATE    1.2                       2.3   -1.1      2.7
  SINCE DEC 1      1.2                       6.4   -5.2      5.0
  SINCE JUL 1      1.2                       8.6   -7.4      5.0
  SNOW DEPTH       0

DEGREE DAYS
 HEATING
  TODAY           56                        33     23       33
  MONTH TO DATE  576                       528     48      594
  SINCE DEC 1   1556                      1528     28     1671
  SINCE JUL 1   2410                      2542   -132     2267

 COOLING
  TODAY            0                         0      0        0
  MONTH TO DATE    0                         0      0        0
  SINCE DEC 1      0                         0      0        0
  SINCE JAN 1      0                         0      0        0
..................................................................


WIND (MPH)
  HIGHEST WIND SPEED    16   HIGHEST WIND DIRECTION     N (350)
  HIGHEST GUST SPEED    23   HIGHEST GUST DIRECTION    NW (330)
  AVERAGE WIND SPEED     9.9


SKY COVER
  POSSIBLE SUNSHINE  MM
  AVERAGE SKY COVER 0.0


WEATHER CONDITIONS
 THE FOLLOWING WEATHER WAS RECORDED TODAY.
  NO SIGNIFICANT WEATHER WAS OBSERVED.


RELATIVE HUMIDITY (PERCENT)
 HIGHEST    79           400 AM
 LOWEST     39           300 PM
 AVERAGE    59

..........................................................


THE DODGE CITY KS CLIMATE NORMALS FOR TOMORROW
                         NORMAL    RECORD    YEAR
 MAXIMUM TEMPERATURE (F)   44        73      1923
 MINIMUM TEMPERATURE (F)   20       -12      1930


SUNRISE AND SUNSET
JANUARY 16 2018.......SUNRISE   754 AM CST   SUNSET   546 PM CST
JANUARY 17 2018.......SUNRISE   753 AM CST   SUNSET   547 PM CST


-  INDICATES NEGATIVE NUMBERS.
R  INDICATES RECORD WAS SET OR TIED.
MM INDICATES DATA IS MISSING.
T  INDICATES TRACE AMOUNT.




$$
