000
CDUS43 KDDC 112325
CLIDGC


CLIMATE REPORT
NATIONAL WEATHER SERVICE DODGE CITY KS
525 PM CST SAT FEB 11 2017


...................................

...THE DODGE CITY KS CLIMATE SUMMARY FOR FEBRUARY 11 2017...
VALID TODAY AS OF 0500 PM LOCAL TIME.

CLIMATE NORMAL PERIOD 1981 TO 2010
CLIMATE RECORD PERIOD 1875 TO 2017


WEATHER ITEM   OBSERVED TIME   RECORD YEAR NORMAL DEPARTURE LAST
                VALUE   (LST)  VALUE       VALUE  FROM      YEAR
                                                  NORMAL
..................................................................
TEMPERATURE (F)
 TODAY
  MAXIMUM         68    238 PM  82    1962  47     21       58
  MINIMUM         45    741 AM -19    1899  22     23       25
  AVERAGE         57                        35     22       42

PRECIPITATION (IN)
  TODAY            0.00          0.56 1894   0.02  -0.02     0.00
  MONTH TO DATE    0.00                      0.25  -0.25     0.31
  SINCE DEC 1      3.18                      1.67   1.51     3.02
  SINCE JAN 1      2.56                      0.83   1.73     0.59

SNOWFALL (IN)
  TODAY            0.0           5.6  1894   0.1   -0.1      0.0
  MONTH TO DATE    0.0                       1.7   -1.7      0.1
  SINCE DEC 1      5.0                      10.7   -5.7      8.9
  SINCE JUL 1      5.0                      12.9   -7.9     10.0
  SNOW DEPTH       0

DEGREE DAYS
 HEATING
  TODAY            8                        30    -22       23
  MONTH TO DATE  264                       342    -78      328
  SINCE DEC 1   2314                      2360    -46     2175
  SINCE JUL 1   2910                      3374   -464     3005

 COOLING
  TODAY            0                         0      0        0
  MONTH TO DATE    0                         0      0        0
  SINCE DEC 1      0                         0      0        0
  SINCE JAN 1      0                         0      0        0
..................................................................


WIND (MPH)
  HIGHEST WIND SPEED    20   HIGHEST WIND DIRECTION     W (290)
  HIGHEST GUST SPEED    24   HIGHEST GUST DIRECTION    NW (300)
  AVERAGE WIND SPEED     9.2


SKY COVER
  POSSIBLE SUNSHINE  MM
  AVERAGE SKY COVER 0.0


WEATHER CONDITIONS
 THE FOLLOWING WEATHER WAS RECORDED TODAY.
  NO SIGNIFICANT WEATHER WAS OBSERVED.


RELATIVE HUMIDITY (PERCENT)
 HIGHEST    60           800 AM
 LOWEST     24           200 AM
 AVERAGE    42

..........................................................


THE DODGE CITY KS CLIMATE NORMALS FOR TOMORROW
                         NORMAL    RECORD    YEAR
 MAXIMUM TEMPERATURE (F)   48        82      1962
 MINIMUM TEMPERATURE (F)   23       -26      1899


SUNRISE AND SUNSET
FEBRUARY 11 2017......SUNRISE   734 AM CST   SUNSET   615 PM CST
FEBRUARY 12 2017......SUNRISE   733 AM CST   SUNSET   616 PM CST


-  INDICATES NEGATIVE NUMBERS.
R  INDICATES RECORD WAS SET OR TIED.
MM INDICATES DATA IS MISSING.
T  INDICATES TRACE AMOUNT.




$$
