000
CDUS43 KDDC 161006
CLIDGC


CLIMATE REPORT
NATIONAL WEATHER SERVICE DODGE CITY KS
405 AM CST TUE DEC 16 2014


...................................

...THE DODGE CITY KS CLIMATE SUMMARY FOR DECEMBER 15 2014...

CLIMATE NORMAL PERIOD 1981 TO 2010
CLIMATE RECORD PERIOD 1875 TO 2014


WEATHER ITEM   OBSERVED TIME   RECORD YEAR NORMAL DEPARTURE LAST
                VALUE   (LST)  VALUE       VALUE  FROM      YEAR
                                                  NORMAL
..................................................................
TEMPERATURE (F)
 YESTERDAY
  MAXIMUM         42    204 PM  69    1946  44     -2       57
  MINIMUM         29   1156 PM  -8    1989  21      8       28
  AVERAGE         36                        32      4       43

PRECIPITATION (IN)
  YESTERDAY        0.01          1.43 1984   0.03  -0.02     0.00
  MONTH TO DATE    0.80                      0.39   0.41     0.05
  SINCE DEC 1      0.80                      0.39   0.41     0.05
  SINCE JAN 1     22.98                     21.15   1.83    20.29

SNOWFALL (IN)
  YESTERDAY        0.0           2.0  1965   0.1   -0.1      0.0
  MONTH TO DATE    0.0                       2.0   -2.0      1.9
  SINCE DEC 1      0.0                       2.0   -2.0      1.9
  SINCE JUL 1      2.2                       4.2   -2.0      6.9
  SNOW DEPTH       0

DEGREE DAYS
 HEATING
  YESTERDAY       29                        33     -4       22
  MONTH TO DATE  366                       467   -101      565
  SINCE DEC 1    366                       467   -101      565
  SINCE JUL 1   1364                      1481   -117     1593

 COOLING
  YESTERDAY        0                         0      0        0
  MONTH TO DATE    0                         0      0        0
  SINCE DEC 1      0                         0      0        0
  SINCE JAN 1   1475                      1463     12     1641
..................................................................


WIND (MPH)
  HIGHEST WIND SPEED    37   HIGHEST WIND DIRECTION    NW (310)
  HIGHEST GUST SPEED    47   HIGHEST GUST DIRECTION    NW (310)
  AVERAGE WIND SPEED    25.3


SKY COVER
  POSSIBLE SUNSHINE  MM
  AVERAGE SKY COVER 0.7


WEATHER CONDITIONS
 THE FOLLOWING WEATHER WAS RECORDED YESTERDAY.
  LIGHT RAIN
  FOG


RELATIVE HUMIDITY (PERCENT)
 HIGHEST    92          1200 AM
 LOWEST     44           400 PM
 AVERAGE    68

..........................................................


THE DODGE CITY KS CLIMATE NORMALS FOR TODAY
                         NORMAL    RECORD    YEAR
 MAXIMUM TEMPERATURE (F)   44        70      1962
 MINIMUM TEMPERATURE (F)   21        -1      1989


SUNRISE AND SUNSET
DECEMBER 16 2014......SUNRISE   749 AM CST   SUNSET   522 PM CST
DECEMBER 17 2014......SUNRISE   749 AM CST   SUNSET   523 PM CST


-  INDICATES NEGATIVE NUMBERS.
R  INDICATES RECORD WAS SET OR TIED.
MM INDICATES DATA IS MISSING.
T  INDICATES TRACE AMOUNT.




$$
