000
CDUS43 KDDC 160708
CLIDGC


CLIMATE REPORT
NATIONAL WEATHER SERVICE DODGE CITY KS
208 AM CDT TUE AUG 16 2016


...................................

...THE DODGE CITY KS CLIMATE SUMMARY FOR AUGUST 15 2016...

CLIMATE NORMAL PERIOD 1981 TO 2010
CLIMATE RECORD PERIOD 1875 TO 2016


WEATHER ITEM   OBSERVED TIME   RECORD YEAR NORMAL DEPARTURE LAST
                VALUE   (LST)  VALUE       VALUE  FROM      YEAR
                                                  NORMAL
..................................................................
TEMPERATURE (F)
 YESTERDAY
  MAXIMUM         93    413 PM 107    1983  91      2       91
  MINIMUM         64    642 AM  52    1979  66     -2       66
  AVERAGE         79                        78      1       79

PRECIPITATION (IN)
  YESTERDAY        0.00          2.63 1938   0.09  -0.09     0.00
  MONTH TO DATE    1.06                      1.42  -0.36     0.75
  SINCE JUN 1      9.07                      7.74   1.33     4.97
  SINCE JAN 1     20.19                     15.26   4.93    18.69

SNOWFALL (IN)
  YESTERDAY        0.0           0.0  2002   0.0    0.0      0.0
                                      2001
  MONTH TO DATE    0.0                       0.0    0.0      0.0
  SINCE JUN 1      0.0                       0.0    0.0      0.0
  SINCE JUL 1      0.0                       0.0    0.0      0.0
  SNOW DEPTH       0

DEGREE DAYS
 HEATING
  YESTERDAY        0                         0      0        0
  MONTH TO DATE    0                         0      0        0
  SINCE JUN 1      1                        14    -13        1
  SINCE JUL 1      0                         1     -1        1

 COOLING
  YESTERDAY       14                        14      0       14
  MONTH TO DATE  212                       214     -2      206
  SINCE JUN 1   1039                       944     95     1005
  SINCE JAN 1   1097                      1053     44     1066
..................................................................


WIND (MPH)
  HIGHEST WIND SPEED    21   HIGHEST WIND DIRECTION     S (170)
  HIGHEST GUST SPEED    26   HIGHEST GUST DIRECTION     S (170)
  AVERAGE WIND SPEED    10.5


SKY COVER
  POSSIBLE SUNSHINE  MM
  AVERAGE SKY COVER 0.0


WEATHER CONDITIONS
 THE FOLLOWING WEATHER WAS RECORDED YESTERDAY.
  LIGHT RAIN
  HAZE


RELATIVE HUMIDITY (PERCENT)
 HIGHEST    87           700 AM
 LOWEST     26           300 PM
 AVERAGE    57

..........................................................


THE DODGE CITY KS CLIMATE NORMALS FOR TODAY
                         NORMAL    RECORD    YEAR
 MAXIMUM TEMPERATURE (F)   91       106      1983
 MINIMUM TEMPERATURE (F)   66        55      1919
                                             1879


SUNRISE AND SUNSET
AUGUST 16 2016........SUNRISE   657 AM CDT   SUNSET   831 PM CDT
AUGUST 17 2016........SUNRISE   658 AM CDT   SUNSET   829 PM CDT


-  INDICATES NEGATIVE NUMBERS.
R  INDICATES RECORD WAS SET OR TIED.
MM INDICATES DATA IS MISSING.
T  INDICATES TRACE AMOUNT.




$$
