729
CDUS43 KDDC 240712
CLIDGC


CLIMATE REPORT
NATIONAL WEATHER SERVICE DODGE CITY KS
208 AM CDT SUN APR 24 2016


...................................

...THE DODGE CITY KS CLIMATE SUMMARY FOR APRIL 23 2016...

CLIMATE NORMAL PERIOD 1981 TO 2010
CLIMATE RECORD PERIOD 1875 TO 2016


WEATHER ITEM   OBSERVED TIME   RECORD YEAR NORMAL DEPARTURE LAST
                VALUE   (LST)  VALUE       VALUE  FROM      YEAR
                                                  NORMAL
..................................................................
TEMPERATURE (F)
 YESTERDAY
  MAXIMUM         82    221 PM  97    1989  70     12       65
  MINIMUM         50    316 AM  24    2013  43      7       47
                                      1887
  AVERAGE         66                        56     10       56

PRECIPITATION (IN)
  YESTERDAY        0.00          2.48 1905   0.07  -0.07     0.00
  MONTH TO DATE    5.81                      1.33   4.48     1.49
  SINCE MAR 1      5.85                      2.92   2.93     1.78
  SINCE JAN 1      6.44                      4.18   2.26     3.08

SNOWFALL (IN)
  YESTERDAY        0.0           T    1914   0.1   -0.1      0.0
  MONTH TO DATE    0.0                       1.1   -1.1      0.0
  SINCE MAR 1      0.4                       6.0   -5.6       T
  SINCE JUL 1     10.4                      21.1  -10.7     21.4
  SNOW DEPTH       0

DEGREE DAYS
 HEATING
  YESTERDAY        0                         9     -9        9
  MONTH TO DATE  235                       294    -59      199
  SINCE MAR 1    741                       934   -193      703
  SINCE JUL 1   4103                      4781   -678     4451

 COOLING
  YESTERDAY        1                         1      0        0
  MONTH TO DATE    5                         8     -3       12
  SINCE MAR 1      7                         9     -2       12
  SINCE JAN 1      9                         9      0       12
..................................................................


WIND (MPH)
  HIGHEST WIND SPEED    35   HIGHEST WIND DIRECTION     S (180)
  HIGHEST GUST SPEED    45   HIGHEST GUST DIRECTION     S (170)
  AVERAGE WIND SPEED    21.9


SKY COVER
  POSSIBLE SUNSHINE  MM
  AVERAGE SKY COVER 0.0


WEATHER CONDITIONS
 THE FOLLOWING WEATHER WAS RECORDED YESTERDAY.
  NO SIGNIFICANT WEATHER WAS OBSERVED.


RELATIVE HUMIDITY (PERCENT)
 HIGHEST    80           300 AM
 LOWEST     30           300 PM
 AVERAGE    55

..........................................................


THE DODGE CITY KS CLIMATE NORMALS FOR TODAY
                         NORMAL    RECORD    YEAR
 MAXIMUM TEMPERATURE (F)   70        98      1989
 MINIMUM TEMPERATURE (F)   43        23      2013


SUNRISE AND SUNSET
APRIL 24 2016.........SUNRISE   652 AM CDT   SUNSET   824 PM CDT
APRIL 25 2016.........SUNRISE   651 AM CDT   SUNSET   825 PM CDT


-  INDICATES NEGATIVE NUMBERS.
R  INDICATES RECORD WAS SET OR TIED.
MM INDICATES DATA IS MISSING.
T  INDICATES TRACE AMOUNT.




$$
