000
CDUS43 KDDC 031011
CLIDGC


CLIMATE REPORT
NATIONAL WEATHER SERVICE DODGE CITY KS
510 AM CDT WED JUN 3 2015


...................................

...THE DODGE CITY KS CLIMATE SUMMARY FOR JUNE 2 2015...

CLIMATE NORMAL PERIOD 1981 TO 2010
CLIMATE RECORD PERIOD 1875 TO 2015


WEATHER ITEM   OBSERVED TIME   RECORD YEAR NORMAL DEPARTURE LAST
                VALUE   (LST)  VALUE       VALUE  FROM      YEAR
                                                  NORMAL
..................................................................
TEMPERATURE (F)
 YESTERDAY
  MAXIMUM         89    517 PM 100    2002  82      7       83
  MINIMUM         63    540 AM  36    1917  57      6       61
  AVERAGE         76                        70      6       72

PRECIPITATION (IN)
  YESTERDAY        0.00          2.48 1895   0.12  -0.12     0.00
  MONTH TO DATE    0.00                      0.23  -0.23     0.67
  SINCE JUN 1      0.00                      0.23  -0.23     0.67
  SINCE JAN 1     13.72                      7.75   5.97     4.19

SNOWFALL (IN)
  YESTERDAY        0.0           T    2004   0.0    0.0      0.0
                                      1971
  MONTH TO DATE    0.0                       0.0    0.0      0.0
  SINCE JUN 1      0.0                       0.0    0.0      0.0
  SINCE JUL 1     21.4                      21.1    0.3     31.1
  SNOW DEPTH       0

DEGREE DAYS
 HEATING
  YESTERDAY        0                         1     -1        0
  MONTH TO DATE    0                         2     -2        0
  SINCE JUN 1      0                         2     -2        0
  SINCE JUL 1   4655                      4956   -301     5371

 COOLING
  YESTERDAY       11                         6      5        7
  MONTH TO DATE   16                        12      4       22
  SINCE JUN 1     16                        12      4       22
  SINCE JAN 1     77                       121    -44      194
..................................................................


WIND (MPH)
  HIGHEST WIND SPEED    24   HIGHEST WIND DIRECTION     S (170)
  HIGHEST GUST SPEED    32   HIGHEST GUST DIRECTION     S (170)
  AVERAGE WIND SPEED    17.6


SKY COVER
  POSSIBLE SUNSHINE  MM
  AVERAGE SKY COVER 0.2


WEATHER CONDITIONS
 THE FOLLOWING WEATHER WAS RECORDED YESTERDAY.
  FOG


RELATIVE HUMIDITY (PERCENT)
 HIGHEST    93           700 AM
 LOWEST     38           300 PM
 AVERAGE    66

..........................................................


THE DODGE CITY KS CLIMATE NORMALS FOR TODAY
                         NORMAL    RECORD    YEAR
 MAXIMUM TEMPERATURE (F)   82        97      2011
                                             1953
 MINIMUM TEMPERATURE (F)   58        41      1954


SUNRISE AND SUNSET
JUNE  3 2015..........SUNRISE   619 AM CDT   SUNSET   857 PM CDT
JUNE  4 2015..........SUNRISE   619 AM CDT   SUNSET   858 PM CDT


-  INDICATES NEGATIVE NUMBERS.
R  INDICATES RECORD WAS SET OR TIED.
MM INDICATES DATA IS MISSING.
T  INDICATES TRACE AMOUNT.




$$
