000
CDUS43 KDDC 301019
CLIDGC


CLIMATE REPORT
NATIONAL WEATHER SERVICE DODGE CITY KS
517 AM CDT THU OCT 30 2014


...................................

...THE DODGE CITY KS CLIMATE SUMMARY FOR OCTOBER 29 2014...

CLIMATE NORMAL PERIOD 1981 TO 2010
CLIMATE RECORD PERIOD 1875 TO 2014


WEATHER ITEM   OBSERVED TIME   RECORD YEAR NORMAL DEPARTURE LAST
                VALUE   (LST)  VALUE       VALUE  FROM      YEAR
                                                  NORMAL
..................................................................
TEMPERATURE (F)
 YESTERDAY
  MAXIMUM         72    348 PM  88    1968  65      7       57
                                      1937
  MINIMUM         33    640 AM  12    1917  38     -5       45
  AVERAGE         53                        52      1       51

PRECIPITATION (IN)
  YESTERDAY        0.00          0.96 1956   0.04  -0.04     0.00
  MONTH TO DATE    2.14                      1.65   0.49     2.66
  SINCE SEP 1      3.80                      3.32   0.48     3.78
  SINCE JAN 1     22.03                     19.91   2.12    19.26

SNOWFALL (IN)
  YESTERDAY        0.0           0.6  1917   0.0    0.0      0.0
  MONTH TO DATE    0.0                       0.3   -0.3      2.7
  SINCE SEP 1      0.0                       0.3   -0.3      2.7
  SINCE JUL 1      0.0                       0.3   -0.3      2.7
  SNOW DEPTH       0

DEGREE DAYS
 HEATING
  YESTERDAY       12                        14     -2       14
  MONTH TO DATE  157                       262   -105      293
  SINCE SEP 1    206                       323   -117      309
  SINCE JUL 1    219                       327   -108      309

 COOLING
  YESTERDAY        0                         0      0        0
  MONTH TO DATE   36                        27      9       31
  SINCE SEP 1    230                       214     16      277
  SINCE JAN 1   1475                      1460     15     1641
..................................................................


WIND (MPH)
  HIGHEST WIND SPEED    25   HIGHEST WIND DIRECTION    SW (210)
  HIGHEST GUST SPEED    31   HIGHEST GUST DIRECTION    SW (210)
  AVERAGE WIND SPEED    11.8


SKY COVER
  POSSIBLE SUNSHINE  MM
  AVERAGE SKY COVER 0.0


WEATHER CONDITIONS
 THE FOLLOWING WEATHER WAS RECORDED YESTERDAY.
  NO SIGNIFICANT WEATHER WAS OBSERVED.


RELATIVE HUMIDITY (PERCENT)
 HIGHEST    75           600 AM
 LOWEST     27          1200 PM
 AVERAGE    51

..........................................................


THE DODGE CITY KS CLIMATE NORMALS FOR TODAY
                         NORMAL    RECORD    YEAR
 MAXIMUM TEMPERATURE (F)   64        89      1950
 MINIMUM TEMPERATURE (F)   38        12      1917


SUNRISE AND SUNSET
OCTOBER 30 2014.......SUNRISE   803 AM CDT   SUNSET   643 PM CDT
OCTOBER 31 2014.......SUNRISE   804 AM CDT   SUNSET   642 PM CDT


-  INDICATES NEGATIVE NUMBERS.
R  INDICATES RECORD WAS SET OR TIED.
MM INDICATES DATA IS MISSING.
T  INDICATES TRACE AMOUNT.




$$
