000
CDUS43 KDDC 212326
CLIDGC


CLIMATE REPORT
NATIONAL WEATHER SERVICE DODGE CITY KS
625 PM CDT SAT MAY 21 2016


...................................

...THE DODGE CITY KS CLIMATE SUMMARY FOR MAY 21 2016...
VALID TODAY AS OF 0500 PM LOCAL TIME.

CLIMATE NORMAL PERIOD 1981 TO 2010
CLIMATE RECORD PERIOD 1875 TO 2016


WEATHER ITEM   OBSERVED TIME   RECORD YEAR NORMAL DEPARTURE LAST
                VALUE   (LST)  VALUE       VALUE  FROM      YEAR
                                                  NORMAL
..................................................................
TEMPERATURE (F)
 TODAY
  MAXIMUM         76    448 PM 100    1925  78     -2       62
  MINIMUM         57   1235 AM  33    1931  53      4       42
  AVERAGE         67                        66      1       52

PRECIPITATION (IN)
  TODAY            0.00          2.53 1951   0.10  -0.10     0.00
  MONTH TO DATE    0.30                      1.81  -1.51     4.91
  SINCE MAR 1      8.42                      5.22   3.20     7.00
  SINCE JAN 1      9.01                      6.48   2.53     8.30

SNOWFALL (IN)
  TODAY            0.0           T    1931   0.0    0.0      0.0
  MONTH TO DATE    0.0                       0.0    0.0      0.0
  SINCE MAR 1      0.4                       6.0   -5.6       T
  SINCE JUL 1     10.4                      21.1  -10.7     21.4
  SNOW DEPTH       0

DEGREE DAYS
 HEATING
  TODAY            0                         3     -3       13
  MONTH TO DATE  160                        96     64      114
  SINCE MAR 1    975                      1088   -113      875
  SINCE JUL 1   4337                      4935   -598     4623

 COOLING
  TODAY            2                         3     -1        0
  MONTH TO DATE    7                        45    -38       36
  SINCE MAR 1     16                        64    -48       51
  SINCE JAN 1     18                        64    -46       51
..................................................................


WIND (MPH)
  HIGHEST WIND SPEED    29   HIGHEST WIND DIRECTION    SE (150)
  HIGHEST GUST SPEED    37   HIGHEST GUST DIRECTION     S (160)
  AVERAGE WIND SPEED    20.6


SKY COVER
  POSSIBLE SUNSHINE  MM
  AVERAGE SKY COVER 0.8


WEATHER CONDITIONS
 THE FOLLOWING WEATHER WAS RECORDED TODAY.
  FOG


RELATIVE HUMIDITY (PERCENT)
 HIGHEST   100           500 AM
 LOWEST     64           300 PM
 AVERAGE    82

..........................................................


THE DODGE CITY KS CLIMATE NORMALS FOR TOMORROW
                         NORMAL    RECORD    YEAR
 MAXIMUM TEMPERATURE (F)   79        99      1956
 MINIMUM TEMPERATURE (F)   54        31      1931


SUNRISE AND SUNSET
MAY 21 2016...........SUNRISE   625 AM CDT   SUNSET   848 PM CDT
MAY 22 2016...........SUNRISE   624 AM CDT   SUNSET   849 PM CDT


-  INDICATES NEGATIVE NUMBERS.
R  INDICATES RECORD WAS SET OR TIED.
MM INDICATES DATA IS MISSING.
T  INDICATES TRACE AMOUNT.




$$
