000
CDUS43 KDDC 271014
CLIDGC


CLIMATE REPORT
NATIONAL WEATHER SERVICE DODGE CITY KS
513 AM CDT THU AUG 27 2015


...................................

...THE DODGE CITY KS CLIMATE SUMMARY FOR AUGUST 26 2015...

CLIMATE NORMAL PERIOD 1981 TO 2010
CLIMATE RECORD PERIOD 1875 TO 2015


WEATHER ITEM   OBSERVED TIME   RECORD YEAR NORMAL DEPARTURE LAST
                VALUE   (LST)  VALUE       VALUE  FROM      YEAR
                                                  NORMAL
..................................................................
TEMPERATURE (F)
 YESTERDAY
  MAXIMUM         97    400 PM 106    2011  89      8       88
  MINIMUM         63    651 AM  45    1910  64     -1       62
  AVERAGE         80                        77      3       75

PRECIPITATION (IN)
  YESTERDAY        0.00          0.90 1986   0.08  -0.08     0.00
  MONTH TO DATE    1.64                      2.34  -0.70     2.08
  SINCE JUN 1      5.86                      8.66  -2.80    14.18
  SINCE JAN 1     19.58                     16.18   3.40    17.70

SNOWFALL (IN)
  YESTERDAY        0.0           0.0  2002   0.0    0.0      0.0
                                      2001
  MONTH TO DATE    0.0                       0.0    0.0      0.0
  SINCE JUN 1      0.0                       0.0    0.0      0.0
  SINCE JUL 1      0.0                       0.0    0.0      0.0
  SNOW DEPTH       0

DEGREE DAYS
 HEATING
  YESTERDAY        0                         0      0        0
  MONTH TO DATE    1                         0      1        0
  SINCE JUN 1      2                        14    -12       20
  SINCE JUL 1      2                         1      1       13

 COOLING
  YESTERDAY       15                        12      3       10
  MONTH TO DATE  283                       353    -70      383
  SINCE JUN 1   1082                      1083     -1     1011
  SINCE JAN 1   1143                      1192    -49     1183
..................................................................


WIND (MPH)
  HIGHEST WIND SPEED    21   HIGHEST WIND DIRECTION     S (190)
  HIGHEST GUST SPEED    24   HIGHEST GUST DIRECTION     S (190)
  AVERAGE WIND SPEED    10.1


SKY COVER
  POSSIBLE SUNSHINE  MM
  AVERAGE SKY COVER 0.0


WEATHER CONDITIONS
 THE FOLLOWING WEATHER WAS RECORDED YESTERDAY.
  FOG


RELATIVE HUMIDITY (PERCENT)
 HIGHEST    93           500 AM
 LOWEST     25           400 PM
 AVERAGE    59

..........................................................


THE DODGE CITY KS CLIMATE NORMALS FOR TODAY
                         NORMAL    RECORD    YEAR
 MAXIMUM TEMPERATURE (F)   89       103      1994
                                             1990
                                             1984
 MINIMUM TEMPERATURE (F)   63        45      1906


SUNRISE AND SUNSET
AUGUST 27 2015........SUNRISE   705 AM CDT   SUNSET   817 PM CDT
AUGUST 28 2015........SUNRISE   706 AM CDT   SUNSET   815 PM CDT


-  INDICATES NEGATIVE NUMBERS.
R  INDICATES RECORD WAS SET OR TIED.
MM INDICATES DATA IS MISSING.
T  INDICATES TRACE AMOUNT.




$$
