374
CDUS43 KDDC 270723
CLIDGC


CLIMATE REPORT
NATIONAL WEATHER SERVICE DODGE CITY KS
221 AM CDT WED APR 27 2016


...................................

...THE DODGE CITY KS CLIMATE SUMMARY FOR APRIL 26 2016...

CLIMATE NORMAL PERIOD 1981 TO 2010
CLIMATE RECORD PERIOD 1875 TO 2016


WEATHER ITEM   OBSERVED TIME   RECORD YEAR NORMAL DEPARTURE LAST
                VALUE   (LST)  VALUE       VALUE  FROM      YEAR
                                                  NORMAL
..................................................................
TEMPERATURE (F)
 YESTERDAY
  MAXIMUM         77    424 PM  94    1989  71      6       53
                                      1956
  MINIMUM         49   1150 PM  27    2006  44      5       46
  AVERAGE         63                        58      5       50

PRECIPITATION (IN)
  YESTERDAY        T             1.69 1925   0.07  -0.07     0.01
  MONTH TO DATE    5.81                      1.54   4.27     1.67
  SINCE MAR 1      5.85                      3.13   2.72     1.96
  SINCE JAN 1      6.44                      4.39   2.05     3.26

SNOWFALL (IN)
  YESTERDAY       MM             0.2  1973   0.0   MM        0.0
  MONTH TO DATE    0.0                       1.1   -1.1      0.0
  SINCE MAR 1      0.4                       6.0   -5.6       T
  SINCE JUL 1     10.4                      21.1  -10.7     21.4
  SNOW DEPTH       0

DEGREE DAYS
 HEATING
  YESTERDAY        2                         9     -7       15
  MONTH TO DATE  241                       321    -80      215
  SINCE MAR 1    747                       961   -214      719
  SINCE JUL 1   4109                      4808   -699     4467

 COOLING
  YESTERDAY        0                         1     -1        0
  MONTH TO DATE    7                        11     -4       15
  SINCE MAR 1      9                        12     -3       15
  SINCE JAN 1     11                        12     -1       15
..................................................................


WIND (MPH)
  HIGHEST WIND SPEED    36   HIGHEST WIND DIRECTION     W (270)
  HIGHEST GUST SPEED    48   HIGHEST GUST DIRECTION     W (250)
  AVERAGE WIND SPEED    10.7


SKY COVER
  POSSIBLE SUNSHINE  MM
  AVERAGE SKY COVER 0.1


WEATHER CONDITIONS
 THE FOLLOWING WEATHER WAS RECORDED YESTERDAY.
  LIGHT RAIN
  HAZE


RELATIVE HUMIDITY (PERCENT)
 HIGHEST    93           100 AM
 LOWEST     17           100 PM
 AVERAGE    55

..........................................................


THE DODGE CITY KS CLIMATE NORMALS FOR TODAY
                         NORMAL    RECORD    YEAR
 MAXIMUM TEMPERATURE (F)   71        92      1981
 MINIMUM TEMPERATURE (F)   45        28      1994


SUNRISE AND SUNSET
APRIL 27 2016.........SUNRISE   648 AM CDT   SUNSET   827 PM CDT
APRIL 28 2016.........SUNRISE   647 AM CDT   SUNSET   828 PM CDT


-  INDICATES NEGATIVE NUMBERS.
R  INDICATES RECORD WAS SET OR TIED.
MM INDICATES DATA IS MISSING.
T  INDICATES TRACE AMOUNT.




$$
