000
CDUS43 KDDC 062326
CLIDGC


CLIMATE REPORT
NATIONAL WEATHER SERVICE DODGE CITY KS
525 PM CST SAT FEB 6 2016


...................................

...THE DODGE CITY KS CLIMATE SUMMARY FOR FEBRUARY 6 2016...
VALID TODAY AS OF 0500 PM LOCAL TIME.

CLIMATE NORMAL PERIOD 1981 TO 2010
CLIMATE RECORD PERIOD 1875 TO 2016


WEATHER ITEM   OBSERVED TIME   RECORD YEAR NORMAL DEPARTURE LAST
                VALUE   (LST)  VALUE       VALUE  FROM      YEAR
                                                  NORMAL
..................................................................
TEMPERATURE (F)
 TODAY
  MAXIMUM         52    417 PM  82    2009  46      6       77
  MINIMUM         18    621 AM -10    1982  22     -4       29
  AVERAGE         35                        34      1       53

PRECIPITATION (IN)
  TODAY            0.00          0.60 1928   0.02  -0.02     0.00
  MONTH TO DATE    0.31                      0.13   0.18     0.03
  SINCE DEC 1      3.02                      1.55   1.47     1.69
  SINCE JAN 1      0.59                      0.71  -0.12     0.69

SNOWFALL (IN)
  TODAY            0.0           3.4  1978   0.1   -0.1      0.0
  MONTH TO DATE    0.1                       0.9   -0.8       T
  SINCE DEC 1      8.9                       9.9   -1.0      8.3
  SINCE JUL 1     10.0                      12.1   -2.1     10.5
  SNOW DEPTH       0

DEGREE DAYS
 HEATING
  TODAY           30                        31     -1       12
  MONTH TO DATE  204                       189     15      189
  SINCE DEC 1   2051                      2207   -156     2076
  SINCE JUL 1   2881                      3221   -340     3074

 COOLING
  TODAY            0                         0      0        0
  MONTH TO DATE    0                         0      0        0
  SINCE DEC 1      0                         0      0        0
  SINCE JAN 1      0                         0      0        0
..................................................................


WIND (MPH)
  HIGHEST WIND SPEED    17   HIGHEST WIND DIRECTION    SW (230)
  HIGHEST GUST SPEED    22   HIGHEST GUST DIRECTION    SW (230)
  AVERAGE WIND SPEED    10.4


SKY COVER
  POSSIBLE SUNSHINE  MM
  AVERAGE SKY COVER 0.0


WEATHER CONDITIONS
 THE FOLLOWING WEATHER WAS RECORDED TODAY.
  NO SIGNIFICANT WEATHER WAS OBSERVED.


RELATIVE HUMIDITY (PERCENT)
 HIGHEST    81           100 AM
 LOWEST     19           400 PM
 AVERAGE    50

..........................................................


THE DODGE CITY KS CLIMATE NORMALS FOR TOMORROW
                         NORMAL    RECORD    YEAR
 MAXIMUM TEMPERATURE (F)   46        79      2015
 MINIMUM TEMPERATURE (F)   22       -14      1895


SUNRISE AND SUNSET
FEBRUARY  6 2016......SUNRISE   740 AM CST   SUNSET   609 PM CST
FEBRUARY  7 2016......SUNRISE   739 AM CST   SUNSET   610 PM CST


-  INDICATES NEGATIVE NUMBERS.
R  INDICATES RECORD WAS SET OR TIED.
MM INDICATES DATA IS MISSING.
T  INDICATES TRACE AMOUNT.




$$
