000
CDUS43 KDDC 160711
CLIDGC


CLIMATE REPORT
NATIONAL WEATHER SERVICE DODGE CITY KS
210 AM CDT FRI JUN 16 2017


...................................

...THE DODGE CITY KS CLIMATE SUMMARY FOR JUNE 15 2017...

CLIMATE NORMAL PERIOD 1981 TO 2010
CLIMATE RECORD PERIOD 1875 TO 2017


WEATHER ITEM   OBSERVED TIME   RECORD YEAR NORMAL DEPARTURE LAST
                VALUE   (LST)  VALUE       VALUE  FROM      YEAR
                                                  NORMAL
..................................................................
TEMPERATURE (F)
 YESTERDAY
  MAXIMUM         96    543 PM 104    1946  87      9       95
  MINIMUM         66    100 AM  44    1989  61      5       67
  AVERAGE         81                        74      7       81

PRECIPITATION (IN)
  YESTERDAY        0.00          1.77 1968   0.11  -0.11     0.00
  MONTH TO DATE    2.46                      1.70   0.76     0.74
  SINCE JUN 1      2.46                      1.70   0.76     0.74
  SINCE JAN 1     19.89                      9.22  10.67    11.86

SNOWFALL (IN)
  YESTERDAY        0.0           T    2009   0.0    0.0      0.0
                                      1981
  MONTH TO DATE    0.0                       0.0    0.0      0.0
  SINCE JUN 1      0.0                       0.0    0.0      0.0
  SINCE JUL 1      7.5                      21.1  -13.6     10.4
  SNOW DEPTH       0

DEGREE DAYS
 HEATING
  YESTERDAY        0                         0      0        0
  MONTH TO DATE    0                        10    -10        1
  SINCE JUN 1      0                        10    -10        1
  SINCE JUL 1   4170                      4964   -794     4340

 COOLING
  YESTERDAY       16                         9      7       16
  MONTH TO DATE  152                       109     43      128
  SINCE JUN 1    152                       109     43      128
  SINCE JAN 1    254                       218     36      186
..................................................................


WIND (MPH)
  HIGHEST WIND SPEED    32   HIGHEST WIND DIRECTION     N (360)
  HIGHEST GUST SPEED    46   HIGHEST GUST DIRECTION     N (360)
  AVERAGE WIND SPEED    11.5


SKY COVER
  POSSIBLE SUNSHINE  MM
  AVERAGE SKY COVER 0.0


WEATHER CONDITIONS
 THE FOLLOWING WEATHER WAS RECORDED YESTERDAY.
  THUNDERSTORM
  FOG
  HAZE


RELATIVE HUMIDITY (PERCENT)
 HIGHEST    90           600 AM
 LOWEST     24           500 PM
 AVERAGE    57

..........................................................


THE DODGE CITY KS CLIMATE NORMALS FOR TODAY
                         NORMAL    RECORD    YEAR
 MAXIMUM TEMPERATURE (F)   87       104      2011
 MINIMUM TEMPERATURE (F)   61        48      1999


SUNRISE AND SUNSET
JUNE 16 2017..........SUNRISE   618 AM CDT   SUNSET   904 PM CDT
JUNE 17 2017..........SUNRISE   618 AM CDT   SUNSET   904 PM CDT


-  INDICATES NEGATIVE NUMBERS.
R  INDICATES RECORD WAS SET OR TIED.
MM INDICATES DATA IS MISSING.
T  INDICATES TRACE AMOUNT.




$$
