000
CDUS43 KDDC 281010
CLIDGC


CLIMATE REPORT
NATIONAL WEATHER SERVICE DODGE CITY KS
506 AM CDT THU MAY 28 2015


...................................

...THE DODGE CITY KS CLIMATE SUMMARY FOR MAY 27 2015...

CLIMATE NORMAL PERIOD 1981 TO 2010
CLIMATE RECORD PERIOD 1875 TO 2015


WEATHER ITEM   OBSERVED TIME   RECORD YEAR NORMAL DEPARTURE LAST
                VALUE   (LST)  VALUE       VALUE  FROM      YEAR
                                                  NORMAL
..................................................................
TEMPERATURE (F)
 YESTERDAY
  MAXIMUM         81    330 PM 100    2013  80      1       86
  MINIMUM         57    415 AM  30    1907  55      2       56
  AVERAGE         69                        68      1       71

PRECIPITATION (IN)
  YESTERDAY        1.17          1.54 1944   0.10   1.07     0.00
  MONTH TO DATE   10.12                      2.40   7.72     1.64
  SINCE MAR 1     12.21                      5.81   6.40     2.65
  SINCE JAN 1     13.51                      7.07   6.44     3.49

SNOWFALL (IN)
  YESTERDAY        0.0           0.0  2002   0.0    0.0      0.0
                                      2001
  MONTH TO DATE    0.0                       0.0    0.0      0.0
  SINCE MAR 1      T                         6.0   -6.0      6.6
  SINCE JUL 1     21.4                      21.1    0.3     31.1
  SNOW DEPTH       0

DEGREE DAYS
 HEATING
  YESTERDAY        0                         2     -2        0
  MONTH TO DATE  138                       109     29      116
  SINCE MAR 1    899                      1101   -202     1214
  SINCE JUL 1   4647                      4948   -301     5371

 COOLING
  YESTERDAY        4                         4      0        6
  MONTH TO DATE   40                        69    -29      104
  SINCE MAR 1     55                        88    -33      127
  SINCE JAN 1     55                        88    -33      127
..................................................................


WIND (MPH)
  HIGHEST WIND SPEED    44   HIGHEST WIND DIRECTION     W (260)
  HIGHEST GUST SPEED    59   HIGHEST GUST DIRECTION     W (250)
  AVERAGE WIND SPEED    11.5


SKY COVER
  POSSIBLE SUNSHINE  MM
  AVERAGE SKY COVER 0.3


WEATHER CONDITIONS
 THE FOLLOWING WEATHER WAS RECORDED YESTERDAY.
  THUNDERSTORM
  HEAVY RAIN
  RAIN
  LIGHT RAIN
  FOG


RELATIVE HUMIDITY (PERCENT)
 HIGHEST    90           700 AM
 LOWEST     51           300 PM
 AVERAGE    71

..........................................................


THE DODGE CITY KS CLIMATE NORMALS FOR TODAY
                         NORMAL    RECORD    YEAR
 MAXIMUM TEMPERATURE (F)   80        98      1934
                                             1895
 MINIMUM TEMPERATURE (F)   56        37      1947


SUNRISE AND SUNSET
MAY 28 2015...........SUNRISE   621 AM CDT   SUNSET   853 PM CDT
MAY 29 2015...........SUNRISE   621 AM CDT   SUNSET   854 PM CDT


-  INDICATES NEGATIVE NUMBERS.
R  INDICATES RECORD WAS SET OR TIED.
MM INDICATES DATA IS MISSING.
T  INDICATES TRACE AMOUNT.




$$
