000
CDUS43 KDDC 130706
CLIDGC


CLIMATE REPORT
NATIONAL WEATHER SERVICE DODGE CITY KS
105 AM CST FRI JAN 13 2017


...................................

...THE DODGE CITY KS CLIMATE SUMMARY FOR JANUARY 12 2017...

CLIMATE NORMAL PERIOD 1981 TO 2010
CLIMATE RECORD PERIOD 1875 TO 2017


WEATHER ITEM   OBSERVED TIME   RECORD YEAR NORMAL DEPARTURE LAST
                VALUE   (LST)  VALUE       VALUE  FROM      YEAR
                                                  NORMAL
..................................................................
TEMPERATURE (F)
 YESTERDAY
  MAXIMUM         27    440 PM  72    1953  44    -17       46
  MINIMUM         10    745 AM -18    1912  20    -10       19
  AVERAGE         19                        32    -13       33

PRECIPITATION (IN)
  YESTERDAY        0.00          0.41 1898   0.02  -0.02     0.00
  MONTH TO DATE    0.15                      0.22  -0.07     0.25
  SINCE DEC 1      0.77                      1.06  -0.29     2.68
  SINCE JAN 1      0.15                      0.22  -0.07     0.25

SNOWFALL (IN)
  YESTERDAY        0.0           4.2  1898   0.2   -0.2      0.0
  MONTH TO DATE    2.5                       1.7    0.8      0.1
  SINCE DEC 1      4.8                       5.8   -1.0      8.2
  SINCE JUL 1      4.8                       8.0   -3.2      9.3
  SNOW DEPTH       0

DEGREE DAYS
 HEATING
  YESTERDAY       46                        33     13       32
  MONTH TO DATE  448                       396     52      399
  SINCE DEC 1   1525                      1396    129     1276
  SINCE JUL 1   2121                      2410   -289     2106

 COOLING
  YESTERDAY        0                         0      0        0
  MONTH TO DATE    0                         0      0        0
  SINCE DEC 1      0                         0      0        0
  SINCE JAN 1      0                         0      0        0
..................................................................


WIND (MPH)
  HIGHEST WIND SPEED    16   HIGHEST WIND DIRECTION    NE (50)
  HIGHEST GUST SPEED    21   HIGHEST GUST DIRECTION    NE (40)
  AVERAGE WIND SPEED     9.2


SKY COVER
  POSSIBLE SUNSHINE  MM
  AVERAGE SKY COVER 0.0


WEATHER CONDITIONS
 THE FOLLOWING WEATHER WAS RECORDED YESTERDAY.
  NO SIGNIFICANT WEATHER WAS OBSERVED.


RELATIVE HUMIDITY (PERCENT)
 HIGHEST    84           200 AM
 LOWEST     46           300 PM
 AVERAGE    65

..........................................................


THE DODGE CITY KS CLIMATE NORMALS FOR TODAY
                         NORMAL    RECORD    YEAR
 MAXIMUM TEMPERATURE (F)   44        71      1923
 MINIMUM TEMPERATURE (F)   20       -19      1875


SUNRISE AND SUNSET
JANUARY 13 2017.......SUNRISE   755 AM CST   SUNSET   543 PM CST
JANUARY 14 2017.......SUNRISE   754 AM CST   SUNSET   544 PM CST


-  INDICATES NEGATIVE NUMBERS.
R  INDICATES RECORD WAS SET OR TIED.
MM INDICATES DATA IS MISSING.
T  INDICATES TRACE AMOUNT.




$$
