000
CDUS43 KDDC 251006
CLIDGC


CLIMATE REPORT
NATIONAL WEATHER SERVICE DODGE CITY KS
505 AM CDT SAT JUL 25 2015


...................................

...THE DODGE CITY KS CLIMATE SUMMARY FOR JULY 24 2015...

CLIMATE NORMAL PERIOD 1981 TO 2010
CLIMATE RECORD PERIOD 1875 TO 2015


WEATHER ITEM   OBSERVED TIME   RECORD YEAR NORMAL DEPARTURE LAST
                VALUE   (LST)  VALUE       VALUE  FROM      YEAR
                                                  NORMAL
..................................................................
TEMPERATURE (F)
 YESTERDAY
  MAXIMUM        101    321 PM 106    1940  93      8       95
                                      1936
  MINIMUM         70    606 AM  55    1911  67      3       68
  AVERAGE         86                        80      6       82

PRECIPITATION (IN)
  YESTERDAY        0.00          4.17 1944   0.10  -0.10     0.00
  MONTH TO DATE    0.97                      2.38  -1.41     1.53
  SINCE JUN 1      3.05                      5.62  -2.57    10.62
  SINCE JAN 1     16.77                     13.14   3.63    14.14

SNOWFALL (IN)
  YESTERDAY        0.0           0.0  2001   0.0    0.0      0.0
  MONTH TO DATE    0.0                       0.0    0.0      0.0
  SINCE JUN 1      0.0                       0.0    0.0      0.0
  SINCE JUL 1      0.0                       0.0    0.0      0.0
  SNOW DEPTH       0

DEGREE DAYS
 HEATING
  YESTERDAY        0                         0      0        0
  MONTH TO DATE    1                         0      1       12
  SINCE JUN 1      1                        13    -12       19
  SINCE JUL 1      1                         0      1       12

 COOLING
  YESTERDAY       21                        15      6       17
  MONTH TO DATE  348                       348      0      262
  SINCE JUN 1    701                       626     75      546
  SINCE JAN 1    762                       735     27      718
..................................................................


WIND (MPH)
  HIGHEST WIND SPEED    21   HIGHEST WIND DIRECTION     S (180)
  HIGHEST GUST SPEED    27   HIGHEST GUST DIRECTION     S (200)
  AVERAGE WIND SPEED    12.2


SKY COVER
  POSSIBLE SUNSHINE  MM
  AVERAGE SKY COVER 0.0


WEATHER CONDITIONS
 THE FOLLOWING WEATHER WAS RECORDED YESTERDAY.
  NO SIGNIFICANT WEATHER WAS OBSERVED.


RELATIVE HUMIDITY (PERCENT)
 HIGHEST    84           600 AM
 LOWEST     26           300 PM
 AVERAGE    55

..........................................................


THE DODGE CITY KS CLIMATE NORMALS FOR TODAY
                         NORMAL    RECORD    YEAR
 MAXIMUM TEMPERATURE (F)   93       107      2006
                                             2002
 MINIMUM TEMPERATURE (F)   67        54      1911


SUNRISE AND SUNSET
JULY 25 2015..........SUNRISE   637 AM CDT   SUNSET   855 PM CDT
JULY 26 2015..........SUNRISE   638 AM CDT   SUNSET   854 PM CDT


-  INDICATES NEGATIVE NUMBERS.
R  INDICATES RECORD WAS SET OR TIED.
MM INDICATES DATA IS MISSING.
T  INDICATES TRACE AMOUNT.




$$
