000
CDUS43 KDDC 092326
CLIDGC


CLIMATE REPORT
NATIONAL WEATHER SERVICE DODGE CITY KS
525 PM CST TUE JAN 9 2018


...................................

...THE DODGE CITY KS CLIMATE SUMMARY FOR JANUARY 9 2018...
VALID TODAY AS OF 0500 PM LOCAL TIME.

CLIMATE NORMAL PERIOD 1981 TO 2010
CLIMATE RECORD PERIOD 1875 TO 2018


WEATHER ITEM   OBSERVED TIME   RECORD YEAR NORMAL DEPARTURE LAST
                VALUE   (LST)  VALUE       VALUE  FROM      YEAR
                                                  NORMAL
..................................................................
TEMPERATURE (F)
 TODAY
  MAXIMUM         65    310 PM  74    1902  44     21       58
  MINIMUM         38    221 AM -18    1881  20     18       24
  AVERAGE         52                        32     20       41

PRECIPITATION (IN)
  TODAY            0.00          0.72 1985   0.02  -0.02     0.00
  MONTH TO DATE    0.00                      0.17  -0.17     0.15
  SINCE DEC 1      T                         1.01  -1.01     0.77
  SINCE JAN 1      0.00                      0.17  -0.17     0.15

SNOWFALL (IN)
  TODAY            0.0           7.3  1993   0.2   -0.2      0.0
  MONTH TO DATE    0.0                       1.3   -1.3      2.5
  SINCE DEC 1      T                         5.4   -5.4      4.8
  SINCE JUL 1      T                         7.6   -7.6      4.8
  SNOW DEPTH       0

DEGREE DAYS
 HEATING
  TODAY           13                        33    -20       24
  MONTH TO DATE  305                       297      8      363
  SINCE DEC 1   1285                      1297    -12     1440
  SINCE JUL 1   2139                      2311   -172     2036

 COOLING
  TODAY            0                         0      0        0
  MONTH TO DATE    0                         0      0        0
  SINCE DEC 1      0                         0      0        0
  SINCE JAN 1      0                         0      0        0
..................................................................


WIND (MPH)
  HIGHEST WIND SPEED    26   HIGHEST WIND DIRECTION     S (190)
  HIGHEST GUST SPEED    34   HIGHEST GUST DIRECTION     S (190)
  AVERAGE WIND SPEED    15.9


SKY COVER
  POSSIBLE SUNSHINE  MM
  AVERAGE SKY COVER 0.0


WEATHER CONDITIONS
 THE FOLLOWING WEATHER WAS RECORDED TODAY.
  NO SIGNIFICANT WEATHER WAS OBSERVED.


RELATIVE HUMIDITY (PERCENT)
 HIGHEST    53           700 AM
 LOWEST     26           300 PM
 AVERAGE    40

..........................................................


THE DODGE CITY KS CLIMATE NORMALS FOR TOMORROW
                         NORMAL    RECORD    YEAR
 MAXIMUM TEMPERATURE (F)   44        76      1911
 MINIMUM TEMPERATURE (F)   20        -7      1962
                                             1918


SUNRISE AND SUNSET
JANUARY  9 2018.......SUNRISE   755 AM CST   SUNSET   539 PM CST
JANUARY 10 2018.......SUNRISE   755 AM CST   SUNSET   540 PM CST


-  INDICATES NEGATIVE NUMBERS.
R  INDICATES RECORD WAS SET OR TIED.
MM INDICATES DATA IS MISSING.
T  INDICATES TRACE AMOUNT.




$$
