000
CDUS43 KDDC 150725
CLIDGC


CLIMATE REPORT
NATIONAL WEATHER SERVICE DODGE CITY KS
124 AM CST WED FEB 15 2017


...................................

...THE DODGE CITY KS CLIMATE SUMMARY FOR FEBRUARY 14 2017...

CLIMATE NORMAL PERIOD 1981 TO 2010
CLIMATE RECORD PERIOD 1875 TO 2017


WEATHER ITEM   OBSERVED TIME   RECORD YEAR NORMAL DEPARTURE LAST
                VALUE   (LST)  VALUE       VALUE  FROM      YEAR
                                                  NORMAL
..................................................................
TEMPERATURE (F)
 YESTERDAY
  MAXIMUM         50    541 PM  85    1954  48      2       52
  MINIMUM         28   1103 PM  -5    1936  23      5       23
                                      1884
  AVERAGE         39                        36      3       38

PRECIPITATION (IN)
  YESTERDAY        0.01          0.75 1960   0.02  -0.01     0.00
  MONTH TO DATE    0.01                      0.32  -0.31     0.31
  SINCE DEC 1      3.19                      1.74   1.45     3.02
  SINCE JAN 1      2.57                      0.90   1.67     0.59

SNOWFALL (IN)
  YESTERDAY       MM             8.0  1897   0.1   MM        0.0
  MONTH TO DATE    0.0                       2.1   -2.1      0.1
  SINCE DEC 1      5.0                      11.1   -6.1      8.9
  SINCE JUL 1      5.0                      13.3   -8.3     10.0
  SNOW DEPTH       0

DEGREE DAYS
 HEATING
  YESTERDAY       26                        29     -3       27
  MONTH TO DATE  340                       431    -91      418
  SINCE DEC 1   2390                      2449    -59     2265
  SINCE JUL 1   2986                      3463   -477     3095

 COOLING
  YESTERDAY        0                         0      0        0
  MONTH TO DATE    0                         0      0        0
  SINCE DEC 1      0                         0      0        0
  SINCE JAN 1      0                         0      0        0
..................................................................


WIND (MPH)
  HIGHEST WIND SPEED    25   HIGHEST WIND DIRECTION     N (10)
  HIGHEST GUST SPEED    31   HIGHEST GUST DIRECTION     N (360)
  AVERAGE WIND SPEED    13.8


SKY COVER
  POSSIBLE SUNSHINE  MM
  AVERAGE SKY COVER 0.4


WEATHER CONDITIONS
 THE FOLLOWING WEATHER WAS RECORDED YESTERDAY.
  LIGHT RAIN


RELATIVE HUMIDITY (PERCENT)
 HIGHEST    85           300 AM
 LOWEST     32           500 PM
 AVERAGE    59

..........................................................


THE DODGE CITY KS CLIMATE NORMALS FOR TODAY
                         NORMAL    RECORD    YEAR
 MAXIMUM TEMPERATURE (F)   48        75      1921
 MINIMUM TEMPERATURE (F)   23       -10      1881


SUNRISE AND SUNSET
FEBRUARY 15 2017......SUNRISE   729 AM CST   SUNSET   619 PM CST
FEBRUARY 16 2017......SUNRISE   728 AM CST   SUNSET   620 PM CST


-  INDICATES NEGATIVE NUMBERS.
R  INDICATES RECORD WAS SET OR TIED.
MM INDICATES DATA IS MISSING.
T  INDICATES TRACE AMOUNT.




$$
