000
CDUS43 KDDC 281010
CLIDGC


CLIMATE REPORT
NATIONAL WEATHER SERVICE DODGE CITY KS
510 AM CDT FRI AUG 28 2015


...................................

...THE DODGE CITY KS CLIMATE SUMMARY FOR AUGUST 27 2015...

CLIMATE NORMAL PERIOD 1981 TO 2010
CLIMATE RECORD PERIOD 1875 TO 2015


WEATHER ITEM   OBSERVED TIME   RECORD YEAR NORMAL DEPARTURE LAST
                VALUE   (LST)  VALUE       VALUE  FROM      YEAR
                                                  NORMAL
..................................................................
TEMPERATURE (F)
 YESTERDAY
  MAXIMUM         97    354 PM 103    1994  89      8       86
                                      1990
                                      1984
  MINIMUM         66    600 AM  45    1906  63      3       67
  AVERAGE         82                        76      6       77

PRECIPITATION (IN)
  YESTERDAY        0.11          2.01 1878   0.08   0.03     0.35
  MONTH TO DATE    1.75                      2.42  -0.67     2.43
  SINCE JUN 1      5.97                      8.74  -2.77    14.53
  SINCE JAN 1     19.69                     16.26   3.43    18.05

SNOWFALL (IN)
  YESTERDAY        0.0           0.0  2002   0.0    0.0      0.0
                                      2001
  MONTH TO DATE    0.0                       0.0    0.0      0.0
  SINCE JUN 1      0.0                       0.0    0.0      0.0
  SINCE JUL 1      0.0                       0.0    0.0      0.0
  SNOW DEPTH       0

DEGREE DAYS
 HEATING
  YESTERDAY        0                         0      0        0
  MONTH TO DATE    1                         0      1        0
  SINCE JUN 1      2                        14    -12       20
  SINCE JUL 1      2                         1      1       13

 COOLING
  YESTERDAY       17                        12      5       12
  MONTH TO DATE  300                       365    -65      395
  SINCE JUN 1   1099                      1095      4     1023
  SINCE JAN 1   1160                      1204    -44     1195
..................................................................


WIND (MPH)
  HIGHEST WIND SPEED    30   HIGHEST WIND DIRECTION    SW (220)
  HIGHEST GUST SPEED    36   HIGHEST GUST DIRECTION    SW (230)
  AVERAGE WIND SPEED    15.5


SKY COVER
  POSSIBLE SUNSHINE  MM
  AVERAGE SKY COVER 0.2


WEATHER CONDITIONS
 THE FOLLOWING WEATHER WAS RECORDED YESTERDAY.
  THUNDERSTORM
  RAIN
  LIGHT RAIN
  FOG


RELATIVE HUMIDITY (PERCENT)
 HIGHEST    78           600 AM
 LOWEST     22           400 PM
 AVERAGE    50

..........................................................


THE DODGE CITY KS CLIMATE NORMALS FOR TODAY
                         NORMAL    RECORD    YEAR
 MAXIMUM TEMPERATURE (F)   89       105      2011
                                             1984
 MINIMUM TEMPERATURE (F)   63        50      1976
                                             1917


SUNRISE AND SUNSET
AUGUST 28 2015........SUNRISE   706 AM CDT   SUNSET   815 PM CDT
AUGUST 29 2015........SUNRISE   707 AM CDT   SUNSET   814 PM CDT


-  INDICATES NEGATIVE NUMBERS.
R  INDICATES RECORD WAS SET OR TIED.
MM INDICATES DATA IS MISSING.
T  INDICATES TRACE AMOUNT.




$$
