000
CDUS43 KDDC 171007
CLIDGC


CLIMATE REPORT
NATIONAL WEATHER SERVICE DODGE CITY KS
406 AM CST WED DEC 17 2014


...................................

...THE DODGE CITY KS CLIMATE SUMMARY FOR DECEMBER 16 2014...

CLIMATE NORMAL PERIOD 1981 TO 2010
CLIMATE RECORD PERIOD 1875 TO 2014


WEATHER ITEM   OBSERVED TIME   RECORD YEAR NORMAL DEPARTURE LAST
                VALUE   (LST)  VALUE       VALUE  FROM      YEAR
                                                  NORMAL
..................................................................
TEMPERATURE (F)
 YESTERDAY
  MAXIMUM         42    321 PM  70    1962  44     -2       64
  MINIMUM         20    802 AM  -1    1989  21     -1       28
  AVERAGE         31                        32     -1       46

PRECIPITATION (IN)
  YESTERDAY        0.00          0.43 1928   0.03  -0.03     0.00
  MONTH TO DATE    0.80                      0.42   0.38     0.05
  SINCE DEC 1      0.80                      0.42   0.38     0.05
  SINCE JAN 1     22.98                     21.18   1.80    20.29

SNOWFALL (IN)
  YESTERDAY        0.0           4.5  1928   0.1   -0.1      0.0
  MONTH TO DATE    0.0                       2.1   -2.1      1.9
  SINCE DEC 1      0.0                       2.1   -2.1      1.9
  SINCE JUL 1      2.2                       4.3   -2.1      6.9
  SNOW DEPTH       0

DEGREE DAYS
 HEATING
  YESTERDAY       34                        33      1       19
  MONTH TO DATE  400                       500   -100      584
  SINCE DEC 1    400                       500   -100      584
  SINCE JUL 1   1398                      1514   -116     1612

 COOLING
  YESTERDAY        0                         0      0        0
  MONTH TO DATE    0                         0      0        0
  SINCE DEC 1      0                         0      0        0
  SINCE JAN 1   1475                      1463     12     1641
..................................................................


WIND (MPH)
  HIGHEST WIND SPEED    17   HIGHEST WIND DIRECTION    NW (330)
  HIGHEST GUST SPEED    24   HIGHEST GUST DIRECTION    NW (330)
  AVERAGE WIND SPEED     8.7


SKY COVER
  POSSIBLE SUNSHINE  MM
  AVERAGE SKY COVER 0.0


WEATHER CONDITIONS
 THE FOLLOWING WEATHER WAS RECORDED YESTERDAY.
  NO SIGNIFICANT WEATHER WAS OBSERVED.


RELATIVE HUMIDITY (PERCENT)
 HIGHEST    84           700 AM
 LOWEST     33           300 PM
 AVERAGE    59

..........................................................


THE DODGE CITY KS CLIMATE NORMALS FOR TODAY
                         NORMAL    RECORD    YEAR
 MAXIMUM TEMPERATURE (F)   44        79      1939
 MINIMUM TEMPERATURE (F)   21        -5      1902


SUNRISE AND SUNSET
DECEMBER 17 2014......SUNRISE   749 AM CST   SUNSET   523 PM CST
DECEMBER 18 2014......SUNRISE   750 AM CST   SUNSET   523 PM CST


-  INDICATES NEGATIVE NUMBERS.
R  INDICATES RECORD WAS SET OR TIED.
MM INDICATES DATA IS MISSING.
T  INDICATES TRACE AMOUNT.




$$
