000
CDUS43 KDDC 091117 CCA
CLIDGC

CLIMATE REPORT
NATIONAL WEATHER SERVICE DODGE CITY KS
105 AM CST MON JAN 9 2017


...................................

...THE DODGE CITY KS CLIMATE SUMMARY FOR JANUARY 8 2017...

CLIMATE NORMAL PERIOD 1981 TO 2010
CLIMATE RECORD PERIOD 1875 TO 2017


WEATHER ITEM   OBSERVED TIME   RECORD YEAR NORMAL DEPARTURE LAST
                VALUE   (LST)  VALUE       VALUE  FROM      YEAR
                                                  NORMAL
..................................................................
TEMPERATURE (F)
 YESTERDAY
  MAXIMUM         43    454 PM  74    2002  44     -1       33
  MINIMUM         15    128 AM -16    1886  20     -5       27
  AVERAGE         29                        32     -3       30

PRECIPITATION (IN)
  YESTERDAY        0.00          0.64 1891   0.02  -0.02      T
  MONTH TO DATE    0.15                      0.15   0.00     0.25
  SINCE DEC 1      0.77                      0.99  -0.22     2.68
  SINCE JAN 1      0.15                      0.15   0.00     0.25

SNOWFALL (IN)
  YESTERDAY        0.0           3.0  1962   0.1   -0.1       T
  MONTH TO DATE    2.5                       1.1    1.4       T
  SINCE DEC 1      4.8                       5.2   -0.4      8.1
  SINCE JUL 1      4.8                       7.4   -2.6      9.2
  SNOW DEPTH       1

DEGREE DAYS
 HEATING
  YESTERDAY       36                        33      3       35
  MONTH TO DATE  339                       264     75      252
  SINCE DEC 1   1416                      1264    152     1129
  SINCE JUL 1   2012                      2278   -266     1959

 COOLING
  YESTERDAY        0                         0      0        0
  MONTH TO DATE    0                         0      0        0
  SINCE DEC 1      0                         0      0        0
  SINCE JAN 1      0                         0      0        0
..................................................................


WIND (MPH)
  HIGHEST WIND SPEED    24   HIGHEST WIND DIRECTION    SW (210)
  HIGHEST GUST SPEED    30   HIGHEST GUST DIRECTION     S (160)
  AVERAGE WIND SPEED    13.5


SKY COVER
  POSSIBLE SUNSHINE  MM
  AVERAGE SKY COVER 0.0


WEATHER CONDITIONS
 THE FOLLOWING WEATHER WAS RECORDED YESTERDAY.
  NO SIGNIFICANT WEATHER WAS OBSERVED.


RELATIVE HUMIDITY (PERCENT)
 HIGHEST    80           100 AM
 LOWEST     49           400 PM
 AVERAGE    65

..........................................................


THE DODGE CITY KS CLIMATE NORMALS FOR TODAY
                         NORMAL    RECORD    YEAR
 MAXIMUM TEMPERATURE (F)   44        74      1902
 MINIMUM TEMPERATURE (F)   20       -18      1881


SUNRISE AND SUNSET
JANUARY  9 2017.......SUNRISE   755 AM CST   SUNSET   539 PM CST
JANUARY 10 2017.......SUNRISE   755 AM CST   SUNSET   540 PM CST


-  INDICATES NEGATIVE NUMBERS.
R  INDICATES RECORD WAS SET OR TIED.
MM INDICATES DATA IS MISSING.
T  INDICATES TRACE AMOUNT.




$$
