000
CDUS43 KDDC 150709
CLIDGC


CLIMATE REPORT
NATIONAL WEATHER SERVICE DODGE CITY KS
109 AM CST THU FEB 15 2018


...................................

...THE DODGE CITY KS CLIMATE SUMMARY FOR FEBRUARY 14 2018...

CLIMATE NORMAL PERIOD 1981 TO 2010
CLIMATE RECORD PERIOD 1875 TO 2018


WEATHER ITEM   OBSERVED TIME   RECORD YEAR NORMAL DEPARTURE LAST
                VALUE   (LST)  VALUE       VALUE  FROM      YEAR
                                                  NORMAL
..................................................................
TEMPERATURE (F)
 YESTERDAY
  MAXIMUM         73    408 PM  85    1954  48     25       50
  MINIMUM         38    816 AM  -5    1936  23     15       28
                                      1884
  AVERAGE         56                        36     20       39

PRECIPITATION (IN)
  YESTERDAY        0.00          0.75 1960   0.02  -0.02     0.01
  MONTH TO DATE    0.05                      0.32  -0.27     0.01
  SINCE DEC 1      0.14                      1.74  -1.60     3.19
  SINCE JAN 1      0.14                      0.90  -0.76     2.57

SNOWFALL (IN)
  YESTERDAY        0.0           8.0  1897   0.1   -0.1      0.0
  MONTH TO DATE    0.2                       2.1   -1.9      0.0
  SINCE DEC 1      1.4                      11.1   -9.7      5.0
  SINCE JUL 1      1.4                      13.3  -11.9      5.0
  SNOW DEPTH       0

DEGREE DAYS
 HEATING
  YESTERDAY        9                        29    -20       26
  MONTH TO DATE  472                       431     41      340
  SINCE DEC 1   2417                      2449    -32     2390
  SINCE JUL 1   3271                      3463   -192     2986

 COOLING
  YESTERDAY        0                         0      0        0
  MONTH TO DATE    0                         0      0        0
  SINCE DEC 1      0                         0      0        0
  SINCE JAN 1      0                         0      0        0
..................................................................


WIND (MPH)
  HIGHEST WIND SPEED    20   HIGHEST WIND DIRECTION    SW (210)
  HIGHEST GUST SPEED    27   HIGHEST GUST DIRECTION    SW (210)
  AVERAGE WIND SPEED    11.1


SKY COVER
  POSSIBLE SUNSHINE  MM
  AVERAGE SKY COVER 0.0


WEATHER CONDITIONS
 THE FOLLOWING WEATHER WAS RECORDED YESTERDAY.
  HAZE


RELATIVE HUMIDITY (PERCENT)
 HIGHEST    70           500 AM
 LOWEST     15           400 PM
 AVERAGE    43

..........................................................


THE DODGE CITY KS CLIMATE NORMALS FOR TODAY
                         NORMAL    RECORD    YEAR
 MAXIMUM TEMPERATURE (F)   48        75      1921
 MINIMUM TEMPERATURE (F)   23       -10      1881


SUNRISE AND SUNSET
FEBRUARY 15 2018......SUNRISE   729 AM CST   SUNSET   619 PM CST
FEBRUARY 16 2018......SUNRISE   728 AM CST   SUNSET   620 PM CST


-  INDICATES NEGATIVE NUMBERS.
R  INDICATES RECORD WAS SET OR TIED.
MM INDICATES DATA IS MISSING.
T  INDICATES TRACE AMOUNT.




$$
