000
CDUS43 KDDC 121439
CLIDGC


CLIMATE REPORT
NATIONAL WEATHER SERVICE DODGE CITY KS
839 AM CST MON FEB 12 2018


...................................

...THE DODGE CITY KS CLIMATE SUMMARY FOR FEBRUARY 12 2018...
VALID AS OF 0800 AM LOCAL TIME.

CLIMATE NORMAL PERIOD 1981 TO 2010
CLIMATE RECORD PERIOD 1875 TO 2018


WEATHER ITEM   OBSERVED TIME   RECORD YEAR NORMAL DEPARTURE LAST
                VALUE   (LST)  VALUE       VALUE  FROM      YEAR
                                                  NORMAL
..................................................................
TEMPERATURE (F)
 TODAY
  MAXIMUM         20    104 AM  82    1962  48    -28       49
  MINIMUM          7    619 AM -26    1899  23    -16       36
  AVERAGE         14                        35    -21       43

PRECIPITATION (IN)
  TODAY            0.00          0.52 1906   0.03  -0.03     0.00
  MONTH TO DATE    0.05                      0.28  -0.23     0.00
  SINCE DEC 1      0.14                      1.70  -1.56     3.18
  SINCE JAN 1      0.14                      0.86  -0.72     2.56

SNOWFALL (IN)
  TODAY            0.0           6.3  1995   0.2   -0.2      0.0
  MONTH TO DATE    T                         1.9   -1.9      0.0
  SINCE DEC 1      1.2                      10.9   -9.7      5.0
  SINCE JUL 1      1.2                      13.1  -11.9      5.0
  SNOW DEPTH       0

..................................................................


WIND (MPH)
  HIGHEST WIND SPEED    16   HIGHEST WIND DIRECTION     S (160)
  HIGHEST GUST SPEED    20   HIGHEST GUST DIRECTION     S (160)
  AVERAGE WIND SPEED    11.5



WEATHER CONDITIONS
 THE FOLLOWING WEATHER WAS RECORDED TODAY.
  NO SIGNIFICANT WEATHER WAS OBSERVED.


RELATIVE HUMIDITY (PERCENT)
 HIGHEST    67           700 AM
 LOWEST     49           100 AM

..........................................................


THE DODGE CITY KS CLIMATE NORMALS FOR TOMORROW
                         NORMAL    RECORD    YEAR
 MAXIMUM TEMPERATURE (F)   48        79      1954
 MINIMUM TEMPERATURE (F)   23       -20      1905


SUNRISE AND SUNSET
FEBRUARY 12 2018......SUNRISE   733 AM CST   SUNSET   616 PM CST
FEBRUARY 13 2018......SUNRISE   732 AM CST   SUNSET   617 PM CST


-  INDICATES NEGATIVE NUMBERS.
R  INDICATES RECORD WAS SET OR TIED.
MM INDICATES DATA IS MISSING.
T  INDICATES TRACE AMOUNT.




$$
