000
CDUS43 KDDC 140728
CLIDGC


CLIMATE REPORT
NATIONAL WEATHER SERVICE DODGE CITY KS
227 AM CDT SAT MAY 14 2016


...................................

...THE DODGE CITY KS CLIMATE SUMMARY FOR MAY 13 2016...

CLIMATE NORMAL PERIOD 1981 TO 2010
CLIMATE RECORD PERIOD 1875 TO 2016


WEATHER ITEM   OBSERVED TIME   RECORD YEAR NORMAL DEPARTURE LAST
                VALUE   (LST)  VALUE       VALUE  FROM      YEAR
                                                  NORMAL
..................................................................
TEMPERATURE (F)
 YESTERDAY
  MAXIMUM         82    201 PM  95    1974  76      6       61
  MINIMUM         44   1159 PM  32    1966  51     -7       49
                                      1953
  AVERAGE         63                        63      0       55

PRECIPITATION (IN)
  YESTERDAY        0.00          1.34 1965   0.09  -0.09     0.85
  MONTH TO DATE    0.01                      1.05  -1.04     2.26
  SINCE MAR 1      8.13                      4.46   3.67     4.35
  SINCE JAN 1      8.72                      5.72   3.00     5.65

SNOWFALL (IN)
  YESTERDAY        0.0           T    1953   0.0    0.0      0.0
                                      1950
  MONTH TO DATE    0.0                       0.0    0.0      0.0
  SINCE MAR 1      0.4                       6.0   -5.6       T
  SINCE JUL 1     10.4                      21.1  -10.7     21.4
  SNOW DEPTH       0

DEGREE DAYS
 HEATING
  YESTERDAY        2                         4     -2       10
  MONTH TO DATE   76                        70      6       58
  SINCE MAR 1    891                      1062   -171      819
  SINCE JUL 1   4253                      4909   -656     4567

 COOLING
  YESTERDAY        0                         2     -2        0
  MONTH TO DATE    5                        22    -17       28
  SINCE MAR 1     14                        41    -27       43
  SINCE JAN 1     16                        41    -25       43
..................................................................


WIND (MPH)
  HIGHEST WIND SPEED    32   HIGHEST WIND DIRECTION     N (360)
  HIGHEST GUST SPEED    42   HIGHEST GUST DIRECTION    SW (210)
  AVERAGE WIND SPEED    18.7


SKY COVER
  POSSIBLE SUNSHINE  MM
  AVERAGE SKY COVER 0.0


WEATHER CONDITIONS
 THE FOLLOWING WEATHER WAS RECORDED YESTERDAY.
  NO SIGNIFICANT WEATHER WAS OBSERVED.


RELATIVE HUMIDITY (PERCENT)
 HIGHEST    76          1100 PM
 LOWEST     30           200 PM
 AVERAGE    53

..........................................................


THE DODGE CITY KS CLIMATE NORMALS FOR TODAY
                         NORMAL    RECORD    YEAR
 MAXIMUM TEMPERATURE (F)   76        97      1941
                                             1899
 MINIMUM TEMPERATURE (F)   51        32      2004
                                             1953


SUNRISE AND SUNSET
MAY 14 2016...........SUNRISE   630 AM CDT   SUNSET   842 PM CDT
MAY 15 2016...........SUNRISE   630 AM CDT   SUNSET   843 PM CDT


-  INDICATES NEGATIVE NUMBERS.
R  INDICATES RECORD WAS SET OR TIED.
MM INDICATES DATA IS MISSING.
T  INDICATES TRACE AMOUNT.




$$
