000
CDUS43 KDDC 271006
CLIDGC


CLIMATE REPORT
NATIONAL WEATHER SERVICE DODGE CITY KS
506 AM CDT WED MAY 27 2015


...................................

...THE DODGE CITY KS CLIMATE SUMMARY FOR MAY 26 2015...

CLIMATE NORMAL PERIOD 1981 TO 2010
CLIMATE RECORD PERIOD 1875 TO 2015


WEATHER ITEM   OBSERVED TIME   RECORD YEAR NORMAL DEPARTURE LAST
                VALUE   (LST)  VALUE       VALUE  FROM      YEAR
                                                  NORMAL
..................................................................
TEMPERATURE (F)
 YESTERDAY
  MAXIMUM         79    623 PM 101    1953  80     -1       79
  MINIMUM         51    528 AM  35    1901  55     -4       54
  AVERAGE         65                        67     -2       67

PRECIPITATION (IN)
  YESTERDAY        T             2.89 1898   0.10  -0.10      T
  MONTH TO DATE    8.95                      2.30   6.65     1.64
  SINCE MAR 1     11.04                      5.71   5.33     2.65
  SINCE JAN 1     12.34                      6.97   5.37     3.49

SNOWFALL (IN)
  YESTERDAY        0.0           0.0  2002   0.0    0.0      0.0
                                      2001
  MONTH TO DATE    0.0                       0.0    0.0      0.0
  SINCE MAR 1      T                         6.0   -6.0      6.6
  SINCE JUL 1     21.4                      21.1    0.3     31.1
  SNOW DEPTH       0

DEGREE DAYS
 HEATING
  YESTERDAY        0                         2     -2        0
  MONTH TO DATE  138                       107     31      116
  SINCE MAR 1    899                      1099   -200     1214
  SINCE JUL 1   4647                      4946   -299     5371

 COOLING
  YESTERDAY        0                         4     -4        2
  MONTH TO DATE   36                        65    -29       98
  SINCE MAR 1     51                        84    -33      121
  SINCE JAN 1     51                        84    -33      121
..................................................................


WIND (MPH)
  HIGHEST WIND SPEED    13   HIGHEST WIND DIRECTION    SW (220)
  HIGHEST GUST SPEED    16   HIGHEST GUST DIRECTION    SW (220)
  AVERAGE WIND SPEED     5.3


SKY COVER
  POSSIBLE SUNSHINE  MM
  AVERAGE SKY COVER 0.1


WEATHER CONDITIONS
 THE FOLLOWING WEATHER WAS RECORDED YESTERDAY.
  LIGHT RAIN


RELATIVE HUMIDITY (PERCENT)
 HIGHEST    89           400 AM
 LOWEST     33           600 PM
 AVERAGE    61

..........................................................


THE DODGE CITY KS CLIMATE NORMALS FOR TODAY
                         NORMAL    RECORD    YEAR
 MAXIMUM TEMPERATURE (F)   80       100      2013
 MINIMUM TEMPERATURE (F)   55        30      1907


SUNRISE AND SUNSET
MAY 27 2015...........SUNRISE   622 AM CDT   SUNSET   852 PM CDT
MAY 28 2015...........SUNRISE   621 AM CDT   SUNSET   853 PM CDT


-  INDICATES NEGATIVE NUMBERS.
R  INDICATES RECORD WAS SET OR TIED.
MM INDICATES DATA IS MISSING.
T  INDICATES TRACE AMOUNT.




$$
