000
CDUS43 KDDC 252333
CLIDGC


CLIMATE REPORT
NATIONAL WEATHER SERVICE DODGE CITY KS
633 PM CDT MON APR 25 2016


...................................

...THE DODGE CITY KS CLIMATE SUMMARY FOR APRIL 25 2016...
VALID TODAY AS OF 0500 PM LOCAL TIME.

CLIMATE NORMAL PERIOD 1981 TO 2010
CLIMATE RECORD PERIOD 1875 TO 2016


WEATHER ITEM   OBSERVED TIME   RECORD YEAR NORMAL DEPARTURE LAST
                VALUE   (LST)  VALUE       VALUE  FROM      YEAR
                                                  NORMAL
..................................................................
TEMPERATURE (F)
 TODAY
  MAXIMUM         75    434 PM  90    1989  71      4       79
  MINIMUM         46    615 AM  30    2006  44      2       48
                                      1950
                                      1918
  AVERAGE         61                        57      4       64

PRECIPITATION (IN)
  TODAY            0.00          1.46 1990   0.07  -0.07     0.00
  MONTH TO DATE    5.81                      1.47   4.34     1.66
  SINCE MAR 1      5.85                      3.06   2.79     1.95
  SINCE JAN 1      6.44                      4.32   2.12     3.25

SNOWFALL (IN)
  TODAY            0.0           T    1947   0.0    0.0      0.0
  MONTH TO DATE    0.0                       1.1   -1.1      0.0
  SINCE MAR 1      0.4                       6.0   -5.6       T
  SINCE JUL 1     10.4                      21.1  -10.7     21.4
  SNOW DEPTH       0

DEGREE DAYS
 HEATING
  TODAY            4                         9     -5        1
  MONTH TO DATE  239                       312    -73      200
  SINCE MAR 1    745                       952   -207      704
  SINCE JUL 1   4107                      4799   -692     4452

 COOLING
  TODAY            0                         1     -1        0
  MONTH TO DATE    7                        10     -3       15
  SINCE MAR 1      9                        11     -2       15
  SINCE JAN 1     11                        11      0       15
..................................................................


WIND (MPH)
  HIGHEST WIND SPEED    20   HIGHEST WIND DIRECTION    NE (40)
  HIGHEST GUST SPEED    24   HIGHEST GUST DIRECTION    NE (40)
  AVERAGE WIND SPEED     9.7


SKY COVER
  POSSIBLE SUNSHINE  MM
  AVERAGE SKY COVER 0.2


WEATHER CONDITIONS
 THE FOLLOWING WEATHER WAS RECORDED TODAY.
  NO SIGNIFICANT WEATHER WAS OBSERVED.


RELATIVE HUMIDITY (PERCENT)
 HIGHEST    82           600 AM
 LOWEST     39          1200 PM
 AVERAGE    61

..........................................................


THE DODGE CITY KS CLIMATE NORMALS FOR TOMORROW
                         NORMAL    RECORD    YEAR
 MAXIMUM TEMPERATURE (F)   71        94      1989
                                             1956
 MINIMUM TEMPERATURE (F)   44        27      2006


SUNRISE AND SUNSET
APRIL 25 2016.........SUNRISE   651 AM CDT   SUNSET   825 PM CDT
APRIL 26 2016.........SUNRISE   650 AM CDT   SUNSET   826 PM CDT


-  INDICATES NEGATIVE NUMBERS.
R  INDICATES RECORD WAS SET OR TIED.
MM INDICATES DATA IS MISSING.
T  INDICATES TRACE AMOUNT.




$$
