000
CDUS43 KDDC 150712
CLIDGC


CLIMATE REPORT
NATIONAL WEATHER SERVICE DODGE CITY KS
210 AM CDT FRI SEP 15 2017


...................................

...THE DODGE CITY KS CLIMATE SUMMARY FOR SEPTEMBER 14 2017...

CLIMATE NORMAL PERIOD 1981 TO 2010
CLIMATE RECORD PERIOD 1875 TO 2017


WEATHER ITEM   OBSERVED TIME   RECORD YEAR NORMAL DEPARTURE LAST
                VALUE   (LST)  VALUE       VALUE  FROM      YEAR
                                                  NORMAL
..................................................................
TEMPERATURE (F)
 YESTERDAY
  MAXIMUM        100R   242 PM  99    1931  83     17       80
  MINIMUM         63    619 AM  38    1993  57      6       53
  AVERAGE         82                        70     12       67

PRECIPITATION (IN)
  YESTERDAY        0.00          1.24 1926   0.05  -0.05     0.00
  MONTH TO DATE    T                         0.89  -0.89     0.29
  SINCE SEP 1      T                         0.89  -0.89     0.29
  SINCE JAN 1     23.65                     17.48   6.17    22.30

SNOWFALL (IN)
  YESTERDAY        0.0           0.0  2002   0.0    0.0      0.0
                                      2001
  MONTH TO DATE    0.0                       0.0    0.0      0.0
  SINCE SEP 1      0.0                       0.0    0.0      0.0
  SINCE JUL 1      0.0                       0.0    0.0      0.0
  SNOW DEPTH       0

DEGREE DAYS
 HEATING
  YESTERDAY        0                         1     -1        0
  MONTH TO DATE    4                        10     -6        6
  SINCE SEP 1      4                        10     -6        6
  SINCE JUL 1      4                        14    -10        6

 COOLING
  YESTERDAY       17                         6     11        2
  MONTH TO DATE  132                       117     15      127
  SINCE SEP 1    132                       117     15      127
  SINCE JAN 1   1364                      1363      1     1381
..................................................................


WIND (MPH)
  HIGHEST WIND SPEED    26   HIGHEST WIND DIRECTION     S (190)
  HIGHEST GUST SPEED    34   HIGHEST GUST DIRECTION     S (170)
  AVERAGE WIND SPEED    16.2


SKY COVER
  POSSIBLE SUNSHINE  MM
  AVERAGE SKY COVER 0.0


WEATHER CONDITIONS
 THE FOLLOWING WEATHER WAS RECORDED YESTERDAY.
  HAZE


RELATIVE HUMIDITY (PERCENT)
 HIGHEST    63           300 AM
 LOWEST     17           200 PM
 AVERAGE    40

..........................................................


THE DODGE CITY KS CLIMATE NORMALS FOR TODAY
                         NORMAL    RECORD    YEAR
 MAXIMUM TEMPERATURE (F)   83       101      1978
 MINIMUM TEMPERATURE (F)   56        36      1993


SUNRISE AND SUNSET
SEPTEMBER 15 2017.....SUNRISE   722 AM CDT   SUNSET   747 PM CDT
SEPTEMBER 16 2017.....SUNRISE   723 AM CDT   SUNSET   746 PM CDT


-  INDICATES NEGATIVE NUMBERS.
R  INDICATES RECORD WAS SET OR TIED.
MM INDICATES DATA IS MISSING.
T  INDICATES TRACE AMOUNT.




$$
