000
CDUS43 KDDC 312332
CLIDGC


CLIMATE REPORT
NATIONAL WEATHER SERVICE DODGE CITY KS
531 PM CST SUN JAN 31 2016


...................................

...THE DODGE CITY KS CLIMATE SUMMARY FOR JANUARY 31 2016...
VALID TODAY AS OF 0500 PM LOCAL TIME.

CLIMATE NORMAL PERIOD 1981 TO 2010
CLIMATE RECORD PERIOD 1875 TO 2016


WEATHER ITEM   OBSERVED TIME   RECORD YEAR NORMAL DEPARTURE LAST
                VALUE   (LST)  VALUE       VALUE  FROM      YEAR
                                                  NORMAL
..................................................................
TEMPERATURE (F)
 TODAY
  MAXIMUM         50    202 PM  80    1989  45      5       41
  MINIMUM         30    812 AM -11    1979  21      9       33
  AVERAGE         40                        33      7       37

PRECIPITATION (IN)
  TODAY            0.00          0.64 1998   0.02  -0.02     0.12
  MONTH TO DATE    0.28                      0.58  -0.30     0.66
  SINCE DEC 1      2.71                      1.42   1.29     1.66
  SINCE JAN 1      0.28                      0.58  -0.30     0.66

SNOWFALL (IN)
  TODAY            0.0           3.0  1983   0.2   -0.2      0.0
                                      1959
  MONTH TO DATE    0.7                       4.9   -4.2      4.5
  SINCE DEC 1      8.8                       9.0   -0.2      8.3
  SINCE JUL 1      9.9                      11.2   -1.3     10.5
  SNOW DEPTH       0

DEGREE DAYS
 HEATING
  TODAY           25                        32     -7       28
  MONTH TO DATE  970                      1017    -47      955
  SINCE DEC 1   1847                      2018   -171     1887
  SINCE JUL 1   2677                      3032   -355     2885

 COOLING
  TODAY            0                         0      0        0
  MONTH TO DATE    0                         0      0        0
  SINCE DEC 1      0                         0      0        0
  SINCE JAN 1      0                         0      0        0
..................................................................


WIND (MPH)
  HIGHEST WIND SPEED    31   HIGHEST WIND DIRECTION     N (350)
  HIGHEST GUST SPEED    43   HIGHEST GUST DIRECTION     N (350)
  AVERAGE WIND SPEED    16.0


SKY COVER
  POSSIBLE SUNSHINE  MM
  AVERAGE SKY COVER 0.2


WEATHER CONDITIONS
 THE FOLLOWING WEATHER WAS RECORDED TODAY.
  NO SIGNIFICANT WEATHER WAS OBSERVED.


RELATIVE HUMIDITY (PERCENT)
 HIGHEST    85           700 AM
 LOWEST     36           200 PM
 AVERAGE    61

..........................................................


THE DODGE CITY KS CLIMATE NORMALS FOR TOMORROW
                         NORMAL    RECORD    YEAR
 MAXIMUM TEMPERATURE (F)   46        86      1963
 MINIMUM TEMPERATURE (F)   21       -15      1951


SUNRISE AND SUNSET
JANUARY 31 2016.......SUNRISE   745 AM CST   SUNSET   602 PM CST
FEBRUARY  1 2016......SUNRISE   744 AM CST   SUNSET   603 PM CST


-  INDICATES NEGATIVE NUMBERS.
R  INDICATES RECORD WAS SET OR TIED.
MM INDICATES DATA IS MISSING.
T  INDICATES TRACE AMOUNT.




$$
