000
CDUS43 KDDC 060708
CLIDGC


CLIMATE REPORT
NATIONAL WEATHER SERVICE DODGE CITY KS
208 AM CDT FRI OCT 6 2017


...................................

...THE DODGE CITY KS CLIMATE SUMMARY FOR OCTOBER 5 2017...

CLIMATE NORMAL PERIOD 1981 TO 2010
CLIMATE RECORD PERIOD 1875 TO 2017


WEATHER ITEM   OBSERVED TIME   RECORD YEAR NORMAL DEPARTURE LAST
                VALUE   (LST)  VALUE       VALUE  FROM      YEAR
                                                  NORMAL
..................................................................
TEMPERATURE (F)
 YESTERDAY
  MAXIMUM         80   1239 PM  95    1947  74      6       81
  MINIMUM         63   1159 PM  29    1932  48     15       39
  AVERAGE         72                        61     11       60

PRECIPITATION (IN)
  YESTERDAY        0.01          0.73 1930   0.05  -0.04     0.00
  MONTH TO DATE    0.13                      0.28  -0.15     0.00
  SINCE SEP 1      1.67                      1.95  -0.28     0.31
  SINCE JAN 1     25.32                     18.54   6.78    22.32

SNOWFALL (IN)
  YESTERDAY        0.0           T    1951   0.0    0.0      0.0
  MONTH TO DATE    0.0                       0.0    0.0      0.0
  SINCE SEP 1      0.0                       0.0    0.0      0.0
  SINCE JUL 1      0.0                       0.0    0.0      0.0
  SNOW DEPTH       0

DEGREE DAYS
 HEATING
  YESTERDAY        0                         6     -6        5
  MONTH TO DATE    5                        28    -23        8
  SINCE SEP 1     35                        89    -54       34
  SINCE JUL 1     35                        93    -58       34

 COOLING
  YESTERDAY        7                         2      5        0
  MONTH TO DATE   23                        11     12       19
  SINCE SEP 1    270                       198     72      261
  SINCE JAN 1   1502                      1444     58     1515
..................................................................


WIND (MPH)
  HIGHEST WIND SPEED    21   HIGHEST WIND DIRECTION     S (160)
  HIGHEST GUST SPEED    24   HIGHEST GUST DIRECTION    SE (150)
  AVERAGE WIND SPEED    10.6


SKY COVER
  POSSIBLE SUNSHINE  MM
  AVERAGE SKY COVER 0.6


WEATHER CONDITIONS
 THE FOLLOWING WEATHER WAS RECORDED YESTERDAY.
  LIGHT RAIN
  FOG
  FOG W/VISIBILITY <= 1/4 MILE


RELATIVE HUMIDITY (PERCENT)
 HIGHEST   100          1200 AM
 LOWEST     64           200 PM
 AVERAGE    82

..........................................................


THE DODGE CITY KS CLIMATE NORMALS FOR TODAY
                         NORMAL    RECORD    YEAR
 MAXIMUM TEMPERATURE (F)   74        93      1931
 MINIMUM TEMPERATURE (F)   47        30      2001


SUNRISE AND SUNSET
OCTOBER  6 2017.......SUNRISE   740 AM CDT   SUNSET   715 PM CDT
OCTOBER  7 2017.......SUNRISE   741 AM CDT   SUNSET   713 PM CDT


-  INDICATES NEGATIVE NUMBERS.
R  INDICATES RECORD WAS SET OR TIED.
MM INDICATES DATA IS MISSING.
T  INDICATES TRACE AMOUNT.




$$
