571
CDUS43 KDDC 202329
CLIDGC


CLIMATE REPORT
NATIONAL WEATHER SERVICE DODGE CITY KS
629 PM CDT TUE JUN 20 2017


...................................

...THE DODGE CITY KS CLIMATE SUMMARY FOR JUNE 20 2017...
VALID TODAY AS OF 0500 PM LOCAL TIME.

CLIMATE NORMAL PERIOD 1981 TO 2010
CLIMATE RECORD PERIOD 1875 TO 2017


WEATHER ITEM   OBSERVED TIME   RECORD YEAR NORMAL DEPARTURE LAST
                VALUE   (LST)  VALUE       VALUE  FROM      YEAR
                                                  NORMAL
..................................................................
TEMPERATURE (F)
 TODAY
  MAXIMUM         95    253 PM 106    1988  88      7       95
  MINIMUM         63    414 AM  49    1920  62      1       68
  AVERAGE         79                        75      4       82

PRECIPITATION (IN)
  TODAY            0.00          1.70 1884   0.11  -0.11     0.00
  MONTH TO DATE    2.46                      2.22   0.24     1.18
  SINCE JUN 1      2.46                      2.22   0.24     1.18
  SINCE JAN 1     19.89                      9.74  10.15    12.30

SNOWFALL (IN)
  TODAY            0.0           0.0  2002   0.0    0.0      0.0
                                      2001
  MONTH TO DATE    0.0                       0.0    0.0      0.0
  SINCE JUN 1      0.0                       0.0    0.0      0.0
  SINCE JUL 1      7.5                      21.1  -13.6     10.4
  SNOW DEPTH       0

DEGREE DAYS
 HEATING
  TODAY            0                         0      0        0
  MONTH TO DATE    0                        10    -10        1
  SINCE JUN 1      0                        10    -10        1
  SINCE JUL 1   4170                      4964   -794     4340

 COOLING
  TODAY           14                        11      3       17
  MONTH TO DATE  215                       159     56      202
  SINCE JUN 1    215                       159     56      202
  SINCE JAN 1    317                       268     49      260
..................................................................


WIND (MPH)
  HIGHEST WIND SPEED    21   HIGHEST WIND DIRECTION     S (160)
  HIGHEST GUST SPEED    27   HIGHEST GUST DIRECTION    SW (220)
  AVERAGE WIND SPEED    13.0


SKY COVER
  POSSIBLE SUNSHINE  MM
  AVERAGE SKY COVER 0.0


WEATHER CONDITIONS
 THE FOLLOWING WEATHER WAS RECORDED TODAY.
  NO SIGNIFICANT WEATHER WAS OBSERVED.


RELATIVE HUMIDITY (PERCENT)
 HIGHEST    73           600 AM
 LOWEST     34           300 PM
 AVERAGE    54

..........................................................


THE DODGE CITY KS CLIMATE NORMALS FOR TOMORROW
                         NORMAL    RECORD    YEAR
 MAXIMUM TEMPERATURE (F)   89       105      1953
 MINIMUM TEMPERATURE (F)   63        50      1902


SUNRISE AND SUNSET
JUNE 20 2017..........SUNRISE   618 AM CDT   SUNSET   905 PM CDT
JUNE 21 2017..........SUNRISE   618 AM CDT   SUNSET   905 PM CDT


-  INDICATES NEGATIVE NUMBERS.
R  INDICATES RECORD WAS SET OR TIED.
MM INDICATES DATA IS MISSING.
T  INDICATES TRACE AMOUNT.




$$
