000
CDUS43 KDDC 211007
CLIDGC


CLIMATE REPORT
NATIONAL WEATHER SERVICE DODGE CITY KS
406 AM CST SAT FEB 21 2015


...................................

...THE DODGE CITY KS CLIMATE SUMMARY FOR FEBRUARY 20 2015...

CLIMATE NORMAL PERIOD 1981 TO 2010
CLIMATE RECORD PERIOD 1875 TO 2015


WEATHER ITEM   OBSERVED TIME   RECORD YEAR NORMAL DEPARTURE LAST
                VALUE   (LST)  VALUE       VALUE  FROM      YEAR
                                                  NORMAL
..................................................................
TEMPERATURE (F)
 YESTERDAY
  MAXIMUM         57    342 PM  84    1981  50      7       48
  MINIMUM         23    510 AM  -2    1918  25     -2       29
  AVERAGE         40                        37      3       39

PRECIPITATION (IN)
  YESTERDAY        T             0.77 1878   0.03  -0.03     0.05
  MONTH TO DATE    0.13                      0.47  -0.34     0.60
  SINCE DEC 1      1.79                      1.89  -0.10     1.32
  SINCE JAN 1      0.79                      1.05  -0.26     0.84

SNOWFALL (IN)
  YESTERDAY        0.0           4.6  1924   0.1   -0.1      1.0
  MONTH TO DATE    2.0                       2.9   -0.9     10.0
  SINCE DEC 1     10.3                      11.9   -1.6     19.5
  SINCE JUL 1     12.5                      14.1   -1.6     24.5
  SNOW DEPTH       0

DEGREE DAYS
 HEATING
  YESTERDAY       25                        28     -3       26
  MONTH TO DATE  527                       602    -75      760
  SINCE DEC 1   2414                      2620   -206     2867
  SINCE JUL 1   3412                      3634   -222     3895

 COOLING
  YESTERDAY        0                         0      0        0
  MONTH TO DATE    0                         0      0        0
  SINCE DEC 1      0                         0      0        0
  SINCE JAN 1      0                         0      0        0
..................................................................


WIND (MPH)
  HIGHEST WIND SPEED    31   HIGHEST WIND DIRECTION     N (10)
  HIGHEST GUST SPEED    38   HIGHEST GUST DIRECTION     N (360)
  AVERAGE WIND SPEED     9.4


SKY COVER
  POSSIBLE SUNSHINE  MM
  AVERAGE SKY COVER 0.1


WEATHER CONDITIONS
 THE FOLLOWING WEATHER WAS RECORDED YESTERDAY.
  LIGHT RAIN


RELATIVE HUMIDITY (PERCENT)
 HIGHEST    75           400 AM
 LOWEST     38           300 PM
 AVERAGE    57

..........................................................


THE DODGE CITY KS CLIMATE NORMALS FOR TODAY
                         NORMAL    RECORD    YEAR
 MAXIMUM TEMPERATURE (F)   50        79      2000
                                             1977
 MINIMUM TEMPERATURE (F)   25        -3      1978


SUNRISE AND SUNSET
FEBRUARY 21 2015......SUNRISE   722 AM CST   SUNSET   625 PM CST
FEBRUARY 22 2015......SUNRISE   721 AM CST   SUNSET   626 PM CST


-  INDICATES NEGATIVE NUMBERS.
R  INDICATES RECORD WAS SET OR TIED.
MM INDICATES DATA IS MISSING.
T  INDICATES TRACE AMOUNT.




$$
