000
CDUS43 KDDC 152333
CLIDGC


CLIMATE REPORT
NATIONAL WEATHER SERVICE DODGE CITY KS
632 PM CDT TUE JUL 15 2014


...................................

...THE DODGE CITY KS CLIMATE SUMMARY FOR JULY 15 2014...
VALID TODAY AS OF 0500 PM LOCAL TIME.

CLIMATE NORMAL PERIOD 1981 TO 2010
CLIMATE RECORD PERIOD 1875 TO 2014


WEATHER ITEM   OBSERVED TIME   RECORD YEAR NORMAL DEPARTURE LAST
                VALUE   (LST)  VALUE       VALUE  FROM      YEAR
                                                  NORMAL
..................................................................
TEMPERATURE (F)
 TODAY
  MAXIMUM         73    452 PM 108    2011  93    -20       83
                                      1980
  MINIMUM         53R   548 AM  55    2013  67    -14       55
  AVERAGE         63                        80    -17       69

PRECIPITATION (IN)
  TODAY            T             1.78 1948   0.11  -0.11      T
  MONTH TO DATE    0.15                      1.47  -1.32      T
  SINCE JUN 1      9.24                      4.71   4.53     2.61
  SINCE JAN 1     12.76                     12.23   0.53     6.04

SNOWFALL (IN)
  TODAY            0.0           T    1994   0.0    0.0      0.0
  MONTH TO DATE    0.0                       0.0    0.0      0.0
  SINCE JUN 1      0.0                       0.0    0.0      0.0
  SINCE JUL 1      0.0                       0.0    0.0      0.0
  SNOW DEPTH       0

DEGREE DAYS
 HEATING
  TODAY            2                         0      2        0
  MONTH TO DATE    2                         0      2        0
  SINCE JUN 1      9                        13     -4       12
  SINCE JUL 1      2                         0      2        0

 COOLING
  TODAY            0                        15    -15        4
  MONTH TO DATE  167                       213    -46      229
  SINCE JUN 1    451                       491    -40      617
  SINCE JAN 1    623                       600     23      779
..................................................................


WIND (MPH)
  HIGHEST WIND SPEED    13   HIGHEST WIND DIRECTION    SE (140)
  HIGHEST GUST SPEED    16   HIGHEST GUST DIRECTION    NE (50)
  AVERAGE WIND SPEED     6.2


SKY COVER
  POSSIBLE SUNSHINE  MM
  AVERAGE SKY COVER 0.5


WEATHER CONDITIONS
 THE FOLLOWING WEATHER WAS RECORDED TODAY.
  NO SIGNIFICANT WEATHER WAS OBSERVED.


RELATIVE HUMIDITY (PERCENT)
 HIGHEST    83           600 AM
 LOWEST     41           100 PM
 AVERAGE    62

..........................................................


THE DODGE CITY KS CLIMATE NORMALS FOR TOMORROW
                         NORMAL    RECORD    YEAR
 MAXIMUM TEMPERATURE (F)   93       108      2011
 MINIMUM TEMPERATURE (F)   67        51      1906


SUNRISE AND SUNSET
JULY 15 2014..........SUNRISE   630 AM CDT   SUNSET   901 PM CDT
JULY 16 2014..........SUNRISE   631 AM CDT   SUNSET   901 PM CDT


-  INDICATES NEGATIVE NUMBERS.
R  INDICATES RECORD WAS SET OR TIED.
MM INDICATES DATA IS MISSING.
T  INDICATES TRACE AMOUNT.




$$
