000
CDUS43 KDDC 211006
CLIDGC


CLIMATE REPORT
NATIONAL WEATHER SERVICE DODGE CITY KS
505 AM CDT SAT MAR 21 2015


...................................

...THE DODGE CITY KS CLIMATE SUMMARY FOR MARCH 20 2015...

CLIMATE NORMAL PERIOD 1981 TO 2010
CLIMATE RECORD PERIOD 1875 TO 2015


WEATHER ITEM   OBSERVED TIME   RECORD YEAR NORMAL DEPARTURE LAST
                VALUE   (LST)  VALUE       VALUE  FROM      YEAR
                                                  NORMAL
..................................................................
TEMPERATURE (F)
 YESTERDAY
  MAXIMUM         67    344 PM  91    1907  59      8       70
  MINIMUM         36    505 AM  -1    1876  32      4       33
  AVERAGE         52                        46      6       52

PRECIPITATION (IN)
  YESTERDAY        0.00          0.66 1902   0.06  -0.06     0.00
  MONTH TO DATE    0.27                      0.93  -0.66     0.26
  SINCE MAR 1      0.27                      0.93  -0.66     0.26
  SINCE JAN 1      1.57                      2.19  -0.62     1.10

SNOWFALL (IN)
  YESTERDAY        0.0           6.4  2006   0.1   -0.1      0.0
  MONTH TO DATE    T                         3.2   -3.2      4.4
  SINCE MAR 1      T                         3.2   -3.2      4.4
  SINCE JUL 1     21.4                      18.3    3.1     28.9
  SNOW DEPTH       0

DEGREE DAYS
 HEATING
  YESTERDAY       13                        19     -6       13
  MONTH TO DATE  391                       445    -54      526
  SINCE MAR 1    391                       445    -54      526
  SINCE JUL 1   4139                      4292   -153     4683

 COOLING
  YESTERDAY        0                         0      0        0
  MONTH TO DATE    0                         0      0        0
  SINCE MAR 1      0                         0      0        0
  SINCE JAN 1      0                         0      0        0
..................................................................


WIND (MPH)
  HIGHEST WIND SPEED    14   HIGHEST WIND DIRECTION    SW (220)
  HIGHEST GUST SPEED    18   HIGHEST GUST DIRECTION     S (190)
  AVERAGE WIND SPEED     7.8


SKY COVER
  POSSIBLE SUNSHINE  MM
  AVERAGE SKY COVER 0.0


WEATHER CONDITIONS
 THE FOLLOWING WEATHER WAS RECORDED YESTERDAY.
  FOG


RELATIVE HUMIDITY (PERCENT)
 HIGHEST    89          1200 AM
 LOWEST     28           500 PM
 AVERAGE    59

..........................................................


THE DODGE CITY KS CLIMATE NORMALS FOR TODAY
                         NORMAL    RECORD    YEAR
 MAXIMUM TEMPERATURE (F)   60        94      1907
 MINIMUM TEMPERATURE (F)   32         6      1913


SUNRISE AND SUNSET
MARCH 21 2015.........SUNRISE   742 AM CDT   SUNSET   752 PM CDT
MARCH 22 2015.........SUNRISE   741 AM CDT   SUNSET   753 PM CDT


-  INDICATES NEGATIVE NUMBERS.
R  INDICATES RECORD WAS SET OR TIED.
MM INDICATES DATA IS MISSING.
T  INDICATES TRACE AMOUNT.




$$
