000
CDUS43 KDDC 181020
CLIDGC


CLIMATE REPORT
NATIONAL WEATHER SERVICE DODGE CITY KS
419 AM CST TUE NOV 18 2014


...................................

...THE DODGE CITY KS CLIMATE SUMMARY FOR NOVEMBER 17 2014...

CLIMATE NORMAL PERIOD 1981 TO 2010
CLIMATE RECORD PERIOD 1875 TO 2014


WEATHER ITEM   OBSERVED TIME   RECORD YEAR NORMAL DEPARTURE LAST
                VALUE   (LST)  VALUE       VALUE  FROM      YEAR
                                                  NORMAL
..................................................................
TEMPERATURE (F)
 YESTERDAY
  MAXIMUM         34    333 PM  80    1999  55    -21       61
  MINIMUM          3    438 AM  -4    1880  30    -27       31
  AVERAGE         19                        42    -23       46

PRECIPITATION (IN)
  YESTERDAY        0.00          1.32 1971   0.02  -0.02     0.00
  MONTH TO DATE    0.14                      0.49  -0.35     0.62
  SINCE SEP 1      3.94                      3.90   0.04     4.58
  SINCE JAN 1     22.17                     20.49   1.68    20.06

SNOWFALL (IN)
  YESTERDAY        0.0           3.2  1957   0.1   -0.1      0.0
  MONTH TO DATE    2.2                       0.6    1.6      0.0
  SINCE SEP 1      2.2                       1.0    1.2      2.7
  SINCE JUL 1      2.2                       1.0    1.2      2.7
  SNOW DEPTH       1

DEGREE DAYS
 HEATING
  YESTERDAY       46                        23     23       19
  MONTH TO DATE  435                       319    116      307
  SINCE SEP 1    675                       671      4      647
  SINCE JUL 1    688                       675     13      647

 COOLING
  YESTERDAY        0                         0      0        0
  MONTH TO DATE    0                         0      0        0
  SINCE SEP 1    230                       216     14      277
  SINCE JAN 1   1475                      1462     13     1641
..................................................................


WIND (MPH)
  HIGHEST WIND SPEED    23   HIGHEST WIND DIRECTION    NW (320)
  HIGHEST GUST SPEED    30   HIGHEST GUST DIRECTION     N (350)
  AVERAGE WIND SPEED     9.3


SKY COVER
  POSSIBLE SUNSHINE  MM
  AVERAGE SKY COVER 0.0


WEATHER CONDITIONS
 THE FOLLOWING WEATHER WAS RECORDED YESTERDAY.
  NO SIGNIFICANT WEATHER WAS OBSERVED.


RELATIVE HUMIDITY (PERCENT)
 HIGHEST    80           500 AM
 LOWEST     41           200 PM
 AVERAGE    61

..........................................................


THE DODGE CITY KS CLIMATE NORMALS FOR TODAY
                         NORMAL    RECORD    YEAR
 MAXIMUM TEMPERATURE (F)   55        77      1875
 MINIMUM TEMPERATURE (F)   29        -7      1880


SUNRISE AND SUNSET
NOVEMBER 18 2014......SUNRISE   723 AM CST   SUNSET   527 PM CST
NOVEMBER 19 2014......SUNRISE   724 AM CST   SUNSET   526 PM CST


-  INDICATES NEGATIVE NUMBERS.
R  INDICATES RECORD WAS SET OR TIED.
MM INDICATES DATA IS MISSING.
T  INDICATES TRACE AMOUNT.




$$
