000
CDUS43 KDDC 091006
CLIDGC


CLIMATE REPORT
NATIONAL WEATHER SERVICE DODGE CITY KS
505 AM CDT TUE SEP 9 2014


...................................

...THE DODGE CITY KS CLIMATE SUMMARY FOR SEPTEMBER 8 2014...

CLIMATE NORMAL PERIOD 1981 TO 2010
CLIMATE RECORD PERIOD 1875 TO 2014


WEATHER ITEM   OBSERVED TIME   RECORD YEAR NORMAL DEPARTURE LAST
                VALUE   (LST)  VALUE       VALUE  FROM      YEAR
                                                  NORMAL
..................................................................
TEMPERATURE (F)
 YESTERDAY
  MAXIMUM         90    446 PM 101    1991  86      4       99
                                      1896
  MINIMUM         61    634 AM  43    1890  59      2       65
                                      1881
  AVERAGE         76                        72      4       82

PRECIPITATION (IN)
  YESTERDAY        0.00          2.24 2009   0.07  -0.07     0.00
  MONTH TO DATE    0.44                      0.55  -0.11     0.08
  SINCE SEP 1      0.44                      0.55  -0.11     0.08
  SINCE JAN 1     18.67                     17.14   1.53    15.56

SNOWFALL (IN)
  YESTERDAY        0.0           0.0  2002   0.0    0.0      0.0
                                      2001
  MONTH TO DATE    0.0                       0.0    0.0      0.0
  SINCE SEP 1      0.0                       0.0    0.0      0.0
  SINCE JUL 1      0.0                       0.0    0.0      0.0
  SNOW DEPTH       0

DEGREE DAYS
 HEATING
  YESTERDAY        0                         1     -1        0
  MONTH TO DATE    5                         4      1        0
  SINCE SEP 1      5                         4      1        0
  SINCE JUL 1     18                         8     10        0

 COOLING
  YESTERDAY       11                         8      3       17
  MONTH TO DATE   64                        74    -10      110
  SINCE SEP 1     64                        74    -10      110
  SINCE JAN 1   1309                      1320    -11     1474
..................................................................


WIND (MPH)
  HIGHEST WIND SPEED    25   HIGHEST WIND DIRECTION     S (180)
  HIGHEST GUST SPEED    32   HIGHEST GUST DIRECTION     S (180)
  AVERAGE WIND SPEED    15.5


SKY COVER
  POSSIBLE SUNSHINE  MM
  AVERAGE SKY COVER 0.0


WEATHER CONDITIONS
 THE FOLLOWING WEATHER WAS RECORDED YESTERDAY.
  NO SIGNIFICANT WEATHER WAS OBSERVED.


RELATIVE HUMIDITY (PERCENT)
 HIGHEST    97           600 AM
 LOWEST     38           400 PM
 AVERAGE    68

..........................................................


THE DODGE CITY KS CLIMATE NORMALS FOR TODAY
                         NORMAL    RECORD    YEAR
 MAXIMUM TEMPERATURE (F)   85       100      1990
 MINIMUM TEMPERATURE (F)   59        41      1962


SUNRISE AND SUNSET
SEPTEMBER  9 2014.....SUNRISE   717 AM CDT   SUNSET   757 PM CDT
SEPTEMBER 10 2014.....SUNRISE   717 AM CDT   SUNSET   755 PM CDT


-  INDICATES NEGATIVE NUMBERS.
R  INDICATES RECORD WAS SET OR TIED.
MM INDICATES DATA IS MISSING.
T  INDICATES TRACE AMOUNT.




$$
