000
CDUS43 KDDC 081431
CLIDGC


CLIMATE REPORT
NATIONAL WEATHER SERVICE DODGE CITY KS
831 AM CST WED NOV 8 2017


...................................

...THE DODGE CITY KS CLIMATE SUMMARY FOR NOVEMBER 8 2017...
VALID AS OF 0800 AM LOCAL TIME.

CLIMATE NORMAL PERIOD 1981 TO 2010
CLIMATE RECORD PERIOD 1875 TO 2017


WEATHER ITEM   OBSERVED TIME   RECORD YEAR NORMAL DEPARTURE LAST
                VALUE   (LST)  VALUE       VALUE  FROM      YEAR
                                                  NORMAL
..................................................................
TEMPERATURE (F)
 TODAY
  MAXIMUM         26    759 AM  91    1980  60    -34       61
  MINIMUM         20    427 AM  16    1925  34    -14       33
  AVERAGE         23                        47    -24       47

PRECIPITATION (IN)
  TODAY            0.00          0.72 1929   0.03  -0.03     0.00
  MONTH TO DATE    0.00                      0.27  -0.27     0.36
  SINCE SEP 1      1.91                      3.68  -1.77     0.76
  SINCE JAN 1     25.56                     20.27   5.29    22.77

SNOWFALL (IN)
  TODAY            0.0           7.0  1929   0.1   -0.1      0.0
  MONTH TO DATE    0.0                       0.2   -0.2      0.0
  SINCE SEP 1      0.0                       0.6   -0.6      0.0
  SINCE JUL 1      0.0                       0.6   -0.6      0.0
  SNOW DEPTH       0

..................................................................


WIND (MPH)
  HIGHEST WIND SPEED     8   HIGHEST WIND DIRECTION     N (350)
  HIGHEST GUST SPEED     9   HIGHEST GUST DIRECTION    NW (320)
  AVERAGE WIND SPEED     6.0



WEATHER CONDITIONS
 THE FOLLOWING WEATHER WAS RECORDED TODAY.
  NO SIGNIFICANT WEATHER WAS OBSERVED.


RELATIVE HUMIDITY (PERCENT)
 HIGHEST    88          1200 AM
 LOWEST     84           100 AM

..........................................................


THE DODGE CITY KS CLIMATE NORMALS FOR TOMORROW
                         NORMAL    RECORD    YEAR
 MAXIMUM TEMPERATURE (F)   60        84      2012
 MINIMUM TEMPERATURE (F)   33        13      1950


SUNRISE AND SUNSET
NOVEMBER  8 2017......SUNRISE   713 AM CST   SUNSET   534 PM CST
NOVEMBER  9 2017......SUNRISE   714 AM CST   SUNSET   533 PM CST


-  INDICATES NEGATIVE NUMBERS.
R  INDICATES RECORD WAS SET OR TIED.
MM INDICATES DATA IS MISSING.
T  INDICATES TRACE AMOUNT.




$$
