545
CDUS43 KDDC 151426
CLIDGC


CLIMATE REPORT
NATIONAL WEATHER SERVICE DODGE CITY KS
826 AM CST WED FEB 15 2017


...................................

...THE DODGE CITY KS CLIMATE SUMMARY FOR FEBRUARY 15 2017...
VALID AS OF 0800 AM LOCAL TIME.

CLIMATE NORMAL PERIOD 1981 TO 2010
CLIMATE RECORD PERIOD 1875 TO 2017


WEATHER ITEM   OBSERVED TIME   RECORD YEAR NORMAL DEPARTURE LAST
                VALUE   (LST)  VALUE       VALUE  FROM      YEAR
                                                  NORMAL
..................................................................
TEMPERATURE (F)
 TODAY
  MAXIMUM         29    759 AM  75    1921  48    -19       63
  MINIMUM         22    217 AM -10    1881  23     -1       28
  AVERAGE         26                        36    -10       46

PRECIPITATION (IN)
  TODAY            0.00          0.50 1903   0.02  -0.02     0.00
  MONTH TO DATE    0.01                      0.34  -0.33     0.31
  SINCE DEC 1      3.19                      1.76   1.43     3.02
  SINCE JAN 1      2.57                      0.92   1.65     0.59

SNOWFALL (IN)
  TODAY            0.0          12.0  1993   0.2   -0.2      0.0
  MONTH TO DATE    0.0                       2.3   -2.3      0.1
  SINCE DEC 1      5.0                      11.3   -6.3      8.9
  SINCE JUL 1      5.0                      13.5   -8.5     10.0
  SNOW DEPTH       0

..................................................................


WIND (MPH)
  HIGHEST WIND SPEED    13   HIGHEST WIND DIRECTION    NW (310)
  HIGHEST GUST SPEED    14   HIGHEST GUST DIRECTION    NW (310)
  AVERAGE WIND SPEED     9.2



WEATHER CONDITIONS
 THE FOLLOWING WEATHER WAS RECORDED TODAY.
  NO SIGNIFICANT WEATHER WAS OBSERVED.


RELATIVE HUMIDITY (PERCENT)
 HIGHEST    81           300 AM
 LOWEST     69           800 AM

..........................................................


THE DODGE CITY KS CLIMATE NORMALS FOR TOMORROW
                         NORMAL    RECORD    YEAR
 MAXIMUM TEMPERATURE (F)   49        80      2011
 MINIMUM TEMPERATURE (F)   24       -18      1903


SUNRISE AND SUNSET
FEBRUARY 15 2017......SUNRISE   729 AM CST   SUNSET   619 PM CST
FEBRUARY 16 2017......SUNRISE   728 AM CST   SUNSET   620 PM CST


-  INDICATES NEGATIVE NUMBERS.
R  INDICATES RECORD WAS SET OR TIED.
MM INDICATES DATA IS MISSING.
T  INDICATES TRACE AMOUNT.




$$
