000
CDUS43 KDDC 240705
CLIDGC


CLIMATE REPORT
NATIONAL WEATHER SERVICE DODGE CITY KS
205 AM CDT SAT JUN 24 2017


...................................

...THE DODGE CITY KS CLIMATE SUMMARY FOR JUNE 23 2017...

CLIMATE NORMAL PERIOD 1981 TO 2010
CLIMATE RECORD PERIOD 1875 TO 2017


WEATHER ITEM   OBSERVED TIME   RECORD YEAR NORMAL DEPARTURE LAST
                VALUE   (LST)  VALUE       VALUE  FROM      YEAR
                                                  NORMAL
..................................................................
TEMPERATURE (F)
 YESTERDAY
  MAXIMUM         75    339 PM 106    1934  89    -14       86
                                      1893
  MINIMUM         64   1126 PM  49    1989  63      1       70
                                      1926
  AVERAGE         70                        76     -6       78

PRECIPITATION (IN)
  YESTERDAY        0.00          1.14 1975   0.11  -0.11     0.43
  MONTH TO DATE    2.72                      2.55   0.17     1.61
  SINCE JUN 1      2.72                      2.55   0.17     1.61
  SINCE JAN 1     20.15                     10.07  10.08    12.73

SNOWFALL (IN)
  YESTERDAY        0.0          90.0  2001   0.0    0.0      0.0
  MONTH TO DATE    0.0                       0.0    0.0      0.0
  SINCE JUN 1      0.0                       0.0    0.0      0.0
  SINCE JUL 1      7.5                      21.1  -13.6     10.4
  SNOW DEPTH       0

DEGREE DAYS
 HEATING
  YESTERDAY        0                         0      0        0
  MONTH TO DATE    0                        10    -10        1
  SINCE JUN 1      0                        10    -10        1
  SINCE JUL 1   4170                      4964   -794     4340

 COOLING
  YESTERDAY        5                        11     -6       13
  MONTH TO DATE  252                       192     60      256
  SINCE JUN 1    252                       192     60      256
  SINCE JAN 1    354                       301     53      314
..................................................................


WIND (MPH)
  HIGHEST WIND SPEED    32   HIGHEST WIND DIRECTION    NE (30)
  HIGHEST GUST SPEED    40   HIGHEST GUST DIRECTION    NE (40)
  AVERAGE WIND SPEED    13.0


SKY COVER
  POSSIBLE SUNSHINE  MM
  AVERAGE SKY COVER 0.5


WEATHER CONDITIONS
 THE FOLLOWING WEATHER WAS RECORDED YESTERDAY.
  THUNDERSTORM


RELATIVE HUMIDITY (PERCENT)
 HIGHEST    93           500 AM
 LOWEST     38           300 PM
 AVERAGE    66

..........................................................


THE DODGE CITY KS CLIMATE NORMALS FOR TODAY
                         NORMAL    RECORD    YEAR
 MAXIMUM TEMPERATURE (F)   90       107      2012
 MINIMUM TEMPERATURE (F)   63        48      1940


SUNRISE AND SUNSET
JUNE 24 2017..........SUNRISE   619 AM CDT   SUNSET   906 PM CDT
JUNE 25 2017..........SUNRISE   619 AM CDT   SUNSET   906 PM CDT


-  INDICATES NEGATIVE NUMBERS.
R  INDICATES RECORD WAS SET OR TIED.
MM INDICATES DATA IS MISSING.
T  INDICATES TRACE AMOUNT.




$$
