000
CDUS43 KDDC 031007
CLIDGC


CLIMATE REPORT
NATIONAL WEATHER SERVICE DODGE CITY KS
507 AM CDT THU SEP 3 2015


...................................

...THE DODGE CITY KS CLIMATE SUMMARY FOR SEPTEMBER 2 2015...

CLIMATE NORMAL PERIOD 1981 TO 2010
CLIMATE RECORD PERIOD 1875 TO 2015


WEATHER ITEM   OBSERVED TIME   RECORD YEAR NORMAL DEPARTURE LAST
                VALUE   (LST)  VALUE       VALUE  FROM      YEAR
                                                  NORMAL
..................................................................
TEMPERATURE (F)
 YESTERDAY
  MAXIMUM        100    346 PM 103    2011  88     12       86
                                      1995
  MINIMUM         67    621 AM  46    1952  62      5       64
                                      1882
  AVERAGE         84                        75      9       75

PRECIPITATION (IN)
  YESTERDAY        0.00          2.02 1906   0.07  -0.07     0.04
  MONTH TO DATE    0.00                      0.15  -0.15     0.04
  SINCE SEP 1      0.00                      0.15  -0.15     0.04
  SINCE JAN 1     19.69                     16.74   2.95    18.27

SNOWFALL (IN)
  YESTERDAY        0.0           T    2001   0.0    0.0      0.0
  MONTH TO DATE    0.0                       0.0    0.0      0.0
  SINCE SEP 1      0.0                       0.0    0.0      0.0
  SINCE JUL 1      0.0                       0.0    0.0      0.0
  SNOW DEPTH       0

DEGREE DAYS
 HEATING
  YESTERDAY        0                         0      0        0
  MONTH TO DATE    0                         0      0        0
  SINCE SEP 1      0                         0      0        0
  SINCE JUL 1      2                         4     -2       13

 COOLING
  YESTERDAY       19                        10      9       10
  MONTH TO DATE   36                        20     16       16
  SINCE SEP 1     36                        20     16       16
  SINCE JAN 1   1234                      1266    -32     1261
..................................................................


WIND (MPH)
  HIGHEST WIND SPEED    29   HIGHEST WIND DIRECTION     S (180)
  HIGHEST GUST SPEED    41   HIGHEST GUST DIRECTION     S (170)
  AVERAGE WIND SPEED    16.3


SKY COVER
  POSSIBLE SUNSHINE  MM
  AVERAGE SKY COVER 0.0


WEATHER CONDITIONS
 THE FOLLOWING WEATHER WAS RECORDED YESTERDAY.
  NO SIGNIFICANT WEATHER WAS OBSERVED.


RELATIVE HUMIDITY (PERCENT)
 HIGHEST    68           600 AM
 LOWEST     20           300 PM
 AVERAGE    44

..........................................................


THE DODGE CITY KS CLIMATE NORMALS FOR TODAY
                         NORMAL    RECORD    YEAR
 MAXIMUM TEMPERATURE (F)   87       106      1947
 MINIMUM TEMPERATURE (F)   61        39      1891


SUNRISE AND SUNSET
SEPTEMBER  3 2015.....SUNRISE   711 AM CDT   SUNSET   806 PM CDT
SEPTEMBER  4 2015.....SUNRISE   712 AM CDT   SUNSET   805 PM CDT


-  INDICATES NEGATIVE NUMBERS.
R  INDICATES RECORD WAS SET OR TIED.
MM INDICATES DATA IS MISSING.
T  INDICATES TRACE AMOUNT.




$$
