000
CDUS43 KDDC 120706
CLIDGC


CLIMATE REPORT
NATIONAL WEATHER SERVICE DODGE CITY KS
106 AM CST THU JAN 12 2017


...................................

...THE DODGE CITY KS CLIMATE SUMMARY FOR JANUARY 11 2017...

CLIMATE NORMAL PERIOD 1981 TO 2010
CLIMATE RECORD PERIOD 1875 TO 2017


WEATHER ITEM   OBSERVED TIME   RECORD YEAR NORMAL DEPARTURE LAST
                VALUE   (LST)  VALUE       VALUE  FROM      YEAR
                                                  NORMAL
..................................................................
TEMPERATURE (F)
 YESTERDAY
  MAXIMUM         70R   108 PM  70    2006  44     26       49
                                      1986
  MINIMUM         16   1159 PM -19    1918  20     -4       21
  AVERAGE         43                        32     11       35

PRECIPITATION (IN)
  YESTERDAY        0.00          0.20 1949   0.01  -0.01     0.00
  MONTH TO DATE    0.15                      0.20  -0.05     0.25
  SINCE DEC 1      0.77                      1.04  -0.27     2.68
  SINCE JAN 1      0.15                      0.20  -0.05     0.25

SNOWFALL (IN)
  YESTERDAY        0.0           1.9  1909   0.1   -0.1      0.0
  MONTH TO DATE    2.5                       1.5    1.0      0.1
  SINCE DEC 1      4.8                       5.6   -0.8      8.2
  SINCE JUL 1      4.8                       7.8   -3.0      9.3
  SNOW DEPTH       0

DEGREE DAYS
 HEATING
  YESTERDAY       22                        33    -11       30
  MONTH TO DATE  402                       363     39      367
  SINCE DEC 1   1479                      1363    116     1244
  SINCE JUL 1   2075                      2377   -302     2074

 COOLING
  YESTERDAY        0                         0      0        0
  MONTH TO DATE    0                         0      0        0
  SINCE DEC 1      0                         0      0        0
  SINCE JAN 1      0                         0      0        0
..................................................................


WIND (MPH)
  HIGHEST WIND SPEED    25   HIGHEST WIND DIRECTION     N (20)
  HIGHEST GUST SPEED    32   HIGHEST GUST DIRECTION     N (20)
  AVERAGE WIND SPEED    15.5


SKY COVER
  POSSIBLE SUNSHINE  MM
  AVERAGE SKY COVER 0.0


WEATHER CONDITIONS
 THE FOLLOWING WEATHER WAS RECORDED YESTERDAY.
  NO SIGNIFICANT WEATHER WAS OBSERVED.


RELATIVE HUMIDITY (PERCENT)
 HIGHEST    68           700 PM
 LOWEST     17           100 PM
 AVERAGE    43

..........................................................


THE DODGE CITY KS CLIMATE NORMALS FOR TODAY
                         NORMAL    RECORD    YEAR
 MAXIMUM TEMPERATURE (F)   44        72      1953
 MINIMUM TEMPERATURE (F)   20       -18      1912


SUNRISE AND SUNSET
JANUARY 12 2017.......SUNRISE   755 AM CST   SUNSET   542 PM CST
JANUARY 13 2017.......SUNRISE   755 AM CST   SUNSET   543 PM CST


-  INDICATES NEGATIVE NUMBERS.
R  INDICATES RECORD WAS SET OR TIED.
MM INDICATES DATA IS MISSING.
T  INDICATES TRACE AMOUNT.




$$
