000
CDUS43 KDDC 060725
CLIDGC


CLIMATE REPORT
NATIONAL WEATHER SERVICE DODGE CITY KS
125 AM CST SAT JAN 6 2018


...................................

...THE DODGE CITY KS CLIMATE SUMMARY FOR JANUARY 5 2018...

CLIMATE NORMAL PERIOD 1981 TO 2010
CLIMATE RECORD PERIOD 1875 TO 2018


WEATHER ITEM   OBSERVED TIME   RECORD YEAR NORMAL DEPARTURE LAST
                VALUE   (LST)  VALUE       VALUE  FROM      YEAR
                                                  NORMAL
..................................................................
TEMPERATURE (F)
 YESTERDAY
  MAXIMUM         48    336 PM  79    1927  44      4       14
  MINIMUM         16    750 AM -15    1875  20     -4        5
  AVERAGE         32                        32      0       10

PRECIPITATION (IN)
  YESTERDAY        0.00          0.52 1932   0.02  -0.02     0.15
  MONTH TO DATE    0.00                      0.10  -0.10     0.15
  SINCE DEC 1      T                         0.94  -0.94     0.77
  SINCE JAN 1      0.00                      0.10  -0.10     0.15

SNOWFALL (IN)
  YESTERDAY        0.0           7.8  1932   0.1   -0.1      2.5
  MONTH TO DATE    0.0                       0.7   -0.7      2.5
  SINCE DEC 1      T                         4.8   -4.8      4.8
  SINCE JUL 1      T                         7.0   -7.0      4.8
  SNOW DEPTH       0

DEGREE DAYS
 HEATING
  YESTERDAY       33                        33      0       55
  MONTH TO DATE  208                       165     43      201
  SINCE DEC 1   1188                      1165     23     1278
  SINCE JUL 1   2042                      2179   -137     1874

 COOLING
  YESTERDAY        0                         0      0        0
  MONTH TO DATE    0                         0      0        0
  SINCE DEC 1      0                         0      0        0
  SINCE JAN 1      0                         0      0        0
..................................................................


WIND (MPH)
  HIGHEST WIND SPEED    12   HIGHEST WIND DIRECTION    SE (120)
  HIGHEST GUST SPEED    16   HIGHEST GUST DIRECTION     E (110)
  AVERAGE WIND SPEED     6.9


SKY COVER
  POSSIBLE SUNSHINE  MM
  AVERAGE SKY COVER 0.0


WEATHER CONDITIONS
 THE FOLLOWING WEATHER WAS RECORDED YESTERDAY.
  NO SIGNIFICANT WEATHER WAS OBSERVED.


RELATIVE HUMIDITY (PERCENT)
 HIGHEST    80           800 AM
 LOWEST     38           400 PM
 AVERAGE    59

..........................................................


THE DODGE CITY KS CLIMATE NORMALS FOR TODAY
                         NORMAL    RECORD    YEAR
 MAXIMUM TEMPERATURE (F)   44        70      1903
 MINIMUM TEMPERATURE (F)   20       -16      1912


SUNRISE AND SUNSET
JANUARY  6 2018.......SUNRISE   756 AM CST   SUNSET   536 PM CST
JANUARY  7 2018.......SUNRISE   756 AM CST   SUNSET   537 PM CST


-  INDICATES NEGATIVE NUMBERS.
R  INDICATES RECORD WAS SET OR TIED.
MM INDICATES DATA IS MISSING.
T  INDICATES TRACE AMOUNT.




$$
