563
CDUS43 KDDC 181426
CLIDGC


CLIMATE REPORT
NATIONAL WEATHER SERVICE DODGE CITY KS
925 AM CDT WED MAY 18 2016


...................................

...THE DODGE CITY KS CLIMATE SUMMARY FOR MAY 18 2016...
VALID AS OF 0800 AM LOCAL TIME.

CLIMATE NORMAL PERIOD 1981 TO 2010
CLIMATE RECORD PERIOD 1875 TO 2016


WEATHER ITEM   OBSERVED TIME   RECORD YEAR NORMAL DEPARTURE LAST
                VALUE   (LST)  VALUE       VALUE  FROM      YEAR
                                                  NORMAL
..................................................................
TEMPERATURE (F)
 TODAY
  MAXIMUM         51    759 AM 102    2013  78    -27       69
                                      1996
  MINIMUM         38    546 AM  35    1986  52    -14       51
  AVERAGE         45                        65    -20       60

PRECIPITATION (IN)
  TODAY            0.00          2.44 1915   0.09  -0.09     0.00
  MONTH TO DATE    0.30                      1.51  -1.21     3.62
  SINCE MAR 1      8.42                      4.92   3.50     5.71
  SINCE JAN 1      9.01                      6.18   2.83     7.01

SNOWFALL (IN)
  TODAY            0.0           0.0  2002   0.0    0.0      0.0
                                      2001
  MONTH TO DATE    0.0                       0.0    0.0      0.0
  SINCE MAR 1      0.4                       6.0   -5.6       T
  SINCE JUL 1     10.4                      21.1  -10.7     21.4
  SNOW DEPTH       0

..................................................................


WIND (MPH)
  HIGHEST WIND SPEED     6   HIGHEST WIND DIRECTION     N (340)
  HIGHEST GUST SPEED     6   HIGHEST GUST DIRECTION    NE (50)
  AVERAGE WIND SPEED     2.9



WEATHER CONDITIONS
 THE FOLLOWING WEATHER WAS RECORDED TODAY.
  FOG


RELATIVE HUMIDITY (PERCENT)
 HIGHEST   100           400 AM
 LOWEST     83           800 AM

..........................................................


THE DODGE CITY KS CLIMATE NORMALS FOR TOMORROW
                         NORMAL    RECORD    YEAR
 MAXIMUM TEMPERATURE (F)   78        98      2014
                                             2006
                                             1933
 MINIMUM TEMPERATURE (F)   53        36      1930


SUNRISE AND SUNSET
MAY 18 2016...........SUNRISE   627 AM CDT   SUNSET   846 PM CDT
MAY 19 2016...........SUNRISE   627 AM CDT   SUNSET   847 PM CDT


-  INDICATES NEGATIVE NUMBERS.
R  INDICATES RECORD WAS SET OR TIED.
MM INDICATES DATA IS MISSING.
T  INDICATES TRACE AMOUNT.




$$
