000
CDUS43 KDDC 151020
CLIDGC


CLIMATE REPORT
NATIONAL WEATHER SERVICE DODGE CITY KS
518 AM CDT FRI AUG 15 2014


...................................

...THE DODGE CITY KS CLIMATE SUMMARY FOR AUGUST 14 2014...

CLIMATE NORMAL PERIOD 1981 TO 2010
CLIMATE RECORD PERIOD 1875 TO 2014


WEATHER ITEM   OBSERVED TIME   RECORD YEAR NORMAL DEPARTURE LAST
                VALUE   (LST)  VALUE       VALUE  FROM      YEAR
                                                  NORMAL
..................................................................
TEMPERATURE (F)
 YESTERDAY
  MAXIMUM         96    203 PM 108    1936  91      5       76
  MINIMUM         67    639 AM  50    1920  66      1       62
  AVERAGE         82                        79      3       69

PRECIPITATION (IN)
  YESTERDAY        0.00          1.19 1912   0.09  -0.09     0.14
  MONTH TO DATE    1.72                      1.33   0.39     6.92
  SINCE JUN 1     13.82                      7.65   6.17    12.05
  SINCE JAN 1     17.34                     15.17   2.17    15.48

SNOWFALL (IN)
  YESTERDAY        0.0           0.0  2002   0.0    0.0      0.0
                                      2001
  MONTH TO DATE    0.0                       0.0    0.0      0.0
  SINCE JUN 1      0.0                       0.0    0.0      0.0
  SINCE JUL 1      0.0                       0.0    0.0      0.0
  SNOW DEPTH       0

DEGREE DAYS
 HEATING
  YESTERDAY        0                         0      0        0
  MONTH TO DATE    0                         0      0        0
  SINCE JUN 1     20                        14      6       12
  SINCE JUL 1     13                         1     12        0

 COOLING
  YESTERDAY       17                        14      3        4
  MONTH TO DATE  172                       200    -28      139
  SINCE JUN 1    800                       930   -130      970
  SINCE JAN 1    972                      1039    -67     1132
..................................................................


WIND (MPH)
  HIGHEST WIND SPEED    22   HIGHEST WIND DIRECTION     S (190)
  HIGHEST GUST SPEED    28   HIGHEST GUST DIRECTION     S (190)
  AVERAGE WIND SPEED    13.4


SKY COVER
  POSSIBLE SUNSHINE  MM
  AVERAGE SKY COVER 0.0


WEATHER CONDITIONS
 THE FOLLOWING WEATHER WAS RECORDED YESTERDAY.
  NO SIGNIFICANT WEATHER WAS OBSERVED.


RELATIVE HUMIDITY (PERCENT)
 HIGHEST    78           600 AM
 LOWEST     24           200 PM
 AVERAGE    51

..........................................................


THE DODGE CITY KS CLIMATE NORMALS FOR TODAY
                         NORMAL    RECORD    YEAR
 MAXIMUM TEMPERATURE (F)   91       107      1983
 MINIMUM TEMPERATURE (F)   66        52      1979


SUNRISE AND SUNSET
AUGUST 15 2014........SUNRISE   655 AM CDT   SUNSET   833 PM CDT
AUGUST 16 2014........SUNRISE   656 AM CDT   SUNSET   831 PM CDT


-  INDICATES NEGATIVE NUMBERS.
R  INDICATES RECORD WAS SET OR TIED.
MM INDICATES DATA IS MISSING.
T  INDICATES TRACE AMOUNT.




$$
