000
CDUS43 KDDC 080717
CLIDGC


CLIMATE REPORT
NATIONAL WEATHER SERVICE DODGE CITY KS
117 AM CST WED NOV 8 2017


...................................

...THE DODGE CITY KS CLIMATE SUMMARY FOR NOVEMBER 7 2017...

CLIMATE NORMAL PERIOD 1981 TO 2010
CLIMATE RECORD PERIOD 1875 TO 2017


WEATHER ITEM   OBSERVED TIME   RECORD YEAR NORMAL DEPARTURE LAST
                VALUE   (LST)  VALUE       VALUE  FROM      YEAR
                                                  NORMAL
..................................................................
TEMPERATURE (F)
 YESTERDAY
  MAXIMUM         41    327 PM  82    1931  61    -20       60
  MINIMUM         23   1152 PM  16    1991  34    -11       51
                                      1925
  AVERAGE         32                        47    -15       56

PRECIPITATION (IN)
  YESTERDAY        0.00          1.14 1925   0.03  -0.03     0.16
  MONTH TO DATE    0.00                      0.24  -0.24     0.36
  SINCE SEP 1      1.91                      3.65  -1.74     0.76
  SINCE JAN 1     25.56                     20.24   5.32    22.77

SNOWFALL (IN)
  YESTERDAY        0.0           2.5  1925   0.0    0.0      0.0
  MONTH TO DATE    0.0                       0.1   -0.1      0.0
  SINCE SEP 1      0.0                       0.5   -0.5      0.0
  SINCE JUL 1      0.0                       0.5   -0.5      0.0
  SNOW DEPTH       0

DEGREE DAYS
 HEATING
  YESTERDAY       33                        18     15        9
  MONTH TO DATE  167                       114     53       47
  SINCE SEP 1    458                       466     -8      195
  SINCE JUL 1    458                       470    -12      195

 COOLING
  YESTERDAY        0                         0      0        0
  MONTH TO DATE    0                         0      0        0
  SINCE SEP 1    288                       216     72      326
  SINCE JAN 1   1520                      1462     58     1580
..................................................................


WIND (MPH)
  HIGHEST WIND SPEED    22   HIGHEST WIND DIRECTION     N (10)
  HIGHEST GUST SPEED    29   HIGHEST GUST DIRECTION     N (20)
  AVERAGE WIND SPEED    11.1


SKY COVER
  POSSIBLE SUNSHINE  MM
  AVERAGE SKY COVER 0.5


WEATHER CONDITIONS
 THE FOLLOWING WEATHER WAS RECORDED YESTERDAY.
  NO SIGNIFICANT WEATHER WAS OBSERVED.


RELATIVE HUMIDITY (PERCENT)
 HIGHEST    81           100 AM
 LOWEST     38           300 PM
 AVERAGE    60

..........................................................


THE DODGE CITY KS CLIMATE NORMALS FOR TODAY
                         NORMAL    RECORD    YEAR
 MAXIMUM TEMPERATURE (F)   60        91      1980
 MINIMUM TEMPERATURE (F)   34        16      1925


SUNRISE AND SUNSET
NOVEMBER  8 2017......SUNRISE   713 AM CST   SUNSET   534 PM CST
NOVEMBER  9 2017......SUNRISE   714 AM CST   SUNSET   533 PM CST


-  INDICATES NEGATIVE NUMBERS.
R  INDICATES RECORD WAS SET OR TIED.
MM INDICATES DATA IS MISSING.
T  INDICATES TRACE AMOUNT.




$$
