000
CDUS43 KDDC 112326
CLIDGC


CLIMATE REPORT
NATIONAL WEATHER SERVICE DODGE CITY KS
526 PM CST THU JAN 11 2018


...................................

...THE DODGE CITY KS CLIMATE SUMMARY FOR JANUARY 11 2018...
VALID TODAY AS OF 0500 PM LOCAL TIME.

CLIMATE NORMAL PERIOD 1981 TO 2010
CLIMATE RECORD PERIOD 1875 TO 2018


WEATHER ITEM   OBSERVED TIME   RECORD YEAR NORMAL DEPARTURE LAST
                VALUE   (LST)  VALUE       VALUE  FROM      YEAR
                                                  NORMAL
..................................................................
TEMPERATURE (F)
 TODAY
  MAXIMUM         50   1210 AM  70    2017  44      6       70
                                      2006
                                      1986
  MINIMUM         17    915 AM -19    1918  20     -3       16
  AVERAGE         34                        32      2       43

PRECIPITATION (IN)
  TODAY            0.09          0.20 1949   0.01   0.08     0.00
  MONTH TO DATE    0.09                      0.20  -0.11     0.15
  SINCE DEC 1      0.09                      1.04  -0.95     0.77
  SINCE JAN 1      0.09                      0.20  -0.11     0.15

SNOWFALL (IN)
  TODAY            1.2           1.9  1909   0.1    1.1      0.0
  MONTH TO DATE    1.2                       1.5   -0.3      2.5
  SINCE DEC 1      1.2                       5.6   -4.4      4.8
  SINCE JUL 1      1.2                       7.8   -6.6      4.8
  SNOW DEPTH       1

DEGREE DAYS
 HEATING
  TODAY           31                        33     -2       22
  MONTH TO DATE  343                       363    -20      402
  SINCE DEC 1   1323                      1363    -40     1479
  SINCE JUL 1   2177                      2377   -200     2075

 COOLING
  TODAY            0                         0      0        0
  MONTH TO DATE    0                         0      0        0
  SINCE DEC 1      0                         0      0        0
  SINCE JAN 1      0                         0      0        0
..................................................................


WIND (MPH)
  HIGHEST WIND SPEED    46   HIGHEST WIND DIRECTION     N (360)
  HIGHEST GUST SPEED    64   HIGHEST GUST DIRECTION     N (350)
  AVERAGE WIND SPEED    26.8


SKY COVER
  POSSIBLE SUNSHINE  MM
  AVERAGE SKY COVER 0.4


WEATHER CONDITIONS
 THE FOLLOWING WEATHER WAS RECORDED TODAY.
  HEAVY SNOW
  SNOW
  LIGHT SNOW
  FOG
  FOG W/VISIBILITY <= 1/4 MILE
  HAZE


RELATIVE HUMIDITY (PERCENT)
 HIGHEST    92           600 AM
 LOWEST     50           400 PM
 AVERAGE    71

..........................................................


THE DODGE CITY KS CLIMATE NORMALS FOR TOMORROW
                         NORMAL    RECORD    YEAR
 MAXIMUM TEMPERATURE (F)   44        72      1953
 MINIMUM TEMPERATURE (F)   20       -18      1912


SUNRISE AND SUNSET
JANUARY 11 2018.......SUNRISE   755 AM CST   SUNSET   541 PM CST
JANUARY 12 2018.......SUNRISE   755 AM CST   SUNSET   542 PM CST


-  INDICATES NEGATIVE NUMBERS.
R  INDICATES RECORD WAS SET OR TIED.
MM INDICATES DATA IS MISSING.
T  INDICATES TRACE AMOUNT.




$$
