132
CDUS43 KDDC 190707
CLIDGC


CLIMATE REPORT
NATIONAL WEATHER SERVICE DODGE CITY KS
207 AM CDT SUN MAR 19 2017


...................................

...THE DODGE CITY KS CLIMATE SUMMARY FOR MARCH 18 2017...

CLIMATE NORMAL PERIOD 1981 TO 2010
CLIMATE RECORD PERIOD 1875 TO 2017


WEATHER ITEM   OBSERVED TIME   RECORD YEAR NORMAL DEPARTURE LAST
                VALUE   (LST)  VALUE       VALUE  FROM      YEAR
                                                  NORMAL
..................................................................
TEMPERATURE (F)
 YESTERDAY
  MAXIMUM         75    444 PM  86    1921  59     16       38
  MINIMUM         37    704 AM  -6    1892  32      5       25
  AVERAGE         56                        45     11       32

PRECIPITATION (IN)
  YESTERDAY        0.00          1.23 1979   0.06  -0.06     0.03
  MONTH TO DATE    T                         0.81  -0.81     0.04
  SINCE MAR 1      T                         0.81  -0.81     0.04
  SINCE JAN 1      2.57                      2.07   0.50     0.63

SNOWFALL (IN)
  YESTERDAY        0.0           2.0  1983   0.2   -0.2      0.4
                                      1944
  MONTH TO DATE    0.0                       2.9   -2.9      0.4
  SINCE MAR 1      0.0                       2.9   -2.9      0.4
  SINCE JUL 1      5.0                      18.0  -13.0     10.4
  SNOW DEPTH       0

DEGREE DAYS
 HEATING
  YESTERDAY        9                        20    -11       33
  MONTH TO DATE  321                       406    -85      276
  SINCE MAR 1    321                       406    -85      276
  SINCE JUL 1   3555                      4253   -698     3638

 COOLING
  YESTERDAY        0                         0      0        0
  MONTH TO DATE    0                         0      0        0
  SINCE MAR 1      0                         0      0        0
  SINCE JAN 1      0                         0      0        2
..................................................................


WIND (MPH)
  HIGHEST WIND SPEED    23   HIGHEST WIND DIRECTION     S (170)
  HIGHEST GUST SPEED    29   HIGHEST GUST DIRECTION     S (160)
  AVERAGE WIND SPEED    13.9


SKY COVER
  POSSIBLE SUNSHINE  MM
  AVERAGE SKY COVER 0.1


WEATHER CONDITIONS
 THE FOLLOWING WEATHER WAS RECORDED YESTERDAY.
  NO SIGNIFICANT WEATHER WAS OBSERVED.


RELATIVE HUMIDITY (PERCENT)
 HIGHEST    72          1100 PM
 LOWEST     26          1200 PM
 AVERAGE    49

..........................................................


THE DODGE CITY KS CLIMATE NORMALS FOR TODAY
                         NORMAL    RECORD    YEAR
 MAXIMUM TEMPERATURE (F)   59        98      1907
 MINIMUM TEMPERATURE (F)   32         3      1923


SUNRISE AND SUNSET
MARCH 19 2017.........SUNRISE   744 AM CDT   SUNSET   751 PM CDT
MARCH 20 2017.........SUNRISE   743 AM CDT   SUNSET   752 PM CDT


-  INDICATES NEGATIVE NUMBERS.
R  INDICATES RECORD WAS SET OR TIED.
MM INDICATES DATA IS MISSING.
T  INDICATES TRACE AMOUNT.




$$
