000
CDUS43 KDDC 180725
CLIDGC


CLIMATE REPORT
NATIONAL WEATHER SERVICE DODGE CITY KS
225 AM CDT MON APR 18 2016


...................................

...THE DODGE CITY KS CLIMATE SUMMARY FOR APRIL 17 2016...

CLIMATE NORMAL PERIOD 1981 TO 2010
CLIMATE RECORD PERIOD 1875 TO 2016


WEATHER ITEM   OBSERVED TIME   RECORD YEAR NORMAL DEPARTURE LAST
                VALUE   (LST)  VALUE       VALUE  FROM      YEAR
                                                  NORMAL
..................................................................
TEMPERATURE (F)
 YESTERDAY
  MAXIMUM         51    821 AM  93    2002  68    -17       72
                                      1909
  MINIMUM         43   1159 PM  24    1907  41      2       52
  AVERAGE         47                        54     -7       62

PRECIPITATION (IN)
  YESTERDAY        0.63          1.44 2009   0.06   0.57     0.49
  MONTH TO DATE    5.47                      0.95   4.52     1.49
  SINCE MAR 1      5.51                      2.54   2.97     1.78
  SINCE JAN 1      6.10                      3.80   2.30     3.08

SNOWFALL (IN)
  YESTERDAY       MM             0.5  1940   0.0   MM        0.0
  MONTH TO DATE    0.0                       0.9   -0.9      0.0
  SINCE MAR 1      0.4                       5.8   -5.4       T
  SINCE JUL 1     10.4                      20.9  -10.5     21.4
  SNOW DEPTH       0

DEGREE DAYS
 HEATING
  YESTERDAY       18                        11      7        3
  MONTH TO DATE  172                       233    -61      133
  SINCE MAR 1    678                       873   -195      637
  SINCE JUL 1   4040                      4720   -680     4385

 COOLING
  YESTERDAY        0                         1     -1        0
  MONTH TO DATE    4                         2      2       12
  SINCE MAR 1      6                         3      3       12
  SINCE JAN 1      8                         3      5       12
..................................................................


WIND (MPH)
  HIGHEST WIND SPEED    26   HIGHEST WIND DIRECTION     E (80)
  HIGHEST GUST SPEED    31   HIGHEST GUST DIRECTION     E (80)
  AVERAGE WIND SPEED    13.5


SKY COVER
  POSSIBLE SUNSHINE  MM
  AVERAGE SKY COVER 0.9


WEATHER CONDITIONS
 THE FOLLOWING WEATHER WAS RECORDED YESTERDAY.
  RAIN
  LIGHT RAIN
  FOG


RELATIVE HUMIDITY (PERCENT)
 HIGHEST    93           300 AM
 LOWEST     89          1200 AM
 AVERAGE    91

..........................................................


THE DODGE CITY KS CLIMATE NORMALS FOR TODAY
                         NORMAL    RECORD    YEAR
 MAXIMUM TEMPERATURE (F)   68        93      2000
 MINIMUM TEMPERATURE (F)   41        20      1953


SUNRISE AND SUNSET
APRIL 18 2016.........SUNRISE   700 AM CDT   SUNSET   819 PM CDT
APRIL 19 2016.........SUNRISE   659 AM CDT   SUNSET   820 PM CDT


-  INDICATES NEGATIVE NUMBERS.
R  INDICATES RECORD WAS SET OR TIED.
MM INDICATES DATA IS MISSING.
T  INDICATES TRACE AMOUNT.




$$
