000
CDUS43 KDDC 210709
CLIDGC


CLIMATE REPORT
NATIONAL WEATHER SERVICE DODGE CITY KS
108 AM CST MON NOV 21 2016


...................................

...THE DODGE CITY KS CLIMATE SUMMARY FOR NOVEMBER 20 2016...

CLIMATE NORMAL PERIOD 1981 TO 2010
CLIMATE RECORD PERIOD 1875 TO 2016


WEATHER ITEM   OBSERVED TIME   RECORD YEAR NORMAL DEPARTURE LAST
                VALUE   (LST)  VALUE       VALUE  FROM      YEAR
                                                  NORMAL
..................................................................
TEMPERATURE (F)
 YESTERDAY
  MAXIMUM         60    312 PM  84    1897  53      7       61
  MINIMUM         31   1027 PM   1    1874  28      3       29
  AVERAGE         46                        41      5       45

PRECIPITATION (IN)
  YESTERDAY        0.00          0.86 2004   0.02  -0.02     0.00
  MONTH TO DATE    0.36                      0.55  -0.19     1.21
  SINCE SEP 1      0.76                      3.96  -3.20     5.44
  SINCE JAN 1     22.77                     20.55   2.22    25.13

SNOWFALL (IN)
  YESTERDAY        0.0           2.7  1973   0.1   -0.1      0.0
  MONTH TO DATE    0.0                       0.8   -0.8      0.1
  SINCE SEP 1      0.0                       1.2   -1.2      0.1
  SINCE JUL 1      0.0                       1.2   -1.2      0.1
  SNOW DEPTH       0

DEGREE DAYS
 HEATING
  YESTERDAY       19                        24     -5       20
  MONTH TO DATE  253                       390   -137      301
  SINCE SEP 1    401                       742   -341      525
  SINCE JUL 1    401                       746   -345      527

 COOLING
  YESTERDAY        0                         0      0        0
  MONTH TO DATE    0                         0      0        0
  SINCE SEP 1    326                       216    110      314
  SINCE JAN 1   1580                      1462    118     1512
..................................................................


WIND (MPH)
  HIGHEST WIND SPEED    24   HIGHEST WIND DIRECTION     S (170)
  HIGHEST GUST SPEED    30   HIGHEST GUST DIRECTION     S (170)
  AVERAGE WIND SPEED     8.1


SKY COVER
  POSSIBLE SUNSHINE  MM
  AVERAGE SKY COVER 0.0


WEATHER CONDITIONS
 THE FOLLOWING WEATHER WAS RECORDED YESTERDAY.
  NO SIGNIFICANT WEATHER WAS OBSERVED.


RELATIVE HUMIDITY (PERCENT)
 HIGHEST    63           700 AM
 LOWEST     23           300 PM
 AVERAGE    43

..........................................................


THE DODGE CITY KS CLIMATE NORMALS FOR TODAY
                         NORMAL    RECORD    YEAR
 MAXIMUM TEMPERATURE (F)   53        78      1955
 MINIMUM TEMPERATURE (F)   28         2      1906


SUNRISE AND SUNSET
NOVEMBER 21 2016......SUNRISE   727 AM CST   SUNSET   525 PM CST
NOVEMBER 22 2016......SUNRISE   728 AM CST   SUNSET   524 PM CST


-  INDICATES NEGATIVE NUMBERS.
R  INDICATES RECORD WAS SET OR TIED.
MM INDICATES DATA IS MISSING.
T  INDICATES TRACE AMOUNT.




$$
