000
CDUS43 KDDC 192327
CLIDGC


CLIMATE REPORT
NATIONAL WEATHER SERVICE DODGE CITY KS
526 PM CST MON JAN 19 2015


...................................

...THE DODGE CITY KS CLIMATE SUMMARY FOR JANUARY 19 2015...
VALID TODAY AS OF 0500 PM LOCAL TIME.

CLIMATE NORMAL PERIOD 1981 TO 2010
CLIMATE RECORD PERIOD 1875 TO 2015


WEATHER ITEM   OBSERVED TIME   RECORD YEAR NORMAL DEPARTURE LAST
                VALUE   (LST)  VALUE       VALUE  FROM      YEAR
                                                  NORMAL
..................................................................
TEMPERATURE (F)
 TODAY
  MAXIMUM         72    212 PM  75    1986  44     28       66
  MINIMUM         31    344 AM -20    1883  20     11       23
  AVERAGE         52                        32     20       45

PRECIPITATION (IN)
  TODAY            0.00          1.30 1990   0.02  -0.02     0.00
  MONTH TO DATE    0.23                      0.34  -0.11     0.16
  SINCE DEC 1      1.23                      1.18   0.05     0.64
  SINCE JAN 1      0.23                      0.34  -0.11     0.16

SNOWFALL (IN)
  TODAY            0.0          11.3  1990   0.2   -0.2      0.0
  MONTH TO DATE    3.3                       2.8    0.5      2.8
  SINCE DEC 1      7.1                       6.9    0.2      8.3
  SINCE JUL 1      9.3                       9.1    0.2     13.3
  SNOW DEPTH       0

DEGREE DAYS
 HEATING
  TODAY           13                        33    -20       20
  MONTH TO DATE  683                       627     56      609
  SINCE DEC 1   1615                      1627    -12     1689
  SINCE JUL 1   2613                      2641    -28     2717

 COOLING
  TODAY            0                         0      0        0
  MONTH TO DATE    0                         0      0        0
  SINCE DEC 1      0                         0      0        0
  SINCE JAN 1      0                         0      0        0
..................................................................


WIND (MPH)
  HIGHEST WIND SPEED    22   HIGHEST WIND DIRECTION     N (10)
  HIGHEST GUST SPEED    26   HIGHEST GUST DIRECTION     N (360)
  AVERAGE WIND SPEED    10.3


SKY COVER
  POSSIBLE SUNSHINE  MM
  AVERAGE SKY COVER 0.0


WEATHER CONDITIONS
 THE FOLLOWING WEATHER WAS RECORDED TODAY.
  NO SIGNIFICANT WEATHER WAS OBSERVED.


RELATIVE HUMIDITY (PERCENT)
 HIGHEST    64           100 AM
 LOWEST     12           200 PM
 AVERAGE    38

..........................................................


THE DODGE CITY KS CLIMATE NORMALS FOR TOMORROW
                         NORMAL    RECORD    YEAR
 MAXIMUM TEMPERATURE (F)   44        77      1986
 MINIMUM TEMPERATURE (F)   20       -17      1883


SUNRISE AND SUNSET
JANUARY 19 2015.......SUNRISE   753 AM CST   SUNSET   549 PM CST
JANUARY 20 2015.......SUNRISE   752 AM CST   SUNSET   550 PM CST


-  INDICATES NEGATIVE NUMBERS.
R  INDICATES RECORD WAS SET OR TIED.
MM INDICATES DATA IS MISSING.
T  INDICATES TRACE AMOUNT.




$$
