000
CDUS43 KDDC 112337
CLIDGC


CLIMATE REPORT
NATIONAL WEATHER SERVICE DODGE CITY KS
636 PM CDT THU AUG 11 2016


...................................

...THE DODGE CITY KS CLIMATE SUMMARY FOR AUGUST 11 2016...
VALID TODAY AS OF 0500 PM LOCAL TIME.

CLIMATE NORMAL PERIOD 1981 TO 2010
CLIMATE RECORD PERIOD 1875 TO 2016


WEATHER ITEM   OBSERVED TIME   RECORD YEAR NORMAL DEPARTURE LAST
                VALUE   (LST)  VALUE       VALUE  FROM      YEAR
                                                  NORMAL
..................................................................
TEMPERATURE (F)
 TODAY
  MAXIMUM         97    247 PM 108    1936  92      5       85
  MINIMUM         72    601 AM  50    1979  66      6       67
  AVERAGE         85                        79      6       76

PRECIPITATION (IN)
  TODAY            0.00          1.44 2002   0.10  -0.10     0.00
  MONTH TO DATE    1.06                      1.06   0.00     0.35
  SINCE JUN 1      9.07                      7.38   1.69     4.57
  SINCE JAN 1     20.19                     14.90   5.29    18.29

SNOWFALL (IN)
  TODAY            0.0           0.0  2002   0.0    0.0      0.0
                                      2001
  MONTH TO DATE    0.0                       0.0    0.0      0.0
  SINCE JUN 1      0.0                       0.0    0.0      0.0
  SINCE JUL 1      0.0                       0.0    0.0      0.0
  SNOW DEPTH       0

DEGREE DAYS
 HEATING
  TODAY            0                         0      0        0
  MONTH TO DATE    0                         0      0        0
  SINCE JUN 1      1                        14    -13        1
  SINCE JUL 1      0                         1     -1        1

 COOLING
  TODAY           20                        14      6       11
  MONTH TO DATE  168                       158     10      164
  SINCE JUN 1    995                       888    107      963
  SINCE JAN 1   1053                       997     56     1024
..................................................................


WIND (MPH)
  HIGHEST WIND SPEED    22   HIGHEST WIND DIRECTION     S (190)
  HIGHEST GUST SPEED    27   HIGHEST GUST DIRECTION     S (180)
  AVERAGE WIND SPEED    12.1


SKY COVER
  POSSIBLE SUNSHINE  MM
  AVERAGE SKY COVER 0.0


WEATHER CONDITIONS
 THE FOLLOWING WEATHER WAS RECORDED TODAY.
  THUNDERSTORM


RELATIVE HUMIDITY (PERCENT)
 HIGHEST    79           300 AM
 LOWEST     39           300 PM
 AVERAGE    59

..........................................................


THE DODGE CITY KS CLIMATE NORMALS FOR TOMORROW
                         NORMAL    RECORD    YEAR
 MAXIMUM TEMPERATURE (F)   92       109      1936
 MINIMUM TEMPERATURE (F)   66        54      1967


SUNRISE AND SUNSET
AUGUST 11 2016........SUNRISE   652 AM CDT   SUNSET   837 PM CDT
AUGUST 12 2016........SUNRISE   653 AM CDT   SUNSET   836 PM CDT


-  INDICATES NEGATIVE NUMBERS.
R  INDICATES RECORD WAS SET OR TIED.
MM INDICATES DATA IS MISSING.
T  INDICATES TRACE AMOUNT.




$$
