000
CDUS43 KDDC 071432
CLIDGC


CLIMATE REPORT
NATIONAL WEATHER SERVICE DODGE CITY KS
830 AM CST FRI NOV 7 2014


...................................

...THE DODGE CITY KS CLIMATE SUMMARY FOR NOVEMBER 7 2014...
VALID AS OF 0800 AM LOCAL TIME.

CLIMATE NORMAL PERIOD 1981 TO 2010
CLIMATE RECORD PERIOD 1875 TO 2014


WEATHER ITEM   OBSERVED TIME   RECORD YEAR NORMAL DEPARTURE LAST
                VALUE   (LST)  VALUE       VALUE  FROM      YEAR
                                                  NORMAL
..................................................................
TEMPERATURE (F)
 TODAY
  MAXIMUM         45    116 AM  82    1931  61    -16       61
  MINIMUM         41    737 AM  16    1991  34      7       36
                                      1925
  AVERAGE         43                        47     -4       49

PRECIPITATION (IN)
  TODAY            0.00          1.14 1925   0.03  -0.03     0.00
  MONTH TO DATE    T                         0.24  -0.24     0.62
  SINCE SEP 1      3.80                      3.65   0.15     4.58
  SINCE JAN 1     22.03                     20.24   1.79    20.06

SNOWFALL (IN)
  TODAY            0.0           2.5  1925   0.0    0.0      0.0
  MONTH TO DATE    0.0                       0.1   -0.1      0.0
  SINCE SEP 1      0.0                       0.5   -0.5      2.7
  SINCE JUL 1      0.0                       0.5   -0.5      2.7
  SNOW DEPTH       0

..................................................................


WIND (MPH)
  HIGHEST WIND SPEED    17   HIGHEST WIND DIRECTION     S (190)
  HIGHEST GUST SPEED    23   HIGHEST GUST DIRECTION     S (180)
  AVERAGE WIND SPEED    14.2



WEATHER CONDITIONS
 THE FOLLOWING WEATHER WAS RECORDED TODAY.
  NO SIGNIFICANT WEATHER WAS OBSERVED.


RELATIVE HUMIDITY (PERCENT)
 HIGHEST    73           700 AM
 LOWEST     49          1200 AM

..........................................................


THE DODGE CITY KS CLIMATE NORMALS FOR TOMORROW
                         NORMAL    RECORD    YEAR
 MAXIMUM TEMPERATURE (F)   60        91      1980
 MINIMUM TEMPERATURE (F)   34        16      1925


SUNRISE AND SUNSET
NOVEMBER  7 2014......SUNRISE   712 AM CST   SUNSET   535 PM CST
NOVEMBER  8 2014......SUNRISE   713 AM CST   SUNSET   534 PM CST


-  INDICATES NEGATIVE NUMBERS.
R  INDICATES RECORD WAS SET OR TIED.
MM INDICATES DATA IS MISSING.
T  INDICATES TRACE AMOUNT.




$$
