000
CDUS43 KDDC 040708
CLIDGC


CLIMATE REPORT
NATIONAL WEATHER SERVICE DODGE CITY KS
106 AM CST SUN FEB 4 2018


...................................

...THE DODGE CITY KS CLIMATE SUMMARY FOR FEBRUARY 3 2018...

CLIMATE NORMAL PERIOD 1981 TO 2010
CLIMATE RECORD PERIOD 1875 TO 2018


WEATHER ITEM   OBSERVED TIME   RECORD YEAR NORMAL DEPARTURE LAST
                VALUE   (LST)  VALUE       VALUE  FROM      YEAR
                                                  NORMAL
..................................................................
TEMPERATURE (F)
 YESTERDAY
  MAXIMUM         64    448 PM  77    1934  46     18       36
  MINIMUM         32    716 AM -13    1989  21     11       10
  AVERAGE         48                        33     15       23

PRECIPITATION (IN)
  YESTERDAY        0.04          0.40 1964   0.02   0.02     0.00
                                      1955
  MONTH TO DATE    0.04                      0.06  -0.02     0.00
  SINCE DEC 1      0.13                      1.48  -1.35     3.18
  SINCE JAN 1      0.13                      0.64  -0.51     2.56

SNOWFALL (IN)
  YESTERDAY        0.0           2.1  1955   0.2   -0.2      0.0
  MONTH TO DATE    0.0                       0.5   -0.5      0.0
  SINCE DEC 1      1.2                       9.5   -8.3      5.0
  SINCE JUL 1      1.2                      11.7  -10.5      5.0
  SNOW DEPTH       0

DEGREE DAYS
 HEATING
  YESTERDAY       17                        32    -15       42
  MONTH TO DATE   89                        96     -7      117
  SINCE DEC 1   2034                      2114    -80     2167
  SINCE JUL 1   2888                      3128   -240     2763

 COOLING
  YESTERDAY        0                         0      0        0
  MONTH TO DATE    0                         0      0        0
  SINCE DEC 1      0                         0      0        0
  SINCE JAN 1      0                         0      0        0
..................................................................


WIND (MPH)
  HIGHEST WIND SPEED    26   HIGHEST WIND DIRECTION     N (340)
  HIGHEST GUST SPEED    44   HIGHEST GUST DIRECTION     N (350)
  AVERAGE WIND SPEED    12.0


SKY COVER
  POSSIBLE SUNSHINE  MM
  AVERAGE SKY COVER 0.2


WEATHER CONDITIONS
 THE FOLLOWING WEATHER WAS RECORDED YESTERDAY.
  NO SIGNIFICANT WEATHER WAS OBSERVED.


RELATIVE HUMIDITY (PERCENT)
 HIGHEST    85          1100 PM
 LOWEST     24           300 PM
 AVERAGE    55

..........................................................


THE DODGE CITY KS CLIMATE NORMALS FOR TODAY
                         NORMAL    RECORD    YEAR
 MAXIMUM TEMPERATURE (F)   46        78      1890
 MINIMUM TEMPERATURE (F)   21       -20      1883


SUNRISE AND SUNSET
FEBRUARY  4 2018......SUNRISE   741 AM CST   SUNSET   607 PM CST
FEBRUARY  5 2018......SUNRISE   740 AM CST   SUNSET   608 PM CST


-  INDICATES NEGATIVE NUMBERS.
R  INDICATES RECORD WAS SET OR TIED.
MM INDICATES DATA IS MISSING.
T  INDICATES TRACE AMOUNT.




$$
