000
CDUS43 KDDC 110713
CLIDGC


CLIMATE REPORT
NATIONAL WEATHER SERVICE DODGE CITY KS
213 AM CDT THU AUG 11 2016


...................................

...THE DODGE CITY KS CLIMATE SUMMARY FOR AUGUST 10 2016...

CLIMATE NORMAL PERIOD 1981 TO 2010
CLIMATE RECORD PERIOD 1875 TO 2016


WEATHER ITEM   OBSERVED TIME   RECORD YEAR NORMAL DEPARTURE LAST
                VALUE   (LST)  VALUE       VALUE  FROM      YEAR
                                                  NORMAL
..................................................................
TEMPERATURE (F)
 YESTERDAY
  MAXIMUM         97    505 PM 107    1964  92      5       92
                                      1937
  MINIMUM         72    642 AM  53    2012  66      6       69
                                      1876
  AVERAGE         85                        79      6       81

PRECIPITATION (IN)
  YESTERDAY        0.00          1.68 2000   0.10  -0.10     0.06
  MONTH TO DATE    1.06                      0.96   0.10     0.35
  SINCE JUN 1      9.07                      7.28   1.79     4.57
  SINCE JAN 1     20.19                     14.80   5.39    18.29

SNOWFALL (IN)
  YESTERDAY        0.0           T    2000   0.0    0.0      0.0
  MONTH TO DATE    0.0                       0.0    0.0      0.0
  SINCE JUN 1      0.0                       0.0    0.0      0.0
  SINCE JUL 1      0.0                       0.0    0.0      0.0
  SNOW DEPTH       0

DEGREE DAYS
 HEATING
  YESTERDAY        0                         0      0        0
  MONTH TO DATE    0                         0      0        0
  SINCE JUN 1      1                        14    -13        1
  SINCE JUL 1      0                         1     -1        1

 COOLING
  YESTERDAY       20                        14      6       16
  MONTH TO DATE  148                       144      4      153
  SINCE JUN 1    975                       874    101      952
  SINCE JAN 1   1033                       983     50     1013
..................................................................


WIND (MPH)
  HIGHEST WIND SPEED    25   HIGHEST WIND DIRECTION     S (190)
  HIGHEST GUST SPEED    31   HIGHEST GUST DIRECTION     S (190)
  AVERAGE WIND SPEED    16.3


SKY COVER
  POSSIBLE SUNSHINE  MM
  AVERAGE SKY COVER 0.1


WEATHER CONDITIONS
 THE FOLLOWING WEATHER WAS RECORDED YESTERDAY.
  LIGHT RAIN


RELATIVE HUMIDITY (PERCENT)
 HIGHEST    90           500 AM
 LOWEST     33           300 PM
 AVERAGE    62

..........................................................


THE DODGE CITY KS CLIMATE NORMALS FOR TODAY
                         NORMAL    RECORD    YEAR
 MAXIMUM TEMPERATURE (F)   92       108      1936
 MINIMUM TEMPERATURE (F)   66        50      1979


SUNRISE AND SUNSET
AUGUST 11 2016........SUNRISE   652 AM CDT   SUNSET   837 PM CDT
AUGUST 12 2016........SUNRISE   653 AM CDT   SUNSET   836 PM CDT


-  INDICATES NEGATIVE NUMBERS.
R  INDICATES RECORD WAS SET OR TIED.
MM INDICATES DATA IS MISSING.
T  INDICATES TRACE AMOUNT.




$$
