000
CDUS43 KDDC 080706
CLIDGC


CLIMATE REPORT
NATIONAL WEATHER SERVICE DODGE CITY KS
206 AM CDT SAT JUL 8 2017


...................................

...THE DODGE CITY KS CLIMATE SUMMARY FOR JULY 7 2017...

CLIMATE NORMAL PERIOD 1981 TO 2010
CLIMATE RECORD PERIOD 1875 TO 2017


WEATHER ITEM   OBSERVED TIME   RECORD YEAR NORMAL DEPARTURE LAST
                VALUE   (LST)  VALUE       VALUE  FROM      YEAR
                                                  NORMAL
..................................................................
TEMPERATURE (F)
 YESTERDAY
  MAXIMUM         97    302 PM 106    1991  93      4       95
  MINIMUM         63   1159 PM  50    1908  66     -3       74
  AVERAGE         80                        79      1       85

PRECIPITATION (IN)
  YESTERDAY        0.65          0.83 1928   0.10   0.55      T
  MONTH TO DATE    0.65                      0.69  -0.04     3.38
  SINCE JUN 1      3.77                      3.93  -0.16     6.09
  SINCE JAN 1     21.20                     11.45   9.75    17.21

SNOWFALL (IN)
  YESTERDAY        0.0           0.0  2002   0.0    0.0      0.0
                                      2001
  MONTH TO DATE    0.0                       0.0    0.0      0.0
  SINCE JUN 1      0.0                       0.0    0.0      0.0
  SINCE JUL 1      0.0                       0.0    0.0      0.0
  SNOW DEPTH       0

DEGREE DAYS
 HEATING
  YESTERDAY        0                         0      0        0
  MONTH TO DATE    0                         0      0        0
  SINCE JUN 1      0                        13    -13        1
  SINCE JUL 1      0                         0      0        0

 COOLING
  YESTERDAY       15                        14      1       20
  MONTH TO DATE   89                        96     -7       93
  SINCE JUN 1    410                       374     36      444
  SINCE JAN 1    512                       483     29      502
..................................................................


WIND (MPH)
  HIGHEST WIND SPEED    38   HIGHEST WIND DIRECTION     N (10)
  HIGHEST GUST SPEED    47   HIGHEST GUST DIRECTION     N (10)
  AVERAGE WIND SPEED    10.8


SKY COVER
  POSSIBLE SUNSHINE  MM
  AVERAGE SKY COVER 0.0


WEATHER CONDITIONS
 THE FOLLOWING WEATHER WAS RECORDED YESTERDAY.
  THUNDERSTORM
  HEAVY RAIN
  RAIN
  LIGHT RAIN
  FOG


RELATIVE HUMIDITY (PERCENT)
 HIGHEST    70           600 AM
 LOWEST     27           200 PM
 AVERAGE    49

..........................................................


THE DODGE CITY KS CLIMATE NORMALS FOR TODAY
                         NORMAL    RECORD    YEAR
 MAXIMUM TEMPERATURE (F)   93       109      1978
 MINIMUM TEMPERATURE (F)   66        47      1952


SUNRISE AND SUNSET
JULY  8 2017..........SUNRISE   626 AM CDT   SUNSET   904 PM CDT
JULY  9 2017..........SUNRISE   626 AM CDT   SUNSET   904 PM CDT


-  INDICATES NEGATIVE NUMBERS.
R  INDICATES RECORD WAS SET OR TIED.
MM INDICATES DATA IS MISSING.
T  INDICATES TRACE AMOUNT.




$$
