000
CDUS43 KDDC 202330
CLIDGC


CLIMATE REPORT
NATIONAL WEATHER SERVICE DODGE CITY KS
629 PM CDT MON JUL 20 2015


...................................

...THE DODGE CITY KS CLIMATE SUMMARY FOR JULY 20 2015...
VALID TODAY AS OF 0500 PM LOCAL TIME.

CLIMATE NORMAL PERIOD 1981 TO 2010
CLIMATE RECORD PERIOD 1875 TO 2015


WEATHER ITEM   OBSERVED TIME   RECORD YEAR NORMAL DEPARTURE LAST
                VALUE   (LST)  VALUE       VALUE  FROM      YEAR
                                                  NORMAL
..................................................................
TEMPERATURE (F)
 TODAY
  MAXIMUM         94    253 PM 108    2011  93      1       93
  MINIMUM         68   1249 AM  54    1970  67      1       68
  AVERAGE         81                        80      1       81

PRECIPITATION (IN)
  TODAY            0.04          1.97 1880   0.10  -0.06     0.00
  MONTH TO DATE    0.68                      1.97  -1.29     1.51
  SINCE JUN 1      2.76                      5.21  -2.45    10.60
  SINCE JAN 1     16.48                     12.73   3.75    14.12

SNOWFALL (IN)
  TODAY            0.0           0.0  2002   0.0    0.0      0.0
                                      2001
  MONTH TO DATE    0.0                       0.0    0.0      0.0
  SINCE JUN 1      0.0                       0.0    0.0      0.0
  SINCE JUL 1      0.0                       0.0    0.0      0.0
  SNOW DEPTH       0

DEGREE DAYS
 HEATING
  TODAY            0                         0      0        0
  MONTH TO DATE    1                         0      1       12
  SINCE JUN 1      1                        13    -12       19
  SINCE JUL 1      1                         0      1       12

 COOLING
  TODAY           16                        15      1       16
  MONTH TO DATE  286                       288     -2      195
  SINCE JUN 1    639                       566     73      479
  SINCE JAN 1    700                       675     25      651
..................................................................


WIND (MPH)
  HIGHEST WIND SPEED    16   HIGHEST WIND DIRECTION    NW (320)
  HIGHEST GUST SPEED    21   HIGHEST GUST DIRECTION    NW (320)
  AVERAGE WIND SPEED     9.6


SKY COVER
  POSSIBLE SUNSHINE  MM
  AVERAGE SKY COVER 0.2


WEATHER CONDITIONS
 THE FOLLOWING WEATHER WAS RECORDED TODAY.
  LIGHT RAIN


RELATIVE HUMIDITY (PERCENT)
 HIGHEST    93          1200 AM
 LOWEST     30           400 PM
 AVERAGE    62

..........................................................


THE DODGE CITY KS CLIMATE NORMALS FOR TOMORROW
                         NORMAL    RECORD    YEAR
 MAXIMUM TEMPERATURE (F)   93       105      2011
                                             2001
                                             1981
 MINIMUM TEMPERATURE (F)   67        50      1877


SUNRISE AND SUNSET
JULY 20 2015..........SUNRISE   634 AM CDT   SUNSET   859 PM CDT
JULY 21 2015..........SUNRISE   634 AM CDT   SUNSET   858 PM CDT


-  INDICATES NEGATIVE NUMBERS.
R  INDICATES RECORD WAS SET OR TIED.
MM INDICATES DATA IS MISSING.
T  INDICATES TRACE AMOUNT.




$$
