000
CDUS43 KDDC 160745
CLIDGC


CLIMATE REPORT
NATIONAL WEATHER SERVICE DODGE CITY KS
245 AM CDT THU MAR 16 2017


...................................

...THE DODGE CITY KS CLIMATE SUMMARY FOR MARCH 15 2017...

CLIMATE NORMAL PERIOD 1981 TO 2010
CLIMATE RECORD PERIOD 1875 TO 2017


WEATHER ITEM   OBSERVED TIME   RECORD YEAR NORMAL DEPARTURE LAST
                VALUE   (LST)  VALUE       VALUE  FROM      YEAR
                                                  NORMAL
..................................................................
TEMPERATURE (F)
 YESTERDAY
  MAXIMUM         65    509 PM  83    2013  58      7       60
  MINIMUM         23    723 AM   7    1912  31     -8       31
  AVERAGE         44                        44      0       46

PRECIPITATION (IN)
  YESTERDAY        0.00          1.23 1928   0.05  -0.05     0.00
  MONTH TO DATE    T                         0.64  -0.64     0.01
  SINCE MAR 1      T                         0.64  -0.64     0.01
  SINCE JAN 1      2.57                      1.90   0.67     0.60

SNOWFALL (IN)
  YESTERDAY        0.0          10.0  1928   0.2   -0.2      0.0
  MONTH TO DATE    0.0                       2.4   -2.4      0.0
  SINCE MAR 1      0.0                       2.4   -2.4      0.0
  SINCE JUL 1      5.0                      17.5  -12.5     10.0
  SNOW DEPTH       0

DEGREE DAYS
 HEATING
  YESTERDAY       21                        21      0       19
  MONTH TO DATE  301                       345    -44      202
  SINCE MAR 1    301                       345    -44      202
  SINCE JUL 1   3535                      4192   -657     3564

 COOLING
  YESTERDAY        0                         0      0        0
  MONTH TO DATE    0                         0      0        0
  SINCE MAR 1      0                         0      0        0
  SINCE JAN 1      0                         0      0        2
..................................................................


WIND (MPH)
  HIGHEST WIND SPEED    30   HIGHEST WIND DIRECTION     S (190)
  HIGHEST GUST SPEED    36   HIGHEST GUST DIRECTION     S (180)
  AVERAGE WIND SPEED    16.8


SKY COVER
  POSSIBLE SUNSHINE  MM
  AVERAGE SKY COVER 0.0


WEATHER CONDITIONS
 THE FOLLOWING WEATHER WAS RECORDED YESTERDAY.
  FOG
  HAZE


RELATIVE HUMIDITY (PERCENT)
 HIGHEST    88           700 AM
 LOWEST     28           500 PM
 AVERAGE    58

..........................................................


THE DODGE CITY KS CLIMATE NORMALS FOR TODAY
                         NORMAL    RECORD    YEAR
 MAXIMUM TEMPERATURE (F)   58        91      2015
 MINIMUM TEMPERATURE (F)   31         9      1960


SUNRISE AND SUNSET
MARCH 16 2017.........SUNRISE   749 AM CDT   SUNSET   748 PM CDT
MARCH 17 2017.........SUNRISE   747 AM CDT   SUNSET   749 PM CDT


-  INDICATES NEGATIVE NUMBERS.
R  INDICATES RECORD WAS SET OR TIED.
MM INDICATES DATA IS MISSING.
T  INDICATES TRACE AMOUNT.




$$
