000
CDUS43 KDDC 090744
CLIDGC


CLIMATE REPORT
NATIONAL WEATHER SERVICE DODGE CITY KS
134 AM CST THU FEB 9 2017


...................................

...THE DODGE CITY KS CLIMATE SUMMARY FOR FEBRUARY 8 2017...

CLIMATE NORMAL PERIOD 1981 TO 2010
CLIMATE RECORD PERIOD 1875 TO 2017


WEATHER ITEM   OBSERVED TIME   RECORD YEAR NORMAL DEPARTURE LAST
                VALUE   (LST)  VALUE       VALUE  FROM      YEAR
                                                  NORMAL
..................................................................
TEMPERATURE (F)
 YESTERDAY
  MAXIMUM         36    457 PM  78    1943  47    -11       43
  MINIMUM         17    719 AM -17    1933  22     -5       25
  AVERAGE         27                        34     -7       34

PRECIPITATION (IN)
  YESTERDAY        0.00          0.81 2001   0.03  -0.03     0.00
  MONTH TO DATE    0.00                      0.18  -0.18     0.31
  SINCE DEC 1      3.18                      1.60   1.58     3.02
  SINCE JAN 1      2.56                      0.76   1.80     0.59

SNOWFALL (IN)
  YESTERDAY        0.0           6.3  2011   0.1   -0.1      0.0
  MONTH TO DATE    0.0                       1.2   -1.2      0.1
  SINCE DEC 1      5.0                      10.2   -5.2      8.9
  SINCE JUL 1      5.0                      12.4   -7.4     10.0
  SNOW DEPTH       0

DEGREE DAYS
 HEATING
  YESTERDAY       38                        31      7       31
  MONTH TO DATE  226                       251    -25      263
  SINCE DEC 1   2276                      2269      7     2110
  SINCE JUL 1   2872                      3283   -411     2940

 COOLING
  YESTERDAY        0                         0      0        0
  MONTH TO DATE    0                         0      0        0
  SINCE DEC 1      0                         0      0        0
  SINCE JAN 1      0                         0      0        0
..................................................................


WIND (MPH)
  HIGHEST WIND SPEED    24   HIGHEST WIND DIRECTION     N (10)
  HIGHEST GUST SPEED    30   HIGHEST GUST DIRECTION     N (360)
  AVERAGE WIND SPEED    10.1


SKY COVER
  POSSIBLE SUNSHINE  MM
  AVERAGE SKY COVER 0.0


WEATHER CONDITIONS
 THE FOLLOWING WEATHER WAS RECORDED YESTERDAY.
  NO SIGNIFICANT WEATHER WAS OBSERVED.


RELATIVE HUMIDITY (PERCENT)
 HIGHEST    91           400 AM
 LOWEST     40           300 PM
 AVERAGE    66

..........................................................


THE DODGE CITY KS CLIMATE NORMALS FOR TODAY
                         NORMAL    RECORD    YEAR
 MAXIMUM TEMPERATURE (F)   47        83      1976
 MINIMUM TEMPERATURE (F)   22       -12      1929


SUNRISE AND SUNSET
FEBRUARY  9 2017......SUNRISE   736 AM CST   SUNSET   613 PM CST
FEBRUARY 10 2017......SUNRISE   735 AM CST   SUNSET   614 PM CST


-  INDICATES NEGATIVE NUMBERS.
R  INDICATES RECORD WAS SET OR TIED.
MM INDICATES DATA IS MISSING.
T  INDICATES TRACE AMOUNT.




$$
