000
CDUS43 KDDC 051020
CLIDGC


CLIMATE REPORT
NATIONAL WEATHER SERVICE DODGE CITY KS
519 AM CDT SAT JUL 5 2014


...................................

...THE DODGE CITY KS CLIMATE SUMMARY FOR JULY 4 2014...

CLIMATE NORMAL PERIOD 1981 TO 2010
CLIMATE RECORD PERIOD 1875 TO 2014


WEATHER ITEM   OBSERVED TIME   RECORD YEAR NORMAL DEPARTURE LAST
                VALUE   (LST)  VALUE       VALUE  FROM      YEAR
                                                  NORMAL
..................................................................
TEMPERATURE (F)
 YESTERDAY
  MAXIMUM         88    426 PM 106    1980  92     -4       92
                                      1953
  MINIMUM         64    623 AM  49    1906  65     -1       60
  AVERAGE         76                        79     -3       76

PRECIPITATION (IN)
  YESTERDAY        0.00          4.74 2010   0.10  -0.10     0.00
  MONTH TO DATE    0.15                      0.39  -0.24     0.00
  SINCE JUN 1      9.24                      3.63   5.61     2.61
  SINCE JAN 1     12.76                     11.15   1.61     6.04

SNOWFALL (IN)
  YESTERDAY        0.0           0.0  2002   0.0    0.0      0.0
                                      2001
  MONTH TO DATE    0.0                       0.0    0.0      0.0
  SINCE JUN 1      0.0                       0.0    0.0      0.0
  SINCE JUL 1      0.0                       0.0    0.0      0.0
  SNOW DEPTH       0

DEGREE DAYS
 HEATING
  YESTERDAY        0                         0      0        0
  MONTH TO DATE    0                         0      0        0
  SINCE JUN 1      7                        13     -6       12
  SINCE JUL 1      0                         0      0        0

 COOLING
  YESTERDAY       11                        14     -3       11
  MONTH TO DATE   26                        54    -28       26
  SINCE JUN 1    310                       332    -22      414
  SINCE JAN 1    482                       441     41      576
..................................................................


WIND (MPH)
  HIGHEST WIND SPEED    26   HIGHEST WIND DIRECTION     S (170)
  HIGHEST GUST SPEED    34   HIGHEST GUST DIRECTION    SE (150)
  AVERAGE WIND SPEED    18.0


SKY COVER
  POSSIBLE SUNSHINE  MM
  AVERAGE SKY COVER 0.2


WEATHER CONDITIONS
 THE FOLLOWING WEATHER WAS RECORDED YESTERDAY.
  NO SIGNIFICANT WEATHER WAS OBSERVED.


RELATIVE HUMIDITY (PERCENT)
 HIGHEST    93           600 AM
 LOWEST     43           600 PM
 AVERAGE    68

..........................................................


THE DODGE CITY KS CLIMATE NORMALS FOR TODAY
                         NORMAL    RECORD    YEAR
 MAXIMUM TEMPERATURE (F)   92       105      1991
                                             1978
                                             1966
 MINIMUM TEMPERATURE (F)   65        49      1924


SUNRISE AND SUNSET
JULY  5 2014..........SUNRISE   624 AM CDT   SUNSET   905 PM CDT
JULY  6 2014..........SUNRISE   624 AM CDT   SUNSET   905 PM CDT


-  INDICATES NEGATIVE NUMBERS.
R  INDICATES RECORD WAS SET OR TIED.
MM INDICATES DATA IS MISSING.
T  INDICATES TRACE AMOUNT.




$$
