000
CDUS43 KDDC 250011
CLIDGC


CLIMATE REPORT
NATIONAL WEATHER SERVICE DODGE CITY KS
707 PM CDT WED JUN 24 2015


...................................

...THE DODGE CITY KS CLIMATE SUMMARY FOR JUNE 24 2015...
VALID TODAY AS OF 0500 PM LOCAL TIME.

CLIMATE NORMAL PERIOD 1981 TO 2010
CLIMATE RECORD PERIOD 1875 TO 2015


WEATHER ITEM   OBSERVED TIME   RECORD YEAR NORMAL DEPARTURE LAST
                VALUE   (LST)  VALUE       VALUE  FROM      YEAR
                                                  NORMAL
..................................................................
TEMPERATURE (F)
 TODAY
  MAXIMUM         93    413 PM 107    2012  90      3       84
  MINIMUM         68    531 AM  48    1940  63      5       62
  AVERAGE         81                        76      5       73

PRECIPITATION (IN)
  TODAY            0.00          1.68 1889   0.11  -0.11     0.49
  MONTH TO DATE    2.06                      2.66  -0.60     6.61
  SINCE JUN 1      2.06                      2.66  -0.60     6.61
  SINCE JAN 1     15.78                     10.18   5.60    10.13

SNOWFALL (IN)
  TODAY            0.0          90.0  2001   0.0    0.0      0.0
  MONTH TO DATE    0.0                       0.0    0.0      0.0
  SINCE JUN 1      0.0                       0.0    0.0      0.0
  SINCE JUL 1     21.4                      21.1    0.3     31.1
  SNOW DEPTH       0

DEGREE DAYS
 HEATING
  TODAY            0                         0      0        0
  MONTH TO DATE    0                        10    -10        7
  SINCE JUN 1      0                        10    -10        7
  SINCE JUL 1   4655                      4964   -309     5378

 COOLING
  TODAY           16                        12      4        8
  MONTH TO DATE  277                       204     73      219
  SINCE JUN 1    277                       204     73      219
  SINCE JAN 1    338                       313     25      391
..................................................................


WIND (MPH)
  HIGHEST WIND SPEED    31   HIGHEST WIND DIRECTION    SW (220)
  HIGHEST GUST SPEED    43   HIGHEST GUST DIRECTION     S (200)
  AVERAGE WIND SPEED    19.9


SKY COVER
  POSSIBLE SUNSHINE  MM
  AVERAGE SKY COVER 0.0


WEATHER CONDITIONS
 THE FOLLOWING WEATHER WAS RECORDED TODAY.
  NO SIGNIFICANT WEATHER WAS OBSERVED.


RELATIVE HUMIDITY (PERCENT)
 HIGHEST    73           500 AM
 LOWEST     28           200 PM
 AVERAGE    51

..........................................................


THE DODGE CITY KS CLIMATE NORMALS FOR TOMORROW
                         NORMAL    RECORD    YEAR
 MAXIMUM TEMPERATURE (F)   90       108      2012
                                             1978
 MINIMUM TEMPERATURE (F)   64        46      1958


SUNRISE AND SUNSET
JUNE 24 2015..........SUNRISE   619 AM CDT   SUNSET   906 PM CDT
JUNE 25 2015..........SUNRISE   619 AM CDT   SUNSET   906 PM CDT


-  INDICATES NEGATIVE NUMBERS.
R  INDICATES RECORD WAS SET OR TIED.
MM INDICATES DATA IS MISSING.
T  INDICATES TRACE AMOUNT.




$$
