000
CDUS43 KDDC 051425
CLIDGC


CLIMATE REPORT
NATIONAL WEATHER SERVICE DODGE CITY KS
825 AM CST TUE DEC 5 2017


...................................

...THE DODGE CITY KS CLIMATE SUMMARY FOR DECEMBER 5 2017...
VALID AS OF 0800 AM LOCAL TIME.

CLIMATE NORMAL PERIOD 1981 TO 2010
CLIMATE RECORD PERIOD 1875 TO 2017


WEATHER ITEM   OBSERVED TIME   RECORD YEAR NORMAL DEPARTURE LAST
                VALUE   (LST)  VALUE       VALUE  FROM      YEAR
                                                  NORMAL
..................................................................
TEMPERATURE (F)
 TODAY
  MAXIMUM         26    503 AM  74    1918  46    -20       59
  MINIMUM         20    714 AM  -4    1909  23     -3       31
  AVERAGE         23                        34    -11       45

PRECIPITATION (IN)
  TODAY            0.00          0.64 1883   0.02  -0.02     0.00
  MONTH TO DATE    0.00                      0.12  -0.12     0.34
  SINCE DEC 1      0.00                      0.12  -0.12     0.34
  SINCE JAN 1     25.57                     20.88   4.69    23.12

SNOWFALL (IN)
  TODAY            0.0           6.0  1942   0.1   -0.1      0.0
  MONTH TO DATE    0.0                       0.6   -0.6      0.1
  SINCE DEC 1      0.0                       0.6   -0.6      0.1
  SINCE JUL 1      0.0                       2.8   -2.8      0.1
  SNOW DEPTH       0

..................................................................


WIND (MPH)
  HIGHEST WIND SPEED    10   HIGHEST WIND DIRECTION     W (250)
  HIGHEST GUST SPEED    15   HIGHEST GUST DIRECTION    NW (330)
  AVERAGE WIND SPEED     7.0



WEATHER CONDITIONS
 THE FOLLOWING WEATHER WAS RECORDED TODAY.
  NO SIGNIFICANT WEATHER WAS OBSERVED.


RELATIVE HUMIDITY (PERCENT)
 HIGHEST    62           700 AM
 LOWEST     50           500 AM

..........................................................


THE DODGE CITY KS CLIMATE NORMALS FOR TOMORROW
                         NORMAL    RECORD    YEAR
 MAXIMUM TEMPERATURE (F)   46        81      1939
 MINIMUM TEMPERATURE (F)   23        -6      1972


SUNRISE AND SUNSET
DECEMBER  5 2017......SUNRISE   740 AM CST   SUNSET   521 PM CST
DECEMBER  6 2017......SUNRISE   741 AM CST   SUNSET   521 PM CST


-  INDICATES NEGATIVE NUMBERS.
R  INDICATES RECORD WAS SET OR TIED.
MM INDICATES DATA IS MISSING.
T  INDICATES TRACE AMOUNT.




$$
