000
CDUS43 KDDC 031008
CLIDGC


CLIMATE REPORT
NATIONAL WEATHER SERVICE DODGE CITY KS
507 AM CDT THU JUL 3 2014


...................................

...THE DODGE CITY KS CLIMATE SUMMARY FOR JULY 2 2014...

CLIMATE NORMAL PERIOD 1981 TO 2010
CLIMATE RECORD PERIOD 1875 TO 2014


WEATHER ITEM   OBSERVED TIME   RECORD YEAR NORMAL DEPARTURE LAST
                VALUE   (LST)  VALUE       VALUE  FROM      YEAR
                                                  NORMAL
..................................................................
TEMPERATURE (F)
 YESTERDAY
  MAXIMUM         77    620 PM 105    1960  92    -15       84
  MINIMUM         57    507 AM  51    2013  65     -8       51
  AVERAGE         67                        78    -11       68

PRECIPITATION (IN)
  YESTERDAY        0.04          0.70 1901   0.10  -0.06     0.00
  MONTH TO DATE    0.15                      0.20  -0.05     0.00
  SINCE JUN 1      9.24                      3.44   5.80     2.61
  SINCE JAN 1     12.76                     10.96   1.80     6.04

SNOWFALL (IN)
  YESTERDAY        0.0           0.0  2002   0.0    0.0      0.0
                                      2001
  MONTH TO DATE    0.0                       0.0    0.0      0.0
  SINCE JUN 1      0.0                       0.0    0.0      0.0
  SINCE JUL 1      0.0                       0.0    0.0      0.0
  SNOW DEPTH       0

DEGREE DAYS
 HEATING
  YESTERDAY        0                         0      0        0
  MONTH TO DATE    0                         0      0        0
  SINCE JUN 1      7                        13     -6       12
  SINCE JUL 1      0                         0      0        0

 COOLING
  YESTERDAY        2                        13    -11        3
  MONTH TO DATE   10                        26    -16        6
  SINCE JUN 1    294                       304    -10      394
  SINCE JAN 1    466                       413     53      556
..................................................................


WIND (MPH)
  HIGHEST WIND SPEED    13   HIGHEST WIND DIRECTION    NE (40)
  HIGHEST GUST SPEED    14   HIGHEST GUST DIRECTION    NE (50)
  AVERAGE WIND SPEED     5.9


SKY COVER
  POSSIBLE SUNSHINE  MM
  AVERAGE SKY COVER 0.3


WEATHER CONDITIONS
 THE FOLLOWING WEATHER WAS RECORDED YESTERDAY.
  LIGHT RAIN
  FOG


RELATIVE HUMIDITY (PERCENT)
 HIGHEST    90           800 AM
 LOWEST     46           200 PM
 AVERAGE    68

..........................................................


THE DODGE CITY KS CLIMATE NORMALS FOR TODAY
                         NORMAL    RECORD    YEAR
 MAXIMUM TEMPERATURE (F)   92       105      1973
 MINIMUM TEMPERATURE (F)   65        50      1924


SUNRISE AND SUNSET
JULY  3 2014..........SUNRISE   623 AM CDT   SUNSET   905 PM CDT
JULY  4 2014..........SUNRISE   623 AM CDT   SUNSET   905 PM CDT


-  INDICATES NEGATIVE NUMBERS.
R  INDICATES RECORD WAS SET OR TIED.
MM INDICATES DATA IS MISSING.
T  INDICATES TRACE AMOUNT.




$$
