000
CDUS43 KDDC 231009
CLIDGC


CLIMATE REPORT
NATIONAL WEATHER SERVICE DODGE CITY KS
509 AM CDT TUE JUN 23 2015


...................................

...THE DODGE CITY KS CLIMATE SUMMARY FOR JUNE 22 2015...

CLIMATE NORMAL PERIOD 1981 TO 2010
CLIMATE RECORD PERIOD 1875 TO 2015


WEATHER ITEM   OBSERVED TIME   RECORD YEAR NORMAL DEPARTURE LAST
                VALUE   (LST)  VALUE       VALUE  FROM      YEAR
                                                  NORMAL
..................................................................
TEMPERATURE (F)
 YESTERDAY
  MAXIMUM        100    417 PM 102    1988  89     11       93
  MINIMUM         70    517 AM  50    1990  63      7       62
                                      1902
  AVERAGE         85                        76      9       78

PRECIPITATION (IN)
  YESTERDAY        0.00          1.77 2014   0.11  -0.11     1.77
  MONTH TO DATE    2.06                      2.44  -0.38     6.12
  SINCE JUN 1      2.06                      2.44  -0.38     6.12
  SINCE JAN 1     15.78                      9.96   5.82     9.64

SNOWFALL (IN)
  YESTERDAY        0.0          90.0  2001   0.0    0.0      0.0
  MONTH TO DATE    0.0                       0.0    0.0      0.0
  SINCE JUN 1      0.0                       0.0    0.0      0.0
  SINCE JUL 1     21.4                      21.1    0.3     31.1
  SNOW DEPTH       0

DEGREE DAYS
 HEATING
  YESTERDAY        0                         0      0        0
  MONTH TO DATE    0                        10    -10        7
  SINCE JUN 1      0                        10    -10        7
  SINCE JUL 1   4655                      4964   -309     5378

 COOLING
  YESTERDAY       20                        11      9       13
  MONTH TO DATE  246                       181     65      204
  SINCE JUN 1    246                       181     65      204
  SINCE JAN 1    307                       290     17      376
..................................................................


WIND (MPH)
  HIGHEST WIND SPEED    23   HIGHEST WIND DIRECTION    SW (210)
  HIGHEST GUST SPEED    32   HIGHEST GUST DIRECTION    SW (210)
  AVERAGE WIND SPEED    12.2


SKY COVER
  POSSIBLE SUNSHINE  MM
  AVERAGE SKY COVER 0.1


WEATHER CONDITIONS
 THE FOLLOWING WEATHER WAS RECORDED YESTERDAY.
  THUNDERSTORM


RELATIVE HUMIDITY (PERCENT)
 HIGHEST    79           400 AM
 LOWEST     29           200 PM
 AVERAGE    54

..........................................................


THE DODGE CITY KS CLIMATE NORMALS FOR TODAY
                         NORMAL    RECORD    YEAR
 MAXIMUM TEMPERATURE (F)   89       106      1934
                                             1893
 MINIMUM TEMPERATURE (F)   63        49      1989
                                             1926


SUNRISE AND SUNSET
JUNE 23 2015..........SUNRISE   619 AM CDT   SUNSET   905 PM CDT
JUNE 24 2015..........SUNRISE   619 AM CDT   SUNSET   906 PM CDT


-  INDICATES NEGATIVE NUMBERS.
R  INDICATES RECORD WAS SET OR TIED.
MM INDICATES DATA IS MISSING.
T  INDICATES TRACE AMOUNT.




$$
