000
CDUS43 KDDC 111450
CLIDGC


CLIMATE REPORT
NATIONAL WEATHER SERVICE DODGE CITY KS
948 AM CDT WED MAY 11 2016


...................................

...THE DODGE CITY KS CLIMATE SUMMARY FOR MAY 11 2016...
VALID AS OF 0800 AM LOCAL TIME.

CLIMATE NORMAL PERIOD 1981 TO 2010
CLIMATE RECORD PERIOD 1875 TO 2016


WEATHER ITEM   OBSERVED TIME   RECORD YEAR NORMAL DEPARTURE LAST
                VALUE   (LST)  VALUE       VALUE  FROM      YEAR
                                                  NORMAL
..................................................................
TEMPERATURE (F)
 TODAY
  MAXIMUM         59    104 AM  99    1963  76    -17       65
  MINIMUM         48    648 AM  28    1946  50     -2       38
  AVERAGE         54                        63     -9       52

PRECIPITATION (IN)
  TODAY            0.00          1.45 2014   0.08  -0.08     0.00
  MONTH TO DATE    0.01                      0.87  -0.86     1.41
  SINCE MAR 1      8.13                      4.28   3.85     3.50
  SINCE JAN 1      8.72                      5.54   3.18     4.80

SNOWFALL (IN)
  TODAY            0.0           T    2002   0.0    0.0      0.0
  MONTH TO DATE    0.0                       0.0    0.0      0.0
  SINCE MAR 1      0.4                       6.0   -5.6       T
  SINCE JUL 1     10.4                      21.1  -10.7     21.4
  SNOW DEPTH       0

..................................................................


WIND (MPH)
  HIGHEST WIND SPEED    37   HIGHEST WIND DIRECTION     N (20)
  HIGHEST GUST SPEED    45   HIGHEST GUST DIRECTION     N (10)
  AVERAGE WIND SPEED    20.6



WEATHER CONDITIONS
 THE FOLLOWING WEATHER WAS RECORDED TODAY.
  HAZE


RELATIVE HUMIDITY (PERCENT)
 HIGHEST    93           600 AM
 LOWEST     67           200 AM

..........................................................


THE DODGE CITY KS CLIMATE NORMALS FOR TOMORROW
                         NORMAL    RECORD    YEAR
 MAXIMUM TEMPERATURE (F)   76       100      1963
 MINIMUM TEMPERATURE (F)   50        32      1971


SUNRISE AND SUNSET
MAY 11 2016...........SUNRISE   633 AM CDT   SUNSET   840 PM CDT
MAY 12 2016...........SUNRISE   632 AM CDT   SUNSET   841 PM CDT


-  INDICATES NEGATIVE NUMBERS.
R  INDICATES RECORD WAS SET OR TIED.
MM INDICATES DATA IS MISSING.
T  INDICATES TRACE AMOUNT.




$$
