000
CDUS43 KDDC 130710
CLIDGC


CLIMATE REPORT
NATIONAL WEATHER SERVICE DODGE CITY KS
208 AM CDT MON MAR 13 2017


...................................

...THE DODGE CITY KS CLIMATE SUMMARY FOR MARCH 12 2017...

CLIMATE NORMAL PERIOD 1981 TO 2010
CLIMATE RECORD PERIOD 1875 TO 2017


WEATHER ITEM   OBSERVED TIME   RECORD YEAR NORMAL DEPARTURE LAST
                VALUE   (LST)  VALUE       VALUE  FROM      YEAR
                                                  NORMAL
..................................................................
TEMPERATURE (F)
 YESTERDAY
  MAXIMUM         56    424 PM  87    1916  57     -1       62
  MINIMUM         22    325 AM  -2    1948  30     -8       41
  AVERAGE         39                        43     -4       52

PRECIPITATION (IN)
  YESTERDAY        T             1.81 1999   0.04  -0.04     0.01
  MONTH TO DATE    T                         0.49  -0.49     0.01
  SINCE MAR 1      T                         0.49  -0.49     0.01
  SINCE JAN 1      2.57                      1.75   0.82     0.60

SNOWFALL (IN)
  YESTERDAY        0.0          13.0  1999   0.2   -0.2      0.0
  MONTH TO DATE    0.0                       1.9   -1.9      0.0
  SINCE MAR 1      0.0                       1.9   -1.9      0.0
  SINCE JUL 1      5.0                      17.0  -12.0     10.0
  SNOW DEPTH       0

DEGREE DAYS
 HEATING
  YESTERDAY       26                        22      4       13
  MONTH TO DATE  223                       282    -59      167
  SINCE MAR 1    223                       282    -59      167
  SINCE JUL 1   3457                      4129   -672     3529

 COOLING
  YESTERDAY        0                         0      0        0
  MONTH TO DATE    0                         0      0        0
  SINCE MAR 1      0                         0      0        0
  SINCE JAN 1      0                         0      0        2
..................................................................


WIND (MPH)
  HIGHEST WIND SPEED    31   HIGHEST WIND DIRECTION     S (170)
  HIGHEST GUST SPEED    38   HIGHEST GUST DIRECTION     S (170)
  AVERAGE WIND SPEED    14.2


SKY COVER
  POSSIBLE SUNSHINE  MM
  AVERAGE SKY COVER 0.3


WEATHER CONDITIONS
 THE FOLLOWING WEATHER WAS RECORDED YESTERDAY.
  LIGHT RAIN
  FOG
  HAZE


RELATIVE HUMIDITY (PERCENT)
 HIGHEST   100           400 AM
 LOWEST     41           100 PM
 AVERAGE    71

..........................................................


THE DODGE CITY KS CLIMATE NORMALS FOR TODAY
                         NORMAL    RECORD    YEAR
 MAXIMUM TEMPERATURE (F)   57        84      1916
 MINIMUM TEMPERATURE (F)   30        -3      1880


SUNRISE AND SUNSET
MARCH 13 2017.........SUNRISE   754 AM CDT   SUNSET   745 PM CDT
MARCH 14 2017.........SUNRISE   752 AM CDT   SUNSET   746 PM CDT


-  INDICATES NEGATIVE NUMBERS.
R  INDICATES RECORD WAS SET OR TIED.
MM INDICATES DATA IS MISSING.
T  INDICATES TRACE AMOUNT.




$$
