000
CDUS43 KDDC 040706
CLIDGC


CLIMATE REPORT
NATIONAL WEATHER SERVICE DODGE CITY KS
206 AM CDT WED OCT 4 2017


...................................

...THE DODGE CITY KS CLIMATE SUMMARY FOR OCTOBER 3 2017...

CLIMATE NORMAL PERIOD 1981 TO 2010
CLIMATE RECORD PERIOD 1875 TO 2017


WEATHER ITEM   OBSERVED TIME   RECORD YEAR NORMAL DEPARTURE LAST
                VALUE   (LST)  VALUE       VALUE  FROM      YEAR
                                                  NORMAL
..................................................................
TEMPERATURE (F)
 YESTERDAY
  MAXIMUM         71   1217 AM  98    2006  75     -4       87
  MINIMUM         56   1136 AM  30    2009  49      7       60
  AVERAGE         64                        62      2       74

PRECIPITATION (IN)
  YESTERDAY        T             2.14 1891   0.05  -0.05     0.00
  MONTH TO DATE    T                         0.17  -0.17     0.00
  SINCE SEP 1      1.54                      1.84  -0.30     0.31
  SINCE JAN 1     25.19                     18.43   6.76    22.32

SNOWFALL (IN)
  YESTERDAY        0.0           0.0  2002   0.0    0.0      0.0
                                      2001
  MONTH TO DATE    0.0                       0.0    0.0      0.0
  SINCE SEP 1      0.0                       0.0    0.0      0.0
  SINCE JUL 1      0.0                       0.0    0.0      0.0
  SNOW DEPTH       0

DEGREE DAYS
 HEATING
  YESTERDAY        1                         6     -5        0
  MONTH TO DATE    1                        16    -15        0
  SINCE SEP 1     31                        77    -46       26
  SINCE JUL 1     31                        81    -50       26

 COOLING
  YESTERDAY        0                         2     -2        9
  MONTH TO DATE   16                         7      9       19
  SINCE SEP 1    263                       194     69      261
  SINCE JAN 1   1495                      1440     55     1515
..................................................................


WIND (MPH)
  HIGHEST WIND SPEED    29   HIGHEST WIND DIRECTION     S (180)
  HIGHEST GUST SPEED    36   HIGHEST GUST DIRECTION     S (180)
  AVERAGE WIND SPEED    10.8


SKY COVER
  POSSIBLE SUNSHINE  MM
  AVERAGE SKY COVER 0.8


WEATHER CONDITIONS
 THE FOLLOWING WEATHER WAS RECORDED YESTERDAY.
  LIGHT RAIN
  FOG


RELATIVE HUMIDITY (PERCENT)
 HIGHEST    93           800 AM
 LOWEST     73          1200 AM
 AVERAGE    83

..........................................................


THE DODGE CITY KS CLIMATE NORMALS FOR TODAY
                         NORMAL    RECORD    YEAR
 MAXIMUM TEMPERATURE (F)   74        94      1937
 MINIMUM TEMPERATURE (F)   48        26      1877


SUNRISE AND SUNSET
OCTOBER  4 2017.......SUNRISE   738 AM CDT   SUNSET   718 PM CDT
OCTOBER  5 2017.......SUNRISE   739 AM CDT   SUNSET   716 PM CDT


-  INDICATES NEGATIVE NUMBERS.
R  INDICATES RECORD WAS SET OR TIED.
MM INDICATES DATA IS MISSING.
T  INDICATES TRACE AMOUNT.




$$
