000
CDUS43 KDDC 111018
CLIDGC


CLIMATE REPORT
NATIONAL WEATHER SERVICE DODGE CITY KS
416 AM CST THU DEC 11 2014


...................................

...THE DODGE CITY KS CLIMATE SUMMARY FOR DECEMBER 10 2014...

CLIMATE NORMAL PERIOD 1981 TO 2010
CLIMATE RECORD PERIOD 1875 TO 2014


WEATHER ITEM   OBSERVED TIME   RECORD YEAR NORMAL DEPARTURE LAST
                VALUE   (LST)  VALUE       VALUE  FROM      YEAR
                                                  NORMAL
..................................................................
TEMPERATURE (F)
 YESTERDAY
  MAXIMUM         43    501 PM  75    1996  45     -2       47
  MINIMUM         32    103 AM  -6    1919  22     10       10
  AVERAGE         38                        33      5       29

PRECIPITATION (IN)
  YESTERDAY        0.00          0.52 2007   0.02  -0.02     0.00
  MONTH TO DATE    0.47                      0.25   0.22     0.05
  SINCE DEC 1      0.47                      0.25   0.22     0.05
  SINCE JAN 1     22.65                     21.01   1.64    20.29

SNOWFALL (IN)
  YESTERDAY        0.0           2.2  1960   0.1   -0.1      0.0
                                      1894
  MONTH TO DATE    0.0                       1.3   -1.3      1.9
  SINCE DEC 1      0.0                       1.3   -1.3      1.9
  SINCE JUL 1      2.2                       3.5   -1.3      6.9
  SNOW DEPTH       0

DEGREE DAYS
 HEATING
  YESTERDAY       27                        32     -5       36
  MONTH TO DATE  271                       305    -34      410
  SINCE DEC 1    271                       305    -34      410
  SINCE JUL 1   1269                      1319    -50     1438

 COOLING
  YESTERDAY        0                         0      0        0
  MONTH TO DATE    0                         0      0        0
  SINCE DEC 1      0                         0      0        0
  SINCE JAN 1   1475                      1463     12     1641
..................................................................


WIND (MPH)
  HIGHEST WIND SPEED    17   HIGHEST WIND DIRECTION     S (190)
  HIGHEST GUST SPEED    22   HIGHEST GUST DIRECTION     S (190)
  AVERAGE WIND SPEED     5.5


SKY COVER
  POSSIBLE SUNSHINE  MM
  AVERAGE SKY COVER 0.9


WEATHER CONDITIONS
 THE FOLLOWING WEATHER WAS RECORDED YESTERDAY.
  FOG
  FOG W/VISIBILITY <= 1/4 MILE
  HAZE


RELATIVE HUMIDITY (PERCENT)
 HIGHEST   100           600 AM
 LOWEST     82           200 AM
 AVERAGE    91

..........................................................


THE DODGE CITY KS CLIMATE NORMALS FOR TODAY
                         NORMAL    RECORD    YEAR
 MAXIMUM TEMPERATURE (F)   45        78      1939
 MINIMUM TEMPERATURE (F)   21        -9      1932


SUNRISE AND SUNSET
DECEMBER 11 2014......SUNRISE   745 AM CST   SUNSET   521 PM CST
DECEMBER 12 2014......SUNRISE   746 AM CST   SUNSET   521 PM CST


-  INDICATES NEGATIVE NUMBERS.
R  INDICATES RECORD WAS SET OR TIED.
MM INDICATES DATA IS MISSING.
T  INDICATES TRACE AMOUNT.




$$
