000
CDUS43 KDDC 230705
CLIDGC


CLIMATE REPORT
NATIONAL WEATHER SERVICE DODGE CITY KS
205 AM CDT TUE AUG 23 2016


...................................

...THE DODGE CITY KS CLIMATE SUMMARY FOR AUGUST 22 2016...

CLIMATE NORMAL PERIOD 1981 TO 2010
CLIMATE RECORD PERIOD 1875 TO 2016


WEATHER ITEM   OBSERVED TIME   RECORD YEAR NORMAL DEPARTURE LAST
                VALUE   (LST)  VALUE       VALUE  FROM      YEAR
                                                  NORMAL
..................................................................
TEMPERATURE (F)
 YESTERDAY
  MAXIMUM         92    308 PM 104    1910  90      2       92
  MINIMUM         60    636 AM  50    1923  65     -5       65
  AVERAGE         76                        77     -1       79

PRECIPITATION (IN)
  YESTERDAY        0.00          0.92 1882   0.08  -0.08     0.00
  MONTH TO DATE    1.06                      2.00  -0.94     1.64
  SINCE JUN 1      9.07                      8.32   0.75     5.86
  SINCE JAN 1     20.19                     15.84   4.35    19.58

SNOWFALL (IN)
  YESTERDAY        0.0           T    2005   0.0    0.0      0.0
  MONTH TO DATE    0.0                       0.0    0.0      0.0
  SINCE JUN 1      0.0                       0.0    0.0      0.0
  SINCE JUL 1      0.0                       0.0    0.0      0.0
  SNOW DEPTH       0

DEGREE DAYS
 HEATING
  YESTERDAY        0                         0      0        0
  MONTH TO DATE    0                         0      0        1
  SINCE JUN 1      1                        14    -13        2
  SINCE JUL 1      0                         1     -1        2

 COOLING
  YESTERDAY       11                        13     -2       14
  MONTH TO DATE  287                       305    -18      257
  SINCE JUN 1   1114                      1035     79     1056
  SINCE JAN 1   1172                      1144     28     1117
..................................................................


WIND (MPH)
  HIGHEST WIND SPEED    28   HIGHEST WIND DIRECTION     S (170)
  HIGHEST GUST SPEED    35   HIGHEST GUST DIRECTION     S (170)
  AVERAGE WIND SPEED    17.3


SKY COVER
  POSSIBLE SUNSHINE  MM
  AVERAGE SKY COVER 0.0


WEATHER CONDITIONS
 THE FOLLOWING WEATHER WAS RECORDED YESTERDAY.
  NO SIGNIFICANT WEATHER WAS OBSERVED.


RELATIVE HUMIDITY (PERCENT)
 HIGHEST    72           500 AM
 LOWEST     29           400 PM
 AVERAGE    51

..........................................................


THE DODGE CITY KS CLIMATE NORMALS FOR TODAY
                         NORMAL    RECORD    YEAR
 MAXIMUM TEMPERATURE (F)   90       108      2011
 MINIMUM TEMPERATURE (F)   64        46      1891


SUNRISE AND SUNSET
AUGUST 23 2016........SUNRISE   703 AM CDT   SUNSET   821 PM CDT
AUGUST 24 2016........SUNRISE   704 AM CDT   SUNSET   820 PM CDT


-  INDICATES NEGATIVE NUMBERS.
R  INDICATES RECORD WAS SET OR TIED.
MM INDICATES DATA IS MISSING.
T  INDICATES TRACE AMOUNT.




$$
