000
CDUS43 KDDC 152326
CLIDGC


CLIMATE REPORT
NATIONAL WEATHER SERVICE DODGE CITY KS
626 PM CDT FRI APR 15 2016


...................................

...THE DODGE CITY KS CLIMATE SUMMARY FOR APRIL 15 2016...
VALID TODAY AS OF 0500 PM LOCAL TIME.

CLIMATE NORMAL PERIOD 1981 TO 2010
CLIMATE RECORD PERIOD 1875 TO 2016


WEATHER ITEM   OBSERVED TIME   RECORD YEAR NORMAL DEPARTURE LAST
                VALUE   (LST)  VALUE       VALUE  FROM      YEAR
                                                  NORMAL
..................................................................
TEMPERATURE (F)
 TODAY
  MAXIMUM         73    208 PM  97    2002  67      6       74
  MINIMUM         51    509 AM  21    1905  40     11       41
  AVERAGE         62                        54      8       58

PRECIPITATION (IN)
  TODAY            0.00          1.25 1976   0.06  -0.06     0.00
  MONTH TO DATE    0.49                      0.84  -0.35     0.45
  SINCE MAR 1      0.53                      2.43  -1.90     0.74
  SINCE JAN 1      1.12                      3.69  -2.57     2.04

SNOWFALL (IN)
  TODAY            0.0           2.3  1945   0.0    0.0      0.0
  MONTH TO DATE    0.0                       0.9   -0.9      0.0
  SINCE MAR 1      0.4                       5.8   -5.4       T
  SINCE JUL 1     10.4                      20.9  -10.5     21.4
  SNOW DEPTH       0

DEGREE DAYS
 HEATING
  TODAY            3                        12     -9        7
  MONTH TO DATE  144                       210    -66      126
  SINCE MAR 1    650                       850   -200      630
  SINCE JUL 1   4012                      4697   -685     4378

 COOLING
  TODAY            0                         0      0        0
  MONTH TO DATE    4                         0      4       12
  SINCE MAR 1      6                         1      5       12
  SINCE JAN 1      8                         1      7       12
..................................................................


WIND (MPH)
  HIGHEST WIND SPEED    37   HIGHEST WIND DIRECTION     S (160)
  HIGHEST GUST SPEED    49   HIGHEST GUST DIRECTION    SE (150)
  AVERAGE WIND SPEED    25.5


SKY COVER
  POSSIBLE SUNSHINE  MM
  AVERAGE SKY COVER 0.5


WEATHER CONDITIONS
 THE FOLLOWING WEATHER WAS RECORDED TODAY.
  FOG


RELATIVE HUMIDITY (PERCENT)
 HIGHEST    89           200 AM
 LOWEST     44           300 PM
 AVERAGE    67

..........................................................


THE DODGE CITY KS CLIMATE NORMALS FOR TOMORROW
                         NORMAL    RECORD    YEAR
 MAXIMUM TEMPERATURE (F)   68        91      1964
                                             1937
 MINIMUM TEMPERATURE (F)   40        24      1907


SUNRISE AND SUNSET
APRIL 15 2016.........SUNRISE   704 AM CDT   SUNSET   816 PM CDT
APRIL 16 2016.........SUNRISE   703 AM CDT   SUNSET   817 PM CDT


-  INDICATES NEGATIVE NUMBERS.
R  INDICATES RECORD WAS SET OR TIED.
MM INDICATES DATA IS MISSING.
T  INDICATES TRACE AMOUNT.




$$
