000
CDUS43 KDDC 282331
CLIDGC


CLIMATE REPORT
NATIONAL WEATHER SERVICE DODGE CITY KS
627 PM CDT WED SEP 28 2016


...................................

...THE DODGE CITY KS CLIMATE SUMMARY FOR SEPTEMBER 28 2016...
VALID TODAY AS OF 0500 PM LOCAL TIME.

CLIMATE NORMAL PERIOD 1981 TO 2010
CLIMATE RECORD PERIOD 1875 TO 2016


WEATHER ITEM   OBSERVED TIME   RECORD YEAR NORMAL DEPARTURE LAST
                VALUE   (LST)  VALUE       VALUE  FROM      YEAR
                                                  NORMAL
..................................................................
TEMPERATURE (F)
 TODAY
  MAXIMUM         84    147 PM  98    1953  77      7       88
                                      1911
  MINIMUM         50    533 AM  34    1945  51     -1       56
  AVERAGE         67                        64      3       72

PRECIPITATION (IN)
  TODAY            0.00          1.62 1901   0.05  -0.05     0.00
  MONTH TO DATE    0.31                      1.58  -1.27     0.88
  SINCE SEP 1      0.31                      1.58  -1.27     0.88
  SINCE JAN 1     22.32                     18.17   4.15    20.57

SNOWFALL (IN)
  TODAY            0.0           T    1945   0.0    0.0      0.0
  MONTH TO DATE    0.0                       0.0    0.0      0.0
  SINCE SEP 1      0.0                       0.0    0.0      0.0
  SINCE JUL 1      0.0                       0.0    0.0      0.0
  SNOW DEPTH       0

DEGREE DAYS
 HEATING
  TODAY            0                         4     -4        0
  MONTH TO DATE   15                        51    -36        6
  SINCE SEP 1     15                        51    -36        6
  SINCE JUL 1     15                        55    -40        8

 COOLING
  TODAY            2                         3     -1        7
  MONTH TO DATE  242                       181     61      290
  SINCE SEP 1    242                       181     61      290
  SINCE JAN 1   1496                      1427     69     1488
..................................................................


WIND (MPH)
  HIGHEST WIND SPEED    17   HIGHEST WIND DIRECTION     N (20)
  HIGHEST GUST SPEED    22   HIGHEST GUST DIRECTION    NE (30)
  AVERAGE WIND SPEED    10.9


SKY COVER
  POSSIBLE SUNSHINE  MM
  AVERAGE SKY COVER 0.0


WEATHER CONDITIONS
 THE FOLLOWING WEATHER WAS RECORDED TODAY.
  NO SIGNIFICANT WEATHER WAS OBSERVED.


RELATIVE HUMIDITY (PERCENT)
 HIGHEST    68           700 AM
 LOWEST     24           200 PM
 AVERAGE    46

..........................................................


THE DODGE CITY KS CLIMATE NORMALS FOR TOMORROW
                         NORMAL    RECORD    YEAR
 MAXIMUM TEMPERATURE (F)   77        99      1994
 MINIMUM TEMPERATURE (F)   50        30      1895


SUNRISE AND SUNSET
SEPTEMBER 28 2016.....SUNRISE   733 AM CDT   SUNSET   727 PM CDT
SEPTEMBER 29 2016.....SUNRISE   734 AM CDT   SUNSET   725 PM CDT


-  INDICATES NEGATIVE NUMBERS.
R  INDICATES RECORD WAS SET OR TIED.
MM INDICATES DATA IS MISSING.
T  INDICATES TRACE AMOUNT.




$$
