000
CDUS43 KDDC 240725
CLIDGC


CLIMATE REPORT
NATIONAL WEATHER SERVICE DODGE CITY KS
125 AM CST SAT FEB 24 2018


...................................

...THE DODGE CITY KS CLIMATE SUMMARY FOR FEBRUARY 23 2018...

CLIMATE NORMAL PERIOD 1981 TO 2010
CLIMATE RECORD PERIOD 1875 TO 2018


WEATHER ITEM   OBSERVED TIME   RECORD YEAR NORMAL DEPARTURE LAST
                VALUE   (LST)  VALUE       VALUE  FROM      YEAR
                                                  NORMAL
..................................................................
TEMPERATURE (F)
 YESTERDAY
  MAXIMUM         31    120 AM  84    1918  51    -20       80
  MINIMUM         28   1159 PM  -4    1889  25      3       32
  AVERAGE         30                        38     -8       56

PRECIPITATION (IN)
  YESTERDAY        0.00          0.86 2003   0.03  -0.03      T
  MONTH TO DATE    0.06                      0.55  -0.49     0.01
  SINCE DEC 1      0.15                      1.97  -1.82     3.19
  SINCE JAN 1      0.15                      1.13  -0.98     2.57

SNOWFALL (IN)
  YESTERDAY        0.0          11.5  2003   0.1   -0.1      0.0
  MONTH TO DATE    0.2                       3.3   -3.1      0.0
  SINCE DEC 1      1.4                      12.3  -10.9      5.0
  SINCE JUL 1      1.4                      14.5  -13.1      5.0
  SNOW DEPTH       0

DEGREE DAYS
 HEATING
  YESTERDAY       35                        27      8        9
  MONTH TO DATE  738                       684     54      447
  SINCE DEC 1   2683                      2702    -19     2497
  SINCE JUL 1   3537                      3716   -179     3093

 COOLING
  YESTERDAY        0                         0      0        0
  MONTH TO DATE    0                         0      0        0
  SINCE DEC 1      0                         0      0        0
  SINCE JAN 1      0                         0      0        0
..................................................................


WIND (MPH)
  HIGHEST WIND SPEED    14   HIGHEST WIND DIRECTION     E (90)
  HIGHEST GUST SPEED    18   HIGHEST GUST DIRECTION     E (80)
  AVERAGE WIND SPEED     9.2


SKY COVER
  POSSIBLE SUNSHINE  MM
  AVERAGE SKY COVER 1.0


WEATHER CONDITIONS
 THE FOLLOWING WEATHER WAS RECORDED YESTERDAY.
  FOG
  FOG W/VISIBILITY <= 1/4 MILE


RELATIVE HUMIDITY (PERCENT)
 HIGHEST    92          1200 AM
 LOWEST     85           400 PM
 AVERAGE    89

..........................................................


THE DODGE CITY KS CLIMATE NORMALS FOR TODAY
                         NORMAL    RECORD    YEAR
 MAXIMUM TEMPERATURE (F)   51        79      1976
                                             1918
 MINIMUM TEMPERATURE (F)   26        -6      1913


SUNRISE AND SUNSET
FEBRUARY 24 2018......SUNRISE   718 AM CST   SUNSET   628 PM CST
FEBRUARY 25 2018......SUNRISE   717 AM CST   SUNSET   630 PM CST


-  INDICATES NEGATIVE NUMBERS.
R  INDICATES RECORD WAS SET OR TIED.
MM INDICATES DATA IS MISSING.
T  INDICATES TRACE AMOUNT.




$$
