767
CDUS43 KDDC 110706
CLIDGC


CLIMATE REPORT
NATIONAL WEATHER SERVICE DODGE CITY KS
105 AM CST WED JAN 11 2017


...................................

...THE DODGE CITY KS CLIMATE SUMMARY FOR JANUARY 10 2017...

CLIMATE NORMAL PERIOD 1981 TO 2010
CLIMATE RECORD PERIOD 1875 TO 2017


WEATHER ITEM   OBSERVED TIME   RECORD YEAR NORMAL DEPARTURE LAST
                VALUE   (LST)  VALUE       VALUE  FROM      YEAR
                                                  NORMAL
..................................................................
TEMPERATURE (F)
 YESTERDAY
  MAXIMUM         58    221 PM  76    1911  44     14       39
  MINIMUM         37   1134 PM  -7    1962  20     17        8
                                      1918
  AVERAGE         48                        32     16       24

PRECIPITATION (IN)
  YESTERDAY        0.00          0.75 1905   0.02  -0.02     0.00
  MONTH TO DATE    0.15                      0.19  -0.04     0.25
  SINCE DEC 1      0.77                      1.03  -0.26     2.68
  SINCE JAN 1      0.15                      0.19  -0.04     0.25

SNOWFALL (IN)
  YESTERDAY        0.0           6.7  1918   0.1   -0.1      0.0
  MONTH TO DATE    2.5                       1.4    1.1      0.1
  SINCE DEC 1      4.8                       5.5   -0.7      8.2
  SINCE JUL 1      4.8                       7.7   -2.9      9.3
  SNOW DEPTH       0

DEGREE DAYS
 HEATING
  YESTERDAY       17                        33    -16       41
  MONTH TO DATE  380                       330     50      337
  SINCE DEC 1   1457                      1330    127     1214
  SINCE JUL 1   2053                      2344   -291     2044

 COOLING
  YESTERDAY        0                         0      0        0
  MONTH TO DATE    0                         0      0        0
  SINCE DEC 1      0                         0      0        0
  SINCE JAN 1      0                         0      0        0
..................................................................


WIND (MPH)
  HIGHEST WIND SPEED    31   HIGHEST WIND DIRECTION     W (250)
  HIGHEST GUST SPEED    41   HIGHEST GUST DIRECTION     W (250)
  AVERAGE WIND SPEED    15.2


SKY COVER
  POSSIBLE SUNSHINE  MM
  AVERAGE SKY COVER 0.1


WEATHER CONDITIONS
 THE FOLLOWING WEATHER WAS RECORDED YESTERDAY.
  NO SIGNIFICANT WEATHER WAS OBSERVED.


RELATIVE HUMIDITY (PERCENT)
 HIGHEST    71           600 AM
 LOWEST     20          1100 AM
 AVERAGE    46

..........................................................


THE DODGE CITY KS CLIMATE NORMALS FOR TODAY
                         NORMAL    RECORD    YEAR
 MAXIMUM TEMPERATURE (F)   44        70      2006
                                             1986
 MINIMUM TEMPERATURE (F)   20       -19      1918


SUNRISE AND SUNSET
JANUARY 11 2017.......SUNRISE   755 AM CST   SUNSET   541 PM CST
JANUARY 12 2017.......SUNRISE   755 AM CST   SUNSET   542 PM CST


-  INDICATES NEGATIVE NUMBERS.
R  INDICATES RECORD WAS SET OR TIED.
MM INDICATES DATA IS MISSING.
T  INDICATES TRACE AMOUNT.




$$
