000
CDUS43 KDDC 231010
CLIDGC


CLIMATE REPORT
NATIONAL WEATHER SERVICE DODGE CITY KS
409 AM CST MON FEB 23 2015


...................................

...THE DODGE CITY KS CLIMATE SUMMARY FOR FEBRUARY 22 2015...

CLIMATE NORMAL PERIOD 1981 TO 2010
CLIMATE RECORD PERIOD 1875 TO 2015


WEATHER ITEM   OBSERVED TIME   RECORD YEAR NORMAL DEPARTURE LAST
                VALUE   (LST)  VALUE       VALUE  FROM      YEAR
                                                  NORMAL
..................................................................
TEMPERATURE (F)
 YESTERDAY
  MAXIMUM         27   1222 AM  84    1982  50    -23       57
  MINIMUM         14   1159 PM  -3    1911  25    -11       23
  AVERAGE         21                        38    -17       40

PRECIPITATION (IN)
  YESTERDAY        0.05          0.93 1922   0.02   0.03     0.00
  MONTH TO DATE    0.39                      0.52  -0.13     0.60
  SINCE DEC 1      2.05                      1.94   0.11     1.32
  SINCE JAN 1      1.05                      1.10  -0.05     0.84

SNOWFALL (IN)
  YESTERDAY        3.8 R         2.8  1919   0.1    3.7      0.0
  MONTH TO DATE    7.2                       3.2    4.0     10.0
  SINCE DEC 1     15.5                      12.2    3.3     19.5
  SINCE JUL 1     17.7                      14.4    3.3     24.5
  SNOW DEPTH       5

DEGREE DAYS
 HEATING
  YESTERDAY       44                        27     17       25
  MONTH TO DATE  598                       657    -59      808
  SINCE DEC 1   2485                      2675   -190     2915
  SINCE JUL 1   3483                      3689   -206     3943

 COOLING
  YESTERDAY        0                         0      0        0
  MONTH TO DATE    0                         0      0        0
  SINCE DEC 1      0                         0      0        0
  SINCE JAN 1      0                         0      0        0
..................................................................


WIND (MPH)
  HIGHEST WIND SPEED    36   HIGHEST WIND DIRECTION    NE (30)
  HIGHEST GUST SPEED    41   HIGHEST GUST DIRECTION    NE (30)
  AVERAGE WIND SPEED    20.7


SKY COVER
  POSSIBLE SUNSHINE  MM
  AVERAGE SKY COVER 1.0


WEATHER CONDITIONS
 THE FOLLOWING WEATHER WAS RECORDED YESTERDAY.
  SNOW
  LIGHT SNOW
  FOG
  HAZE


RELATIVE HUMIDITY (PERCENT)
 HIGHEST    92           200 AM
 LOWEST     73           700 PM
 AVERAGE    83

..........................................................


THE DODGE CITY KS CLIMATE NORMALS FOR TODAY
                         NORMAL    RECORD    YEAR
 MAXIMUM TEMPERATURE (F)   51        84      1918
 MINIMUM TEMPERATURE (F)   25        -4      1889


SUNRISE AND SUNSET
FEBRUARY 23 2015......SUNRISE   720 AM CST   SUNSET   627 PM CST
FEBRUARY 24 2015......SUNRISE   718 AM CST   SUNSET   628 PM CST


-  INDICATES NEGATIVE NUMBERS.
R  INDICATES RECORD WAS SET OR TIED.
MM INDICATES DATA IS MISSING.
T  INDICATES TRACE AMOUNT.




$$
