388
CDUS43 KDDC 301509
CLIDGC


CLIMATE REPORT
NATIONAL WEATHER SERVICE DODGE CITY KS
1008 AM CDT SUN APR 30 2017


...................................

...THE DODGE CITY KS CLIMATE SUMMARY FOR APRIL 30 2017...
VALID AS OF 0800 AM LOCAL TIME.

CLIMATE NORMAL PERIOD 1981 TO 2010
CLIMATE RECORD PERIOD 1875 TO 2017


WEATHER ITEM   OBSERVED TIME   RECORD YEAR NORMAL DEPARTURE LAST
                VALUE   (LST)  VALUE       VALUE  FROM      YEAR
                                                  NORMAL
..................................................................
TEMPERATURE (F)
 TODAY
  MAXIMUM         34    253 AM  93    2008  72    -38       53
  MINIMUM         32    727 AM  20    1907  46    -14       35
  AVERAGE         33                        59    -26       44

PRECIPITATION (IN)
  TODAY            0.79          4.64 1978   0.07   0.72     0.00
  MONTH TO DATE    7.62                      1.82   5.80     8.08
  SINCE MAR 1     10.20                      3.41   6.79     8.12
  SINCE JAN 1     12.77                      4.67   8.10     8.71

SNOWFALL (IN)
  TODAY            0.9 R         T    1970   0.0    0.9      0.0
  MONTH TO DATE    0.9                       1.1   -0.2      0.0
  SINCE MAR 1      0.9                       6.0   -5.1      0.4
  SINCE JUL 1      5.9                      21.1  -15.2     10.4
  SNOW DEPTH       3

..................................................................


WIND (MPH)
  HIGHEST WIND SPEED    38   HIGHEST WIND DIRECTION     N (10)
  HIGHEST GUST SPEED    47   HIGHEST GUST DIRECTION     N (10)
  AVERAGE WIND SPEED    23.7



WEATHER CONDITIONS
 THE FOLLOWING WEATHER WAS RECORDED TODAY.
  HEAVY RAIN
  LIGHT RAIN
  SNOW
  LIGHT SNOW
  FOG


RELATIVE HUMIDITY (PERCENT)
 HIGHEST   100          1200 AM
 LOWEST     96           800 AM

..........................................................


THE DODGE CITY KS CLIMATE NORMALS FOR TOMORROW
                         NORMAL    RECORD    YEAR
 MAXIMUM TEMPERATURE (F)   73        98      1992
 MINIMUM TEMPERATURE (F)   46        19      1909


SUNRISE AND SUNSET
APRIL 30 2017.........SUNRISE   645 AM CDT   SUNSET   830 PM CDT
MAY  1 2017...........SUNRISE   644 AM CDT   SUNSET   831 PM CDT


-  INDICATES NEGATIVE NUMBERS.
R  INDICATES RECORD WAS SET OR TIED.
MM INDICATES DATA IS MISSING.
T  INDICATES TRACE AMOUNT.




$$
