000
CDUS43 KDDC 190705
CLIDGC


CLIMATE REPORT
NATIONAL WEATHER SERVICE DODGE CITY KS
105 AM CST SUN NOV 19 2017


...................................

...THE DODGE CITY KS CLIMATE SUMMARY FOR NOVEMBER 18 2017...

CLIMATE NORMAL PERIOD 1981 TO 2010
CLIMATE RECORD PERIOD 1875 TO 2017


WEATHER ITEM   OBSERVED TIME   RECORD YEAR NORMAL DEPARTURE LAST
                VALUE   (LST)  VALUE       VALUE  FROM      YEAR
                                                  NORMAL
..................................................................
TEMPERATURE (F)
 YESTERDAY
  MAXIMUM         53    221 PM  77    1875  55     -2       46
  MINIMUM         27   1155 PM  -7    1880  29     -2       20
  AVERAGE         40                        42     -2       33

PRECIPITATION (IN)
  YESTERDAY        0.01          0.35 1948   0.02  -0.01     0.00
  MONTH TO DATE    0.01                      0.51  -0.50     0.36
  SINCE SEP 1      1.92                      3.92  -2.00     0.76
  SINCE JAN 1     25.57                     20.51   5.06    22.77

SNOWFALL (IN)
  YESTERDAY        0.0           5.0  1948   0.1   -0.1      0.0
  MONTH TO DATE    0.0                       0.7   -0.7      0.0
  SINCE SEP 1      0.0                       1.1   -1.1      0.0
  SINCE JUL 1      0.0                       1.1   -1.1      0.0
  SNOW DEPTH       0

DEGREE DAYS
 HEATING
  YESTERDAY       25                        23      2       32
  MONTH TO DATE  362                       342     20      201
  SINCE SEP 1    653                       694    -41      349
  SINCE JUL 1    653                       698    -45      349

 COOLING
  YESTERDAY        0                         0      0        0
  MONTH TO DATE    0                         0      0        0
  SINCE SEP 1    288                       216     72      326
  SINCE JAN 1   1520                      1462     58     1580
..................................................................


WIND (MPH)
  HIGHEST WIND SPEED    35   HIGHEST WIND DIRECTION     N (360)
  HIGHEST GUST SPEED    49   HIGHEST GUST DIRECTION     N (360)
  AVERAGE WIND SPEED    17.3


SKY COVER
  POSSIBLE SUNSHINE  MM
  AVERAGE SKY COVER 0.3


WEATHER CONDITIONS
 THE FOLLOWING WEATHER WAS RECORDED YESTERDAY.
  LIGHT RAIN


RELATIVE HUMIDITY (PERCENT)
 HIGHEST    86           800 AM
 LOWEST     28           200 PM
 AVERAGE    57

..........................................................


THE DODGE CITY KS CLIMATE NORMALS FOR TODAY
                         NORMAL    RECORD    YEAR
 MAXIMUM TEMPERATURE (F)   54        82      2007
                                             1942
 MINIMUM TEMPERATURE (F)   29         0      1880


SUNRISE AND SUNSET
NOVEMBER 19 2017......SUNRISE   725 AM CST   SUNSET   526 PM CST
NOVEMBER 20 2017......SUNRISE   726 AM CST   SUNSET   525 PM CST


-  INDICATES NEGATIVE NUMBERS.
R  INDICATES RECORD WAS SET OR TIED.
MM INDICATES DATA IS MISSING.
T  INDICATES TRACE AMOUNT.




$$
