000
CDUS43 KDDC 160041
CLIDGC


CLIMATE REPORT
NATIONAL WEATHER SERVICE DODGE CITY KS
640 PM CST FRI DEC 15 2017


...................................

...THE DODGE CITY KS CLIMATE SUMMARY FOR DECEMBER 15 2017...
VALID TODAY AS OF 0500 PM LOCAL TIME.

CLIMATE NORMAL PERIOD 1981 TO 2010
CLIMATE RECORD PERIOD 1875 TO 2017


WEATHER ITEM   OBSERVED TIME   RECORD YEAR NORMAL DEPARTURE LAST
                VALUE   (LST)  VALUE       VALUE  FROM      YEAR
                                                  NORMAL
..................................................................
TEMPERATURE (F)
 TODAY
  MAXIMUM         56    313 PM  69    1946  44     12       31
  MINIMUM         17    615 AM  -8    1989  21     -4       11
  AVERAGE         37                        32      5       21

PRECIPITATION (IN)
  TODAY            0.00          1.43 1984   0.03  -0.03     0.00
  MONTH TO DATE    0.00                      0.39  -0.39     0.34
  SINCE DEC 1      0.00                      0.39  -0.39     0.34
  SINCE JAN 1     25.57                     21.15   4.42    23.12

SNOWFALL (IN)
  TODAY            0.0           2.0  1965   0.1   -0.1      0.0
  MONTH TO DATE    0.0                       2.0   -2.0      0.2
  SINCE DEC 1      0.0                       2.0   -2.0      0.2
  SINCE JUL 1      0.0                       4.2   -4.2      0.2
  SNOW DEPTH       0

DEGREE DAYS
 HEATING
  TODAY           28                        33     -5       44
  MONTH TO DATE  359                       467   -108      543
  SINCE DEC 1    359                       467   -108      543
  SINCE JUL 1   1213                      1481   -268     1139

 COOLING
  TODAY            0                         0      0        0
  MONTH TO DATE    0                         0      0        0
  SINCE DEC 1      0                         0      0        0
  SINCE JAN 1   1520                      1463     57     1580
..................................................................


WIND (MPH)
  HIGHEST WIND SPEED    20   HIGHEST WIND DIRECTION    SW (220)
  HIGHEST GUST SPEED    25   HIGHEST GUST DIRECTION    SW (240)
  AVERAGE WIND SPEED    11.8


SKY COVER
  POSSIBLE SUNSHINE  MM
  AVERAGE SKY COVER 0.0


WEATHER CONDITIONS
 THE FOLLOWING WEATHER WAS RECORDED TODAY.
  NO SIGNIFICANT WEATHER WAS OBSERVED.


RELATIVE HUMIDITY (PERCENT)
 HIGHEST    88           200 AM
 LOWEST     22           400 PM
 AVERAGE    55

..........................................................


THE DODGE CITY KS CLIMATE NORMALS FOR TOMORROW
                         NORMAL    RECORD    YEAR
 MAXIMUM TEMPERATURE (F)   44        70      1962
 MINIMUM TEMPERATURE (F)   21        -1      1989


SUNRISE AND SUNSET
DECEMBER 15 2017......SUNRISE   748 AM CST   SUNSET   522 PM CST
DECEMBER 16 2017......SUNRISE   749 AM CST   SUNSET   523 PM CST


-  INDICATES NEGATIVE NUMBERS.
R  INDICATES RECORD WAS SET OR TIED.
MM INDICATES DATA IS MISSING.
T  INDICATES TRACE AMOUNT.




$$
