000
CDUS43 KDDC 250725
CLIDGC


CLIMATE REPORT
NATIONAL WEATHER SERVICE DODGE CITY KS
225 AM CDT SAT MAR 25 2017


...................................

...THE DODGE CITY KS CLIMATE SUMMARY FOR MARCH 24 2017...

CLIMATE NORMAL PERIOD 1981 TO 2010
CLIMATE RECORD PERIOD 1875 TO 2017


WEATHER ITEM   OBSERVED TIME   RECORD YEAR NORMAL DEPARTURE LAST
                VALUE   (LST)  VALUE       VALUE  FROM      YEAR
                                                  NORMAL
..................................................................
TEMPERATURE (F)
 YESTERDAY
  MAXIMUM         69    118 PM  86    1907  60      9       53
  MINIMUM         40   1049 PM  10    1965  33      7       27
  AVERAGE         55                        47      8       40

PRECIPITATION (IN)
  YESTERDAY        0.07          1.33 1891   0.06   0.01     0.00
  MONTH TO DATE    0.07                      1.16  -1.09     0.04
  SINCE MAR 1      0.07                      1.16  -1.09     0.04
  SINCE JAN 1      2.64                      2.42   0.22     0.63

SNOWFALL (IN)
  YESTERDAY       MM             6.5  1957   0.2   MM        0.0
  MONTH TO DATE    0.0                       3.9   -3.9      0.4
  SINCE MAR 1      0.0                       3.9   -3.9      0.4
  SINCE JUL 1      5.0                      19.0  -14.0     10.4
  SNOW DEPTH       0

DEGREE DAYS
 HEATING
  YESTERDAY       10                        18     -8       25
  MONTH TO DATE  354                       520   -166      396
  SINCE MAR 1    354                       520   -166      396
  SINCE JUL 1   3588                      4367   -779     3758

 COOLING
  YESTERDAY        0                         0      0        0
  MONTH TO DATE    9                         0      9        2
  SINCE MAR 1      9                         0      9        2
  SINCE JAN 1      9                         0      9        4
..................................................................


WIND (MPH)
  HIGHEST WIND SPEED    29   HIGHEST WIND DIRECTION     N (340)
  HIGHEST GUST SPEED    36   HIGHEST GUST DIRECTION     N (340)
  AVERAGE WIND SPEED    16.2


SKY COVER
  POSSIBLE SUNSHINE  MM
  AVERAGE SKY COVER 0.5


WEATHER CONDITIONS
 THE FOLLOWING WEATHER WAS RECORDED YESTERDAY.
  LIGHT RAIN
  FOG


RELATIVE HUMIDITY (PERCENT)
 HIGHEST    93           500 PM
 LOWEST     22           100 PM
 AVERAGE    58

..........................................................


THE DODGE CITY KS CLIMATE NORMALS FOR TODAY
                         NORMAL    RECORD    YEAR
 MAXIMUM TEMPERATURE (F)   61        90      1910
 MINIMUM TEMPERATURE (F)   33         3      1955


SUNRISE AND SUNSET
MARCH 25 2017.........SUNRISE   735 AM CDT   SUNSET   757 PM CDT
MARCH 26 2017.........SUNRISE   734 AM CDT   SUNSET   758 PM CDT


-  INDICATES NEGATIVE NUMBERS.
R  INDICATES RECORD WAS SET OR TIED.
MM INDICATES DATA IS MISSING.
T  INDICATES TRACE AMOUNT.




$$
