000
CDUS43 KDDC 210706
CLIDGC


CLIMATE REPORT
NATIONAL WEATHER SERVICE DODGE CITY KS
105 AM CST SAT JAN 21 2017


...................................

...THE DODGE CITY KS CLIMATE SUMMARY FOR JANUARY 20 2017...

CLIMATE NORMAL PERIOD 1981 TO 2010
CLIMATE RECORD PERIOD 1875 TO 2017


WEATHER ITEM   OBSERVED TIME   RECORD YEAR NORMAL DEPARTURE LAST
                VALUE   (LST)  VALUE       VALUE  FROM      YEAR
                                                  NORMAL
..................................................................
TEMPERATURE (F)
 YESTERDAY
  MAXIMUM         52    348 PM  77    1986  44      8       33
  MINIMUM         29    104 AM -17    1883  20      9       17
  AVERAGE         41                        32      9       25

PRECIPITATION (IN)
  YESTERDAY        0.00          1.11 1945   0.02  -0.02      T
  MONTH TO DATE    2.51                      0.36   2.15     0.28
  SINCE DEC 1      3.13                      1.20   1.93     2.71
  SINCE JAN 1      2.51                      0.36   2.15     0.28

SNOWFALL (IN)
  YESTERDAY        0.0           8.0  1945   0.2   -0.2       T
  MONTH TO DATE    2.7                       3.0   -0.3      0.7
  SINCE DEC 1      5.0                       7.1   -2.1      8.8
  SINCE JUL 1      5.0                       9.3   -4.3      9.9
  SNOW DEPTH       0

DEGREE DAYS
 HEATING
  YESTERDAY       24                        33     -9       40
  MONTH TO DATE  691                       660     31      666
  SINCE DEC 1   1768                      1660    108     1543
  SINCE JUL 1   2364                      2674   -310     2373

 COOLING
  YESTERDAY        0                         0      0        0
  MONTH TO DATE    0                         0      0        0
  SINCE DEC 1      0                         0      0        0
  SINCE JAN 1      0                         0      0        0
..................................................................


WIND (MPH)
  HIGHEST WIND SPEED    18   HIGHEST WIND DIRECTION    NW (300)
  HIGHEST GUST SPEED    23   HIGHEST GUST DIRECTION    NW (300)
  AVERAGE WIND SPEED     7.7


SKY COVER
  POSSIBLE SUNSHINE  MM
  AVERAGE SKY COVER 0.6


WEATHER CONDITIONS
 THE FOLLOWING WEATHER WAS RECORDED YESTERDAY.
  FOG
  HAZE


RELATIVE HUMIDITY (PERCENT)
 HIGHEST   100          1200 AM
 LOWEST     59           400 PM
 AVERAGE    80

..........................................................


THE DODGE CITY KS CLIMATE NORMALS FOR TODAY
                         NORMAL    RECORD    YEAR
 MAXIMUM TEMPERATURE (F)   45        70      1964
                                             1953
                                             1943
 MINIMUM TEMPERATURE (F)   20       -13      1883


SUNRISE AND SUNSET
JANUARY 21 2017.......SUNRISE   751 AM CST   SUNSET   552 PM CST
JANUARY 22 2017.......SUNRISE   751 AM CST   SUNSET   553 PM CST


-  INDICATES NEGATIVE NUMBERS.
R  INDICATES RECORD WAS SET OR TIED.
MM INDICATES DATA IS MISSING.
T  INDICATES TRACE AMOUNT.




$$
