000
CDUS43 KDDC 271006
CLIDGC


CLIMATE REPORT
NATIONAL WEATHER SERVICE DODGE CITY KS
506 AM CDT MON JUL 27 2015


...................................

...THE DODGE CITY KS CLIMATE SUMMARY FOR JULY 26 2015...

CLIMATE NORMAL PERIOD 1981 TO 2010
CLIMATE RECORD PERIOD 1875 TO 2015


WEATHER ITEM   OBSERVED TIME   RECORD YEAR NORMAL DEPARTURE LAST
                VALUE   (LST)  VALUE       VALUE  FROM      YEAR
                                                  NORMAL
..................................................................
TEMPERATURE (F)
 YESTERDAY
  MAXIMUM         94    513 PM 107    1940  93      1      102
  MINIMUM         68   1145 PM  53    2004  67      1       73
  AVERAGE         81                        80      1       88

PRECIPITATION (IN)
  YESTERDAY        0.00          1.25 1977   0.10  -0.10      T
  MONTH TO DATE    1.41                      2.58  -1.17     1.53
  SINCE JUN 1      3.49                      5.82  -2.33    10.62
  SINCE JAN 1     17.21                     13.34   3.87    14.14

SNOWFALL (IN)
  YESTERDAY        0.0           0.0  2001   0.0    0.0      0.0
  MONTH TO DATE    0.0                       0.0    0.0      0.0
  SINCE JUN 1      0.0                       0.0    0.0      0.0
  SINCE JUL 1      0.0                       0.0    0.0      0.0
  SNOW DEPTH       0

DEGREE DAYS
 HEATING
  YESTERDAY        0                         0      0        0
  MONTH TO DATE    1                         0      1       12
  SINCE JUN 1      1                        13    -12       19
  SINCE JUL 1      1                         0      1       12

 COOLING
  YESTERDAY       16                        15      1       23
  MONTH TO DATE  384                       378      6      308
  SINCE JUN 1    737                       656     81      592
  SINCE JAN 1    798                       765     33      764
..................................................................


WIND (MPH)
  HIGHEST WIND SPEED    28   HIGHEST WIND DIRECTION     N (360)
  HIGHEST GUST SPEED    43   HIGHEST GUST DIRECTION     N (350)
  AVERAGE WIND SPEED    13.9


SKY COVER
  POSSIBLE SUNSHINE  MM
  AVERAGE SKY COVER 0.0


WEATHER CONDITIONS
 THE FOLLOWING WEATHER WAS RECORDED YESTERDAY.
  THUNDERSTORM


RELATIVE HUMIDITY (PERCENT)
 HIGHEST    84           600 AM
 LOWEST     39           500 PM
 AVERAGE    62

..........................................................


THE DODGE CITY KS CLIMATE NORMALS FOR TODAY
                         NORMAL    RECORD    YEAR
 MAXIMUM TEMPERATURE (F)   93       109      2011
 MINIMUM TEMPERATURE (F)   67        49      2005


SUNRISE AND SUNSET
JULY 27 2015..........SUNRISE   639 AM CDT   SUNSET   853 PM CDT
JULY 28 2015..........SUNRISE   640 AM CDT   SUNSET   852 PM CDT


-  INDICATES NEGATIVE NUMBERS.
R  INDICATES RECORD WAS SET OR TIED.
MM INDICATES DATA IS MISSING.
T  INDICATES TRACE AMOUNT.




$$
