515
CDUS43 KDDC 190706
CLIDGC


CLIMATE REPORT
NATIONAL WEATHER SERVICE DODGE CITY KS
106 AM CST THU JAN 19 2017


...................................

...THE DODGE CITY KS CLIMATE SUMMARY FOR JANUARY 18 2017...

CLIMATE NORMAL PERIOD 1981 TO 2010
CLIMATE RECORD PERIOD 1875 TO 2017


WEATHER ITEM   OBSERVED TIME   RECORD YEAR NORMAL DEPARTURE LAST
                VALUE   (LST)  VALUE       VALUE  FROM      YEAR
                                                  NORMAL
..................................................................
TEMPERATURE (F)
 YESTERDAY
  MAXIMUM         56    411 PM  68    1951  44     12       35
                                      1920
                                      1880
  MINIMUM         30    205 AM -14    1943  20     10       18
  AVERAGE         43                        32     11       27

PRECIPITATION (IN)
  YESTERDAY        0.00          0.65 1979   0.02  -0.02     0.00
  MONTH TO DATE    2.51                      0.32   2.19     0.28
  SINCE DEC 1      3.13                      1.16   1.97     2.71
  SINCE JAN 1      2.51                      0.32   2.19     0.28

SNOWFALL (IN)
  YESTERDAY        0.0           2.6  1943   0.1   -0.1      0.0
  MONTH TO DATE    2.7                       2.6    0.1      0.7
  SINCE DEC 1      5.0                       6.7   -1.7      8.8
  SINCE JUL 1      5.0                       8.9   -3.9      9.9
  SNOW DEPTH       0

DEGREE DAYS
 HEATING
  YESTERDAY       22                        33    -11       38
  MONTH TO DATE  641                       594     47      587
  SINCE DEC 1   1718                      1594    124     1464
  SINCE JUL 1   2314                      2608   -294     2294

 COOLING
  YESTERDAY        0                         0      0        0
  MONTH TO DATE    0                         0      0        0
  SINCE DEC 1      0                         0      0        0
  SINCE JAN 1      0                         0      0        0
..................................................................


WIND (MPH)
  HIGHEST WIND SPEED    26   HIGHEST WIND DIRECTION     S (170)
  HIGHEST GUST SPEED    31   HIGHEST GUST DIRECTION     S (170)
  AVERAGE WIND SPEED    15.0


SKY COVER
  POSSIBLE SUNSHINE  MM
  AVERAGE SKY COVER 0.4


WEATHER CONDITIONS
 THE FOLLOWING WEATHER WAS RECORDED YESTERDAY.
  FOG


RELATIVE HUMIDITY (PERCENT)
 HIGHEST   100          1100 PM
 LOWEST     55           400 PM
 AVERAGE    78

..........................................................


THE DODGE CITY KS CLIMATE NORMALS FOR TODAY
                         NORMAL    RECORD    YEAR
 MAXIMUM TEMPERATURE (F)   44        75      1986
 MINIMUM TEMPERATURE (F)   20       -20      1883


SUNRISE AND SUNSET
JANUARY 19 2017.......SUNRISE   752 AM CST   SUNSET   549 PM CST
JANUARY 20 2017.......SUNRISE   752 AM CST   SUNSET   551 PM CST


-  INDICATES NEGATIVE NUMBERS.
R  INDICATES RECORD WAS SET OR TIED.
MM INDICATES DATA IS MISSING.
T  INDICATES TRACE AMOUNT.




$$
