000
CDUS43 KDDC 192325
CLIDGC


CLIMATE REPORT
NATIONAL WEATHER SERVICE DODGE CITY KS
625 PM CDT MON JUN 19 2017


...................................

...THE DODGE CITY KS CLIMATE SUMMARY FOR JUNE 19 2017...
VALID TODAY AS OF 0500 PM LOCAL TIME.

CLIMATE NORMAL PERIOD 1981 TO 2010
CLIMATE RECORD PERIOD 1875 TO 2017


WEATHER ITEM   OBSERVED TIME   RECORD YEAR NORMAL DEPARTURE LAST
                VALUE   (LST)  VALUE       VALUE  FROM      YEAR
                                                  NORMAL
..................................................................
TEMPERATURE (F)
 TODAY
  MAXIMUM         86    452 PM 104    2011  88     -2       90
  MINIMUM         59    615 AM  41    1876  62     -3       65
  AVERAGE         73                        75     -2       78

PRECIPITATION (IN)
  TODAY            0.00          3.24 1888   0.10  -0.10     0.00
  MONTH TO DATE    2.46                      2.11   0.35     1.18
  SINCE JUN 1      2.46                      2.11   0.35     1.18
  SINCE JAN 1     19.89                      9.63  10.26    12.30

SNOWFALL (IN)
  TODAY            0.0           T    1972   0.0    0.0      0.0
                                      1951
  MONTH TO DATE    0.0                       0.0    0.0      0.0
  SINCE JUN 1      0.0                       0.0    0.0      0.0
  SINCE JUL 1      7.5                      21.1  -13.6     10.4
  SNOW DEPTH       0

DEGREE DAYS
 HEATING
  TODAY            0                         0      0        0
  MONTH TO DATE    0                        10    -10        1
  SINCE JUN 1      0                        10    -10        1
  SINCE JUL 1   4170                      4964   -794     4340

 COOLING
  TODAY            8                        10     -2       13
  MONTH TO DATE  201                       148     53      185
  SINCE JUN 1    201                       148     53      185
  SINCE JAN 1    303                       257     46      243
..................................................................


WIND (MPH)
  HIGHEST WIND SPEED    17   HIGHEST WIND DIRECTION     S (160)
  HIGHEST GUST SPEED    23   HIGHEST GUST DIRECTION     S (170)
  AVERAGE WIND SPEED     8.4


SKY COVER
  POSSIBLE SUNSHINE  MM
  AVERAGE SKY COVER 0.1


WEATHER CONDITIONS
 THE FOLLOWING WEATHER WAS RECORDED TODAY.
  NO SIGNIFICANT WEATHER WAS OBSERVED.


RELATIVE HUMIDITY (PERCENT)
 HIGHEST    80           300 AM
 LOWEST     30           400 PM
 AVERAGE    55

..........................................................


THE DODGE CITY KS CLIMATE NORMALS FOR TOMORROW
                         NORMAL    RECORD    YEAR
 MAXIMUM TEMPERATURE (F)   88       106      1988
 MINIMUM TEMPERATURE (F)   62        49      1920


SUNRISE AND SUNSET
JUNE 19 2017..........SUNRISE   618 AM CDT   SUNSET   905 PM CDT
JUNE 20 2017..........SUNRISE   618 AM CDT   SUNSET   905 PM CDT


-  INDICATES NEGATIVE NUMBERS.
R  INDICATES RECORD WAS SET OR TIED.
MM INDICATES DATA IS MISSING.
T  INDICATES TRACE AMOUNT.




$$
