000
CDUS43 KDDC 031428
CLIDGC


CLIMATE REPORT
NATIONAL WEATHER SERVICE DODGE CITY KS
927 AM CDT WED JUN 3 2015


...................................

...THE DODGE CITY KS CLIMATE SUMMARY FOR JUNE 3 2015...
VALID AS OF 0800 AM LOCAL TIME.

CLIMATE NORMAL PERIOD 1981 TO 2010
CLIMATE RECORD PERIOD 1875 TO 2015


WEATHER ITEM   OBSERVED TIME   RECORD YEAR NORMAL DEPARTURE LAST
                VALUE   (LST)  VALUE       VALUE  FROM      YEAR
                                                  NORMAL
..................................................................
TEMPERATURE (F)
 TODAY
  MAXIMUM         73    759 AM  97    2011  82     -9       94
                                      1953
  MINIMUM         66    604 AM  41    1954  58      8       66
  AVERAGE         70                        70      0       80

PRECIPITATION (IN)
  TODAY            0.00          2.89 1899   0.11  -0.11      T
  MONTH TO DATE    0.00                      0.34  -0.34     0.67
  SINCE JUN 1      0.00                      0.34  -0.34     0.67
  SINCE JAN 1     13.72                      7.86   5.86     4.19

SNOWFALL (IN)
  TODAY            0.0           0.0  2002   0.0    0.0      0.0
                                      2001
  MONTH TO DATE    0.0                       0.0    0.0      0.0
  SINCE JUN 1      0.0                       0.0    0.0      0.0
  SINCE JUL 1     21.4                      21.1    0.3     31.1
  SNOW DEPTH       0

..................................................................


WIND (MPH)
  HIGHEST WIND SPEED    24   HIGHEST WIND DIRECTION     S (180)
  HIGHEST GUST SPEED    31   HIGHEST GUST DIRECTION     S (180)
  AVERAGE WIND SPEED    14.3



WEATHER CONDITIONS
 THE FOLLOWING WEATHER WAS RECORDED TODAY.
  NO SIGNIFICANT WEATHER WAS OBSERVED.


RELATIVE HUMIDITY (PERCENT)
 HIGHEST    81           400 AM
 LOWEST     68          1200 AM

..........................................................


THE DODGE CITY KS CLIMATE NORMALS FOR TOMORROW
                         NORMAL    RECORD    YEAR
 MAXIMUM TEMPERATURE (F)   83       103      1933
 MINIMUM TEMPERATURE (F)   58        43      1951


SUNRISE AND SUNSET
JUNE  3 2015..........SUNRISE   619 AM CDT   SUNSET   857 PM CDT
JUNE  4 2015..........SUNRISE   619 AM CDT   SUNSET   858 PM CDT


-  INDICATES NEGATIVE NUMBERS.
R  INDICATES RECORD WAS SET OR TIED.
MM INDICATES DATA IS MISSING.
T  INDICATES TRACE AMOUNT.




$$
