000
CDUS43 KDDC 260706
CLIDGC


CLIMATE REPORT
NATIONAL WEATHER SERVICE DODGE CITY KS
206 AM CDT MON SEP 26 2016


...................................

...THE DODGE CITY KS CLIMATE SUMMARY FOR SEPTEMBER 25 2016...

CLIMATE NORMAL PERIOD 1981 TO 2010
CLIMATE RECORD PERIOD 1875 TO 2016


WEATHER ITEM   OBSERVED TIME   RECORD YEAR NORMAL DEPARTURE LAST
                VALUE   (LST)  VALUE       VALUE  FROM      YEAR
                                                  NORMAL
..................................................................
TEMPERATURE (F)
 YESTERDAY
  MAXIMUM         78    234 PM  98    1998  78      0       81
  MINIMUM         45   1152 PM  31    2000  52     -7       56
  AVERAGE         62                        65     -3       69

PRECIPITATION (IN)
  YESTERDAY        0.00          2.27 1915   0.04  -0.04     0.00
  MONTH TO DATE    0.31                      1.44  -1.13     0.88
  SINCE SEP 1      0.31                      1.44  -1.13     0.88
  SINCE JAN 1     22.32                     18.03   4.29    20.57

SNOWFALL (IN)
  YESTERDAY        0.0           0.0    MM   0.0    0.0      0.0
  MONTH TO DATE    0.0                       0.0    0.0      0.0
  SINCE SEP 1      0.0                       0.0    0.0      0.0
  SINCE JUL 1      0.0                       0.0    0.0      0.0
  SNOW DEPTH       0

DEGREE DAYS
 HEATING
  YESTERDAY        3                         4     -1        0
  MONTH TO DATE    9                        39    -30        6
  SINCE SEP 1      9                        39    -30        6
  SINCE JUL 1      9                        43    -34        8

 COOLING
  YESTERDAY        0                         4     -4        4
  MONTH TO DATE  235                       171     64      273
  SINCE SEP 1    235                       171     64      273
  SINCE JAN 1   1489                      1417     72     1471
..................................................................


WIND (MPH)
  HIGHEST WIND SPEED    26   HIGHEST WIND DIRECTION     N (20)
  HIGHEST GUST SPEED    33   HIGHEST GUST DIRECTION     N (20)
  AVERAGE WIND SPEED    12.0


SKY COVER
  POSSIBLE SUNSHINE  MM
  AVERAGE SKY COVER 0.1


WEATHER CONDITIONS
 THE FOLLOWING WEATHER WAS RECORDED YESTERDAY.
  LIGHT RAIN
  FOG
  FOG W/VISIBILITY <= 1/4 MILE


RELATIVE HUMIDITY (PERCENT)
 HIGHEST   100          1200 AM
 LOWEST     23           400 PM
 AVERAGE    62

..........................................................


THE DODGE CITY KS CLIMATE NORMALS FOR TODAY
                         NORMAL    RECORD    YEAR
 MAXIMUM TEMPERATURE (F)   78        98      1904
 MINIMUM TEMPERATURE (F)   51        31      1942


SUNRISE AND SUNSET
SEPTEMBER 26 2016.....SUNRISE   732 AM CDT   SUNSET   730 PM CDT
SEPTEMBER 27 2016.....SUNRISE   732 AM CDT   SUNSET   728 PM CDT


-  INDICATES NEGATIVE NUMBERS.
R  INDICATES RECORD WAS SET OR TIED.
MM INDICATES DATA IS MISSING.
T  INDICATES TRACE AMOUNT.




$$
