000
CDUS43 KDDC 152331
CLIDGC


CLIMATE REPORT
NATIONAL WEATHER SERVICE DODGE CITY KS
630 PM CDT TUE APR 15 2014


...................................

...THE DODGE CITY KS CLIMATE SUMMARY FOR APRIL 15 2014...
VALID TODAY AS OF 0500 PM LOCAL TIME.

CLIMATE NORMAL PERIOD 1981 TO 2010
CLIMATE RECORD PERIOD 1875 TO 2014


WEATHER ITEM   OBSERVED TIME   RECORD YEAR NORMAL DEPARTURE LAST
                VALUE   (LST)  VALUE       VALUE  FROM      YEAR
                                                  NORMAL
..................................................................
TEMPERATURE (F)
 TODAY
  MAXIMUM         66    419 PM  97    2002  67     -1       60
  MINIMUM         24    433 AM  21    1905  40    -16       38
  AVERAGE         45                        54     -9       49

PRECIPITATION (IN)
  TODAY            0.00          1.25 1976   0.06  -0.06     0.00
  MONTH TO DATE    0.31                      0.84  -0.53     0.20
  SINCE MAR 1      0.58                      2.43  -1.85     0.46
  SINCE JAN 1      1.42                      3.69  -2.27     1.84

SNOWFALL (IN)
  TODAY            0.0           2.3  1945   0.0    0.0      0.0
  MONTH TO DATE    2.2                       0.9    1.3       T
  SINCE MAR 1      6.6                       5.8    0.8      2.1
  SINCE JUL 1     31.1                      20.9   10.2     25.5
  SNOW DEPTH       0

DEGREE DAYS
 HEATING
  TODAY           20                        12      8       16
  MONTH TO DATE  231                       210     21      259
  SINCE MAR 1    983                       850    133      957
  SINCE JUL 1   5140                      4697    443     4668

 COOLING
  TODAY            0                         0      0        0
  MONTH TO DATE    8                         0      8        3
  SINCE MAR 1      8                         1      7        3
  SINCE JAN 1      8                         1      7        3
..................................................................


WIND (MPH)
  HIGHEST WIND SPEED    28   HIGHEST WIND DIRECTION     S (190)
  HIGHEST GUST SPEED    34   HIGHEST GUST DIRECTION    SW (220)
  AVERAGE WIND SPEED    14.9


SKY COVER
  POSSIBLE SUNSHINE  MM
  AVERAGE SKY COVER 0.0


WEATHER CONDITIONS
 THE FOLLOWING WEATHER WAS RECORDED TODAY.
  NO SIGNIFICANT WEATHER WAS OBSERVED.


RELATIVE HUMIDITY (PERCENT)
 HIGHEST    63           100 AM
 LOWEST     19           300 PM
 AVERAGE    41

..........................................................


THE DODGE CITY KS CLIMATE NORMALS FOR TOMORROW
                         NORMAL    RECORD    YEAR
 MAXIMUM TEMPERATURE (F)   68        91      1964
                                             1937
 MINIMUM TEMPERATURE (F)   40        24      1907


SUNRISE AND SUNSET
APRIL 15 2014.........SUNRISE   705 AM CDT   SUNSET   816 PM CDT
APRIL 16 2014.........SUNRISE   703 AM CDT   SUNSET   817 PM CDT


-  INDICATES NEGATIVE NUMBERS.
R  INDICATES RECORD WAS SET OR TIED.
MM INDICATES DATA IS MISSING.
T  INDICATES TRACE AMOUNT.




$$
