000
CDUS43 KDDC 262338
CLIDGC


CLIMATE REPORT
NATIONAL WEATHER SERVICE DODGE CITY KS
536 PM CST WED NOV 26 2014


...................................

...THE DODGE CITY KS CLIMATE SUMMARY FOR NOVEMBER 26 2014...
VALID TODAY AS OF 0500 PM LOCAL TIME.

CLIMATE NORMAL PERIOD 1981 TO 2010
CLIMATE RECORD PERIOD 1875 TO 2014


WEATHER ITEM   OBSERVED TIME   RECORD YEAR NORMAL DEPARTURE LAST
                VALUE   (LST)  VALUE       VALUE  FROM      YEAR
                                                  NORMAL
..................................................................
TEMPERATURE (F)
 TODAY
  MAXIMUM         48    134 PM  80    1910  50     -2       42
                                      1894
  MINIMUM         37    845 AM   0    1887  26     11       19
                                      1880
  AVERAGE         43                        38      5       31

PRECIPITATION (IN)
  TODAY            T             0.68 1935   0.02  -0.02     0.00
  MONTH TO DATE    0.15                      0.67  -0.52     0.80
  SINCE SEP 1      3.95                      4.08  -0.13     4.76
  SINCE JAN 1     22.18                     20.67   1.51    20.24

SNOWFALL (IN)
  TODAY            0.0           2.4  1931   0.1   -0.1      0.0
  MONTH TO DATE    2.2                       1.4    0.8      2.3
  SINCE SEP 1      2.2                       1.8    0.4      5.0
  SINCE JUL 1      2.2                       1.8    0.4      5.0
  SNOW DEPTH       0

DEGREE DAYS
 HEATING
  TODAY           22                        27     -5       34
  MONTH TO DATE  662                       546    116      580
  SINCE SEP 1    902                       898      4      920
  SINCE JUL 1    915                       902     13      920

 COOLING
  TODAY            0                         0      0        0
  MONTH TO DATE    0                         0      0        0
  SINCE SEP 1    230                       216     14      277
  SINCE JAN 1   1475                      1462     13     1641
..................................................................


WIND (MPH)
  HIGHEST WIND SPEED    29   HIGHEST WIND DIRECTION     N (350)
  HIGHEST GUST SPEED    37   HIGHEST GUST DIRECTION    NW (320)
  AVERAGE WIND SPEED    19.3


SKY COVER
  POSSIBLE SUNSHINE  MM
  AVERAGE SKY COVER 0.7


WEATHER CONDITIONS
 THE FOLLOWING WEATHER WAS RECORDED TODAY.
  LIGHT RAIN


RELATIVE HUMIDITY (PERCENT)
 HIGHEST    76           500 AM
 LOWEST     26           300 PM
 AVERAGE    51

..........................................................


THE DODGE CITY KS CLIMATE NORMALS FOR TOMORROW
                         NORMAL    RECORD    YEAR
 MAXIMUM TEMPERATURE (F)   50        81      1933
 MINIMUM TEMPERATURE (F)   25       -13      1887


SUNRISE AND SUNSET
NOVEMBER 26 2014......SUNRISE   732 AM CST   SUNSET   523 PM CST
NOVEMBER 27 2014......SUNRISE   733 AM CST   SUNSET   522 PM CST


-  INDICATES NEGATIVE NUMBERS.
R  INDICATES RECORD WAS SET OR TIED.
MM INDICATES DATA IS MISSING.
T  INDICATES TRACE AMOUNT.




$$
