000
CDUS43 KDDC 312326
CLIDGC


CLIMATE REPORT
NATIONAL WEATHER SERVICE DODGE CITY KS
626 PM CDT SUN AUG 31 2014


...................................

...THE DODGE CITY KS CLIMATE SUMMARY FOR AUGUST 31 2014...
VALID TODAY AS OF 0500 PM LOCAL TIME.

CLIMATE NORMAL PERIOD 1981 TO 2010
CLIMATE RECORD PERIOD 1875 TO 2014


WEATHER ITEM   OBSERVED TIME   RECORD YEAR NORMAL DEPARTURE LAST
                VALUE   (LST)  VALUE       VALUE  FROM      YEAR
                                                  NORMAL
..................................................................
TEMPERATURE (F)
 TODAY
  MAXIMUM         99    249 PM 107    2011  88     11       99
  MINIMUM         71    412 AM  46    1915  62      9       72
  AVERAGE         85                        75     10       86

PRECIPITATION (IN)
  TODAY            T             0.94 1994   0.09  -0.09      T
  MONTH TO DATE    2.43                      2.75  -0.32     6.92
  SINCE JUN 1     14.53                      9.07   5.46    12.05
  SINCE JAN 1     18.05                     16.59   1.46    15.48

SNOWFALL (IN)
  TODAY            0.0           0.0  2002   0.0    0.0      0.0
                                      2001
  MONTH TO DATE    0.0                       0.0    0.0      0.0
  SINCE JUN 1      0.0                       0.0    0.0      0.0
  SINCE JUL 1      0.0                       0.0    0.0      0.0
  SNOW DEPTH       0

DEGREE DAYS
 HEATING
  TODAY            0                         0      0        0
  MONTH TO DATE    0                         0      0        0
  SINCE JUN 1     20                        17      3       12
  SINCE JUL 1     13                         4      9        0

 COOLING
  TODAY           20                        11      9       21
  MONTH TO DATE  447                       407     40      371
  SINCE JUN 1   1075                      1137    -62     1202
  SINCE JAN 1   1247                      1246      1     1364
..................................................................


WIND (MPH)
  HIGHEST WIND SPEED    33   HIGHEST WIND DIRECTION     S (180)
  HIGHEST GUST SPEED    45   HIGHEST GUST DIRECTION     S (160)
  AVERAGE WIND SPEED    21.5


SKY COVER
  POSSIBLE SUNSHINE  MM
  AVERAGE SKY COVER 0.0


WEATHER CONDITIONS
 THE FOLLOWING WEATHER WAS RECORDED TODAY.
  NO SIGNIFICANT WEATHER WAS OBSERVED.


RELATIVE HUMIDITY (PERCENT)
 HIGHEST    66           400 AM
 LOWEST     26           300 PM
 AVERAGE    46

..........................................................


THE DODGE CITY KS CLIMATE NORMALS FOR TOMORROW
                         NORMAL    RECORD    YEAR
 MAXIMUM TEMPERATURE (F)   88       107      2011
 MINIMUM TEMPERATURE (F)   62        46      1882


SUNRISE AND SUNSET
AUGUST 31 2014........SUNRISE   709 AM CDT   SUNSET   810 PM CDT
SEPTEMBER  1 2014.....SUNRISE   710 AM CDT   SUNSET   809 PM CDT


-  INDICATES NEGATIVE NUMBERS.
R  INDICATES RECORD WAS SET OR TIED.
MM INDICATES DATA IS MISSING.
T  INDICATES TRACE AMOUNT.




$$
