000
CDUS43 KDDC 201015
CLIDGC


CLIMATE REPORT
NATIONAL WEATHER SERVICE DODGE CITY KS
413 AM CST THU NOV 20 2014


...................................

...THE DODGE CITY KS CLIMATE SUMMARY FOR NOVEMBER 19 2014...

CLIMATE NORMAL PERIOD 1981 TO 2010
CLIMATE RECORD PERIOD 1875 TO 2014


WEATHER ITEM   OBSERVED TIME   RECORD YEAR NORMAL DEPARTURE LAST
                VALUE   (LST)  VALUE       VALUE  FROM      YEAR
                                                  NORMAL
..................................................................
TEMPERATURE (F)
 YESTERDAY
  MAXIMUM         51    256 PM  82    2007  54     -3       63
                                      1942
  MINIMUM         27    726 AM   0    1880  29     -2       33
  AVERAGE         39                        41     -2       48

PRECIPITATION (IN)
  YESTERDAY        0.00          1.46 1930   0.02  -0.02     0.00
  MONTH TO DATE    0.14                      0.53  -0.39     0.62
  SINCE SEP 1      3.94                      3.94   0.00     4.58
  SINCE JAN 1     22.17                     20.53   1.64    20.06

SNOWFALL (IN)
  YESTERDAY        0.0           5.5  1906   0.0    0.0      0.0
  MONTH TO DATE    2.2                       0.7    1.5      0.0
  SINCE SEP 1      2.2                       1.1    1.1      2.7
  SINCE JUL 1      2.2                       1.1    1.1      2.7
  SNOW DEPTH       0

DEGREE DAYS
 HEATING
  YESTERDAY       26                        24      2       17
  MONTH TO DATE  493                       366    127      345
  SINCE SEP 1    733                       718     15      685
  SINCE JUL 1    746                       722     24      685

 COOLING
  YESTERDAY        0                         0      0        0
  MONTH TO DATE    0                         0      0        0
  SINCE SEP 1    230                       216     14      277
  SINCE JAN 1   1475                      1462     13     1641
..................................................................


WIND (MPH)
  HIGHEST WIND SPEED    15   HIGHEST WIND DIRECTION     N (360)
  HIGHEST GUST SPEED    19   HIGHEST GUST DIRECTION     N (360)
  AVERAGE WIND SPEED     8.6


SKY COVER
  POSSIBLE SUNSHINE  MM
  AVERAGE SKY COVER 0.0


WEATHER CONDITIONS
 THE FOLLOWING WEATHER WAS RECORDED YESTERDAY.
  NO SIGNIFICANT WEATHER WAS OBSERVED.


RELATIVE HUMIDITY (PERCENT)
 HIGHEST    69           300 AM
 LOWEST     32           300 PM
 AVERAGE    51

..........................................................


THE DODGE CITY KS CLIMATE NORMALS FOR TODAY
                         NORMAL    RECORD    YEAR
 MAXIMUM TEMPERATURE (F)   53        84      1897
 MINIMUM TEMPERATURE (F)   28         1      1874


SUNRISE AND SUNSET
NOVEMBER 20 2014......SUNRISE   725 AM CST   SUNSET   525 PM CST
NOVEMBER 21 2014......SUNRISE   726 AM CST   SUNSET   525 PM CST


-  INDICATES NEGATIVE NUMBERS.
R  INDICATES RECORD WAS SET OR TIED.
MM INDICATES DATA IS MISSING.
T  INDICATES TRACE AMOUNT.




$$
