000
CDUS43 KDDC 271008
CLIDGC


CLIMATE REPORT
NATIONAL WEATHER SERVICE DODGE CITY KS
506 AM CDT MON OCT 27 2014


...................................

...THE DODGE CITY KS CLIMATE SUMMARY FOR OCTOBER 26 2014...

CLIMATE NORMAL PERIOD 1981 TO 2010
CLIMATE RECORD PERIOD 1875 TO 2014


WEATHER ITEM   OBSERVED TIME   RECORD YEAR NORMAL DEPARTURE LAST
                VALUE   (LST)  VALUE       VALUE  FROM      YEAR
                                                  NORMAL
..................................................................
TEMPERATURE (F)
 YESTERDAY
  MAXIMUM         89R   326 PM  89    1922  66     23       63
  MINIMUM         57    829 PM  18    1878  40     17       34
  AVERAGE         73                        53     20       49

PRECIPITATION (IN)
  YESTERDAY        0.00          0.96 1897   0.05  -0.05     0.00
  MONTH TO DATE    2.14                      1.52   0.62     1.06
  SINCE SEP 1      3.80                      3.19   0.61     2.18
  SINCE JAN 1     22.03                     19.78   2.25    17.66

SNOWFALL (IN)
  YESTERDAY        0.0           3.6  1976   0.0    0.0      0.0
  MONTH TO DATE    0.0                       0.3   -0.3      2.7
  SINCE SEP 1      0.0                       0.3   -0.3      2.7
  SINCE JUL 1      0.0                       0.3   -0.3      2.7
  SNOW DEPTH       0

DEGREE DAYS
 HEATING
  YESTERDAY        0                        13    -13       16
  MONTH TO DATE  124                       222    -98      262
  SINCE SEP 1    173                       283   -110      278
  SINCE JUL 1    186                       287   -101      278

 COOLING
  YESTERDAY        8                         0      8        0
  MONTH TO DATE   36                        27      9       31
  SINCE SEP 1    230                       214     16      277
  SINCE JAN 1   1475                      1460     15     1641
..................................................................


WIND (MPH)
  HIGHEST WIND SPEED    20   HIGHEST WIND DIRECTION     W (250)
  HIGHEST GUST SPEED    25   HIGHEST GUST DIRECTION    SW (240)
  AVERAGE WIND SPEED    11.2


SKY COVER
  POSSIBLE SUNSHINE  MM
  AVERAGE SKY COVER 0.0


WEATHER CONDITIONS
 THE FOLLOWING WEATHER WAS RECORDED YESTERDAY.
  NO SIGNIFICANT WEATHER WAS OBSERVED.


RELATIVE HUMIDITY (PERCENT)
 HIGHEST    72           600 AM
 LOWEST     15           100 PM
 AVERAGE    44

..........................................................


THE DODGE CITY KS CLIMATE NORMALS FOR TODAY
                         NORMAL    RECORD    YEAR
 MAXIMUM TEMPERATURE (F)   66        88      1922
 MINIMUM TEMPERATURE (F)   39        10      1878


SUNRISE AND SUNSET
OCTOBER 27 2014.......SUNRISE   800 AM CDT   SUNSET   647 PM CDT
OCTOBER 28 2014.......SUNRISE   801 AM CDT   SUNSET   646 PM CDT


-  INDICATES NEGATIVE NUMBERS.
R  INDICATES RECORD WAS SET OR TIED.
MM INDICATES DATA IS MISSING.
T  INDICATES TRACE AMOUNT.




$$
