000
CDUS43 KDDC 080713
CLIDGC


CLIMATE REPORT
NATIONAL WEATHER SERVICE DODGE CITY KS
106 AM CST THU DEC 8 2016


...................................

...THE DODGE CITY KS CLIMATE SUMMARY FOR DECEMBER 7 2016...

CLIMATE NORMAL PERIOD 1981 TO 2010
CLIMATE RECORD PERIOD 1875 TO 2016


WEATHER ITEM   OBSERVED TIME   RECORD YEAR NORMAL DEPARTURE LAST
                VALUE   (LST)  VALUE       VALUE  FROM      YEAR
                                                  NORMAL
..................................................................
TEMPERATURE (F)
 YESTERDAY
  MAXIMUM         29    901 AM  73    1923  46    -17       60
  MINIMUM         13   1159 PM  -5    2013  22     -9       30
  AVERAGE         21                        34    -13       45

PRECIPITATION (IN)
  YESTERDAY        T             0.51 1892   0.02  -0.02     0.00
  MONTH TO DATE    0.34                      0.17   0.17     0.00
  SINCE DEC 1      0.34                      0.17   0.17     0.00
  SINCE JAN 1     23.12                     20.93   2.19    25.89

SNOWFALL (IN)
  YESTERDAY        0.1           2.5  1917   0.1    0.0      0.0
  MONTH TO DATE    0.2                       0.9   -0.7      0.0
  SINCE DEC 1      0.2                       0.9   -0.7      0.0
  SINCE JUL 1      0.2                       3.1   -2.9      1.1
  SNOW DEPTH       0

DEGREE DAYS
 HEATING
  YESTERDAY       44                        31     13       20
  MONTH TO DATE  217                       210      7      172
  SINCE DEC 1    217                       210      7      172
  SINCE JUL 1    813                      1224   -411     1002

 COOLING
  YESTERDAY        0                         0      0        0
  MONTH TO DATE    0                         0      0        0
  SINCE DEC 1      0                         0      0        0
  SINCE JAN 1   1580                      1463    117     1512
..................................................................


WIND (MPH)
  HIGHEST WIND SPEED    23   HIGHEST WIND DIRECTION     N (360)
  HIGHEST GUST SPEED    27   HIGHEST GUST DIRECTION    NE (30)
  AVERAGE WIND SPEED    13.4


SKY COVER
  POSSIBLE SUNSHINE  MM
  AVERAGE SKY COVER 0.8


WEATHER CONDITIONS
 THE FOLLOWING WEATHER WAS RECORDED YESTERDAY.
  LIGHT SNOW
  FOG
  HAZE


RELATIVE HUMIDITY (PERCENT)
 HIGHEST    88          1100 PM
 LOWEST     63           500 AM
 AVERAGE    76

..........................................................


THE DODGE CITY KS CLIMATE NORMALS FOR TODAY
                         NORMAL    RECORD    YEAR
 MAXIMUM TEMPERATURE (F)   45        71      1940
                                             1900
 MINIMUM TEMPERATURE (F)   22        -7      1917


SUNRISE AND SUNSET
DECEMBER  8 2016......SUNRISE   743 AM CST   SUNSET   521 PM CST
DECEMBER  9 2016......SUNRISE   744 AM CST   SUNSET   521 PM CST


-  INDICATES NEGATIVE NUMBERS.
R  INDICATES RECORD WAS SET OR TIED.
MM INDICATES DATA IS MISSING.
T  INDICATES TRACE AMOUNT.




$$
