000
CDUS43 KDDC 090709
CLIDGC


CLIMATE REPORT
NATIONAL WEATHER SERVICE DODGE CITY KS
107 AM CST SAT DEC 9 2017


...................................

...THE DODGE CITY KS CLIMATE SUMMARY FOR DECEMBER 8 2017...

CLIMATE NORMAL PERIOD 1981 TO 2010
CLIMATE RECORD PERIOD 1875 TO 2017


WEATHER ITEM   OBSERVED TIME   RECORD YEAR NORMAL DEPARTURE LAST
                VALUE   (LST)  VALUE       VALUE  FROM      YEAR
                                                  NORMAL
..................................................................
TEMPERATURE (F)
 YESTERDAY
  MAXIMUM         50    200 PM  71    1940  45      5       24
                                      1900
  MINIMUM         13   1207 AM  -7    1917  22     -9        3
  AVERAGE         32                        34     -2       14

PRECIPITATION (IN)
  YESTERDAY        0.00          0.51 1885   0.03  -0.03     0.00
  MONTH TO DATE    0.00                      0.20  -0.20     0.34
  SINCE DEC 1      0.00                      0.20  -0.20     0.34
  SINCE JAN 1     25.57                     20.96   4.61    23.12

SNOWFALL (IN)
  YESTERDAY        0.0           3.8  1980   0.1   -0.1      0.0
  MONTH TO DATE    0.0                       1.0   -1.0      0.2
  SINCE DEC 1      0.0                       1.0   -1.0      0.2
  SINCE JUL 1      0.0                       3.2   -3.2      0.2
  SNOW DEPTH       0

DEGREE DAYS
 HEATING
  YESTERDAY       33                        31      2       51
  MONTH TO DATE  204                       241    -37      268
  SINCE DEC 1    204                       241    -37      268
  SINCE JUL 1   1058                      1255   -197      864

 COOLING
  YESTERDAY        0                         0      0        0
  MONTH TO DATE    0                         0      0        0
  SINCE DEC 1      0                         0      0        0
  SINCE JAN 1   1520                      1463     57     1580
..................................................................


WIND (MPH)
  HIGHEST WIND SPEED    32   HIGHEST WIND DIRECTION     N (360)
  HIGHEST GUST SPEED    44   HIGHEST GUST DIRECTION     N (360)
  AVERAGE WIND SPEED    14.7


SKY COVER
  POSSIBLE SUNSHINE  MM
  AVERAGE SKY COVER 0.2


WEATHER CONDITIONS
 THE FOLLOWING WEATHER WAS RECORDED YESTERDAY.
  NO SIGNIFICANT WEATHER WAS OBSERVED.


RELATIVE HUMIDITY (PERCENT)
 HIGHEST    73          1200 AM
 LOWEST     29           100 PM
 AVERAGE    51

..........................................................


THE DODGE CITY KS CLIMATE NORMALS FOR TODAY
                         NORMAL    RECORD    YEAR
 MAXIMUM TEMPERATURE (F)   45        75      1939
 MINIMUM TEMPERATURE (F)   22       -10      1919


SUNRISE AND SUNSET
DECEMBER  9 2017......SUNRISE   744 AM CST   SUNSET   521 PM CST
DECEMBER 10 2017......SUNRISE   745 AM CST   SUNSET   521 PM CST


-  INDICATES NEGATIVE NUMBERS.
R  INDICATES RECORD WAS SET OR TIED.
MM INDICATES DATA IS MISSING.
T  INDICATES TRACE AMOUNT.




$$
