332
CDUS43 KDDC 220728
CLIDGC


CLIMATE REPORT
NATIONAL WEATHER SERVICE DODGE CITY KS
127 AM CST THU FEB 22 2018


...................................

...THE DODGE CITY KS CLIMATE SUMMARY FOR FEBRUARY 21 2018...

CLIMATE NORMAL PERIOD 1981 TO 2010
CLIMATE RECORD PERIOD 1875 TO 2018


WEATHER ITEM   OBSERVED TIME   RECORD YEAR NORMAL DEPARTURE LAST
                VALUE   (LST)  VALUE       VALUE  FROM      YEAR
                                                  NORMAL
..................................................................
TEMPERATURE (F)
 YESTERDAY
  MAXIMUM         27    522 PM  79    2000  50    -23       78
                                      1977
  MINIMUM          4    652 AM  -3    1978  25    -21       30
  AVERAGE         16                        37    -21       54

PRECIPITATION (IN)
  YESTERDAY        0.01          1.03 1971   0.03  -0.02     0.00
  MONTH TO DATE    0.06                      0.50  -0.44     0.01
  SINCE DEC 1      0.15                      1.92  -1.77     3.19
  SINCE JAN 1      0.15                      1.08  -0.93     2.57

SNOWFALL (IN)
  YESTERDAY       MM            10.3  1971   0.2   MM        0.0
  MONTH TO DATE    0.2                       3.1   -2.9      0.0
  SINCE DEC 1      1.4                      12.1  -10.7      5.0
  SINCE JUL 1      1.4                      14.3  -12.9      5.0
  SNOW DEPTH       0

DEGREE DAYS
 HEATING
  YESTERDAY       49                        28     21       11
  MONTH TO DATE  663                       630     33      429
  SINCE DEC 1   2608                      2648    -40     2479
  SINCE JUL 1   3462                      3662   -200     3075

 COOLING
  YESTERDAY        0                         0      0        0
  MONTH TO DATE    0                         0      0        0
  SINCE DEC 1      0                         0      0        0
  SINCE JAN 1      0                         0      0        0
..................................................................


WIND (MPH)
  HIGHEST WIND SPEED    16   HIGHEST WIND DIRECTION     N (20)
  HIGHEST GUST SPEED    21   HIGHEST GUST DIRECTION     N (360)
  AVERAGE WIND SPEED    11.4


SKY COVER
  POSSIBLE SUNSHINE  MM
  AVERAGE SKY COVER 0.9


WEATHER CONDITIONS
 THE FOLLOWING WEATHER WAS RECORDED YESTERDAY.
  HAZE


RELATIVE HUMIDITY (PERCENT)
 HIGHEST    79           700 AM
 LOWEST     32           500 PM
 AVERAGE    56

..........................................................


THE DODGE CITY KS CLIMATE NORMALS FOR TODAY
                         NORMAL    RECORD    YEAR
 MAXIMUM TEMPERATURE (F)   50        84      1982
 MINIMUM TEMPERATURE (F)   25        -3      1911


SUNRISE AND SUNSET
FEBRUARY 22 2018......SUNRISE   721 AM CST   SUNSET   626 PM CST
FEBRUARY 23 2018......SUNRISE   719 AM CST   SUNSET   627 PM CST


-  INDICATES NEGATIVE NUMBERS.
R  INDICATES RECORD WAS SET OR TIED.
MM INDICATES DATA IS MISSING.
T  INDICATES TRACE AMOUNT.




$$
