000
CDUS43 KDDC 281018
CLIDGC


CLIMATE REPORT
NATIONAL WEATHER SERVICE DODGE CITY KS
514 AM CDT THU AUG 28 2014


...................................

...THE DODGE CITY KS CLIMATE SUMMARY FOR AUGUST 27 2014...

CLIMATE NORMAL PERIOD 1981 TO 2010
CLIMATE RECORD PERIOD 1875 TO 2014


WEATHER ITEM   OBSERVED TIME   RECORD YEAR NORMAL DEPARTURE LAST
                VALUE   (LST)  VALUE       VALUE  FROM      YEAR
                                                  NORMAL
..................................................................
TEMPERATURE (F)
 YESTERDAY
  MAXIMUM         86    328 PM 103    1994  89     -3       92
                                      1990
                                      1984
  MINIMUM         67    756 AM  45    1906  63      4       68
  AVERAGE         77                        76      1       80

PRECIPITATION (IN)
  YESTERDAY        0.35          2.01 1878   0.08   0.27     0.00
  MONTH TO DATE    2.43                      2.42   0.01     6.92
  SINCE JUN 1     14.53                      8.74   5.79    12.05
  SINCE JAN 1     18.05                     16.26   1.79    15.48

SNOWFALL (IN)
  YESTERDAY        0.0           0.0  2002   0.0    0.0      0.0
                                      2001
  MONTH TO DATE    0.0                       0.0    0.0      0.0
  SINCE JUN 1      0.0                       0.0    0.0      0.0
  SINCE JUL 1      0.0                       0.0    0.0      0.0
  SNOW DEPTH       0

DEGREE DAYS
 HEATING
  YESTERDAY        0                         0      0        0
  MONTH TO DATE    0                         0      0        0
  SINCE JUN 1     20                        14      6       12
  SINCE JUL 1     13                         1     12        0

 COOLING
  YESTERDAY       12                        12      0       15
  MONTH TO DATE  395                       365     30      298
  SINCE JUN 1   1023                      1095    -72     1129
  SINCE JAN 1   1195                      1204     -9     1291
..................................................................


WIND (MPH)
  HIGHEST WIND SPEED    29   HIGHEST WIND DIRECTION     S (160)
  HIGHEST GUST SPEED    37   HIGHEST GUST DIRECTION     S (160)
  AVERAGE WIND SPEED    14.3


SKY COVER
  POSSIBLE SUNSHINE  MM
  AVERAGE SKY COVER 0.4


WEATHER CONDITIONS
 THE FOLLOWING WEATHER WAS RECORDED YESTERDAY.
  RAIN
  LIGHT RAIN
  FOG


RELATIVE HUMIDITY (PERCENT)
 HIGHEST    93           500 AM
 LOWEST     54          1200 PM
 AVERAGE    74

..........................................................


THE DODGE CITY KS CLIMATE NORMALS FOR TODAY
                         NORMAL    RECORD    YEAR
 MAXIMUM TEMPERATURE (F)   89       105      2011
                                             1984
 MINIMUM TEMPERATURE (F)   63        50      1976
                                             1917


SUNRISE AND SUNSET
AUGUST 28 2014........SUNRISE   707 AM CDT   SUNSET   815 PM CDT
AUGUST 29 2014........SUNRISE   707 AM CDT   SUNSET   813 PM CDT


-  INDICATES NEGATIVE NUMBERS.
R  INDICATES RECORD WAS SET OR TIED.
MM INDICATES DATA IS MISSING.
T  INDICATES TRACE AMOUNT.




$$
