000
CDUS43 KDDC 282345
CLIDGC


CLIMATE REPORT
NATIONAL WEATHER SERVICE DODGE CITY KS
645 PM CDT TUE MAR 28 2017


...................................

...THE DODGE CITY KS CLIMATE SUMMARY FOR MARCH 28 2017...
VALID TODAY AS OF 0500 PM LOCAL TIME.

CLIMATE NORMAL PERIOD 1981 TO 2010
CLIMATE RECORD PERIOD 1875 TO 2017


WEATHER ITEM   OBSERVED TIME   RECORD YEAR NORMAL DEPARTURE LAST
                VALUE   (LST)  VALUE       VALUE  FROM      YEAR
                                                  NORMAL
..................................................................
TEMPERATURE (F)
 TODAY
  MAXIMUM         49   1107 AM  91    1963  62    -13       70
  MINIMUM         44    546 AM   2    1899  34     10       30
  AVERAGE         47                        48     -1       50

PRECIPITATION (IN)
  TODAY            0.99          1.01 1918   0.06   0.93     0.00
  MONTH TO DATE    1.08                      1.40  -0.32     0.04
  SINCE MAR 1      1.08                      1.40  -0.32     0.04
  SINCE JAN 1      3.65                      2.66   0.99     0.63

SNOWFALL (IN)
  TODAY           MM             4.3  1987   0.2   MM        0.0
  MONTH TO DATE    0.0                       4.5   -4.5      0.4
  SINCE MAR 1      0.0                       4.5   -4.5      0.4
  SINCE JUL 1      5.0                      19.6  -14.6     10.4
  SNOW DEPTH       0

DEGREE DAYS
 HEATING
  TODAY           18                        17      1       15
  MONTH TO DATE  422                       590   -168      472
  SINCE MAR 1    422                       590   -168      472
  SINCE JUL 1   3656                      4437   -781     3834

 COOLING
  TODAY            0                         0      0        0
  MONTH TO DATE    9                         0      9        2
  SINCE MAR 1      9                         0      9        2
  SINCE JAN 1      9                         0      9        4
..................................................................


WIND (MPH)
  HIGHEST WIND SPEED    22   HIGHEST WIND DIRECTION     E (90)
  HIGHEST GUST SPEED    27   HIGHEST GUST DIRECTION     E (100)
  AVERAGE WIND SPEED    12.7


SKY COVER
  POSSIBLE SUNSHINE  MM
  AVERAGE SKY COVER 0.9


WEATHER CONDITIONS
 THE FOLLOWING WEATHER WAS RECORDED TODAY.
  THUNDERSTORM
  HEAVY RAIN
  RAIN
  LIGHT RAIN
  FOG
  FOG W/VISIBILITY <= 1/4 MILE


RELATIVE HUMIDITY (PERCENT)
 HIGHEST   100           300 AM
 LOWEST     86          1200 AM
 AVERAGE    93

..........................................................


THE DODGE CITY KS CLIMATE NORMALS FOR TOMORROW
                         NORMAL    RECORD    YEAR
 MAXIMUM TEMPERATURE (F)   62        88      1943
 MINIMUM TEMPERATURE (F)   34        13      1987


SUNRISE AND SUNSET
MARCH 28 2017.........SUNRISE   731 AM CDT   SUNSET   759 PM CDT
MARCH 29 2017.........SUNRISE   729 AM CDT   SUNSET   800 PM CDT


-  INDICATES NEGATIVE NUMBERS.
R  INDICATES RECORD WAS SET OR TIED.
MM INDICATES DATA IS MISSING.
T  INDICATES TRACE AMOUNT.




$$
