000
CDUS43 KDDC 311006
CLIDGC


CLIMATE REPORT
NATIONAL WEATHER SERVICE DODGE CITY KS
505 AM CDT SUN MAY 31 2015


...................................

...THE DODGE CITY KS CLIMATE SUMMARY FOR MAY 30 2015...

CLIMATE NORMAL PERIOD 1981 TO 2010
CLIMATE RECORD PERIOD 1875 TO 2015


WEATHER ITEM   OBSERVED TIME   RECORD YEAR NORMAL DEPARTURE LAST
                VALUE   (LST)  VALUE       VALUE  FROM      YEAR
                                                  NORMAL
..................................................................
TEMPERATURE (F)
 YESTERDAY
  MAXIMUM         69    444 PM 101    1998  81    -12       90
  MINIMUM         51   1105 PM  41    1889  56     -5       62
  AVERAGE         60                        69     -9       76

PRECIPITATION (IN)
  YESTERDAY        T             1.70 1923   0.12  -0.12     0.00
  MONTH TO DATE   10.33                      2.74   7.59     1.64
  SINCE MAR 1     12.42                      6.15   6.27     2.65
  SINCE JAN 1     13.72                      7.41   6.31     3.49

SNOWFALL (IN)
  YESTERDAY        0.0           0.0  2002   0.0    0.0      0.0
                                      2001
  MONTH TO DATE    0.0                       0.0    0.0      0.0
  SINCE MAR 1      T                         6.0   -6.0      6.6
  SINCE JUL 1     21.4                      21.1    0.3     31.1
  SNOW DEPTH       0

DEGREE DAYS
 HEATING
  YESTERDAY        5                         1      4        0
  MONTH TO DATE  143                       114     29      116
  SINCE MAR 1    904                      1106   -202     1214
  SINCE JUL 1   4652                      4953   -301     5371

 COOLING
  YESTERDAY        0                         5     -5       11
  MONTH TO DATE   46                        84    -38      137
  SINCE MAR 1     61                       103    -42      160
  SINCE JAN 1     61                       103    -42      160
..................................................................


WIND (MPH)
  HIGHEST WIND SPEED    26   HIGHEST WIND DIRECTION     N (360)
  HIGHEST GUST SPEED    32   HIGHEST GUST DIRECTION     N (360)
  AVERAGE WIND SPEED    14.9


SKY COVER
  POSSIBLE SUNSHINE  MM
  AVERAGE SKY COVER 0.4


WEATHER CONDITIONS
 THE FOLLOWING WEATHER WAS RECORDED YESTERDAY.
  FOG


RELATIVE HUMIDITY (PERCENT)
 HIGHEST    89           400 AM
 LOWEST     42           300 PM
 AVERAGE    66

..........................................................


THE DODGE CITY KS CLIMATE NORMALS FOR TODAY
                         NORMAL    RECORD    YEAR
 MAXIMUM TEMPERATURE (F)   81       100      2002
                                             1953
 MINIMUM TEMPERATURE (F)   57        44      1903


SUNRISE AND SUNSET
MAY 31 2015...........SUNRISE   620 AM CDT   SUNSET   855 PM CDT
JUNE  1 2015..........SUNRISE   620 AM CDT   SUNSET   856 PM CDT


-  INDICATES NEGATIVE NUMBERS.
R  INDICATES RECORD WAS SET OR TIED.
MM INDICATES DATA IS MISSING.
T  INDICATES TRACE AMOUNT.




$$
