404
CDUS43 KDDC 201433
CLIDGC


CLIMATE REPORT
NATIONAL WEATHER SERVICE DODGE CITY KS
833 AM CST TUE FEB 20 2018


...................................

...THE DODGE CITY KS CLIMATE SUMMARY FOR FEBRUARY 20 2018...
VALID AS OF 0800 AM LOCAL TIME.

CLIMATE NORMAL PERIOD 1981 TO 2010
CLIMATE RECORD PERIOD 1875 TO 2018


WEATHER ITEM   OBSERVED TIME   RECORD YEAR NORMAL DEPARTURE LAST
                VALUE   (LST)  VALUE       VALUE  FROM      YEAR
                                                  NORMAL
..................................................................
TEMPERATURE (F)
 TODAY
  MAXIMUM         22   1216 AM  84    1981  50    -28       67
  MINIMUM         13    759 AM  -2    1918  25    -12       37
  AVERAGE         18                        37    -19       52

PRECIPITATION (IN)
  TODAY            T             0.77 1878   0.03  -0.03     0.00
  MONTH TO DATE    0.05                      0.47  -0.42     0.01
  SINCE DEC 1      0.14                      1.89  -1.75     3.19
  SINCE JAN 1      0.14                      1.05  -0.91     2.57

SNOWFALL (IN)
  TODAY           MM             4.6  1924   0.1   MM        0.0
  MONTH TO DATE    0.2                       2.9   -2.7      0.0
  SINCE DEC 1      1.4                      11.9  -10.5      5.0
  SINCE JUL 1      1.4                      14.1  -12.7      5.0
  SNOW DEPTH       0

..................................................................


WIND (MPH)
  HIGHEST WIND SPEED    26   HIGHEST WIND DIRECTION     N (360)
  HIGHEST GUST SPEED    36   HIGHEST GUST DIRECTION     N (350)
  AVERAGE WIND SPEED    17.8



WEATHER CONDITIONS
 THE FOLLOWING WEATHER WAS RECORDED TODAY.
  LT FREEZING RAIN
  LIGHT SNOW
  FOG
  HAZE


RELATIVE HUMIDITY (PERCENT)
 HIGHEST    84           100 AM
 LOWEST     68          1200 AM

..........................................................


THE DODGE CITY KS CLIMATE NORMALS FOR TOMORROW
                         NORMAL    RECORD    YEAR
 MAXIMUM TEMPERATURE (F)   50        79      2000
                                             1977
 MINIMUM TEMPERATURE (F)   25        -3      1978


SUNRISE AND SUNSET
FEBRUARY 20 2018......SUNRISE   723 AM CST   SUNSET   624 PM CST
FEBRUARY 21 2018......SUNRISE   722 AM CST   SUNSET   625 PM CST


-  INDICATES NEGATIVE NUMBERS.
R  INDICATES RECORD WAS SET OR TIED.
MM INDICATES DATA IS MISSING.
T  INDICATES TRACE AMOUNT.




$$
