000
CDUS43 KDDC 301009
CLIDGC


CLIMATE REPORT
NATIONAL WEATHER SERVICE DODGE CITY KS
407 AM CST FRI JAN 30 2015


...................................

...THE DODGE CITY KS CLIMATE SUMMARY FOR JANUARY 29 2015...

CLIMATE NORMAL PERIOD 1981 TO 2010
CLIMATE RECORD PERIOD 1875 TO 2015


WEATHER ITEM   OBSERVED TIME   RECORD YEAR NORMAL DEPARTURE LAST
                VALUE   (LST)  VALUE       VALUE  FROM      YEAR
                                                  NORMAL
..................................................................
TEMPERATURE (F)
 YESTERDAY
  MAXIMUM         49    359 PM  73    1911  45      4       44
  MINIMUM         24   1051 PM  -7    1966  21      3       10
  AVERAGE         37                        33      4       27

PRECIPITATION (IN)
  YESTERDAY        0.00          0.57 1999   0.03  -0.03     0.00
  MONTH TO DATE    0.29                      0.54  -0.25     0.24
  SINCE DEC 1      1.29                      1.38  -0.09     0.72
  SINCE JAN 1      0.29                      0.54  -0.25     0.24

SNOWFALL (IN)
  YESTERDAY        0.0           6.0  1956   0.1   -0.1      0.0
  MONTH TO DATE    3.3                       4.5   -1.2      4.0
  SINCE DEC 1      7.1                       8.6   -1.5      9.5
  SINCE JUL 1      9.3                      10.8   -1.5     14.5
  SNOW DEPTH       0

DEGREE DAYS
 HEATING
  YESTERDAY       28                        32     -4       38
  MONTH TO DATE  895                       953    -58      961
  SINCE DEC 1   1827                      1953   -126     2041
  SINCE JUL 1   2825                      2967   -142     3069

 COOLING
  YESTERDAY        0                         0      0        0
  MONTH TO DATE    0                         0      0        0
  SINCE DEC 1      0                         0      0        0
  SINCE JAN 1      0                         0      0        0
..................................................................


WIND (MPH)
  HIGHEST WIND SPEED    26   HIGHEST WIND DIRECTION     N (350)
  HIGHEST GUST SPEED    33   HIGHEST GUST DIRECTION     N (360)
  AVERAGE WIND SPEED    14.6


SKY COVER
  POSSIBLE SUNSHINE  MM
  AVERAGE SKY COVER 0.0


WEATHER CONDITIONS
 THE FOLLOWING WEATHER WAS RECORDED YESTERDAY.
  NO SIGNIFICANT WEATHER WAS OBSERVED.


RELATIVE HUMIDITY (PERCENT)
 HIGHEST    75           700 AM
 LOWEST     34           200 PM
 AVERAGE    55

..........................................................


THE DODGE CITY KS CLIMATE NORMALS FOR TODAY
                         NORMAL    RECORD    YEAR
 MAXIMUM TEMPERATURE (F)   45        73      1986
 MINIMUM TEMPERATURE (F)   21       -10      1902


SUNRISE AND SUNSET
JANUARY 30 2015.......SUNRISE   746 AM CST   SUNSET   601 PM CST
JANUARY 31 2015.......SUNRISE   745 AM CST   SUNSET   602 PM CST


-  INDICATES NEGATIVE NUMBERS.
R  INDICATES RECORD WAS SET OR TIED.
MM INDICATES DATA IS MISSING.
T  INDICATES TRACE AMOUNT.




$$
