734
CDUS43 KDDC 130711
CLIDGC


CLIMATE REPORT
NATIONAL WEATHER SERVICE DODGE CITY KS
110 AM CST WED DEC 13 2017


...................................

...THE DODGE CITY KS CLIMATE SUMMARY FOR DECEMBER 12 2017...

CLIMATE NORMAL PERIOD 1981 TO 2010
CLIMATE RECORD PERIOD 1875 TO 2017


WEATHER ITEM   OBSERVED TIME   RECORD YEAR NORMAL DEPARTURE LAST
                VALUE   (LST)  VALUE       VALUE  FROM      YEAR
                                                  NORMAL
..................................................................
TEMPERATURE (F)
 YESTERDAY
  MAXIMUM         61    352 PM  72    1889  44     17       35
  MINIMUM         18    737 AM -10    1932  21     -3       19
  AVERAGE         40                        33      7       27

PRECIPITATION (IN)
  YESTERDAY        0.00          0.53 1958   0.03  -0.03     0.00
  MONTH TO DATE    0.00                      0.31  -0.31     0.34
  SINCE DEC 1      0.00                      0.31  -0.31     0.34
  SINCE JAN 1     25.57                     21.07   4.50    23.12

SNOWFALL (IN)
  YESTERDAY        0.0           6.6  1958   0.1   -0.1      0.0
  MONTH TO DATE    0.0                       1.6   -1.6      0.2
  SINCE DEC 1      0.0                       1.6   -1.6      0.2
  SINCE JUL 1      0.0                       3.8   -3.8      0.2
  SNOW DEPTH       0

DEGREE DAYS
 HEATING
  YESTERDAY       25                        32     -7       38
  MONTH TO DATE  287                       369    -82      409
  SINCE DEC 1    287                       369    -82      409
  SINCE JUL 1   1141                      1383   -242     1005

 COOLING
  YESTERDAY        0                         0      0        0
  MONTH TO DATE    0                         0      0        0
  SINCE DEC 1      0                         0      0        0
  SINCE JAN 1   1520                      1463     57     1580
..................................................................


WIND (MPH)
  HIGHEST WIND SPEED    17   HIGHEST WIND DIRECTION     W (250)
  HIGHEST GUST SPEED    23   HIGHEST GUST DIRECTION     W (260)
  AVERAGE WIND SPEED     9.9


SKY COVER
  POSSIBLE SUNSHINE  MM
  AVERAGE SKY COVER 0.0


WEATHER CONDITIONS
 THE FOLLOWING WEATHER WAS RECORDED YESTERDAY.
  NO SIGNIFICANT WEATHER WAS OBSERVED.


RELATIVE HUMIDITY (PERCENT)
 HIGHEST    80           700 AM
 LOWEST     16           300 PM
 AVERAGE    48

..........................................................


THE DODGE CITY KS CLIMATE NORMALS FOR TODAY
                         NORMAL    RECORD    YEAR
 MAXIMUM TEMPERATURE (F)   44        75      1921
 MINIMUM TEMPERATURE (F)   21        -6      1958
                                             1917


SUNRISE AND SUNSET
DECEMBER 13 2017......SUNRISE   747 AM CST   SUNSET   522 PM CST
DECEMBER 14 2017......SUNRISE   747 AM CST   SUNSET   522 PM CST


-  INDICATES NEGATIVE NUMBERS.
R  INDICATES RECORD WAS SET OR TIED.
MM INDICATES DATA IS MISSING.
T  INDICATES TRACE AMOUNT.




$$
