303
CDUS43 KDDC 230727
CLIDGC


CLIMATE REPORT
NATIONAL WEATHER SERVICE DODGE CITY KS
226 AM CDT FRI SEP 23 2016


...................................

...THE DODGE CITY KS CLIMATE SUMMARY FOR SEPTEMBER 22 2016...

CLIMATE NORMAL PERIOD 1981 TO 2010
CLIMATE RECORD PERIOD 1875 TO 2016


WEATHER ITEM   OBSERVED TIME   RECORD YEAR NORMAL DEPARTURE LAST
                VALUE   (LST)  VALUE       VALUE  FROM      YEAR
                                                  NORMAL
..................................................................
TEMPERATURE (F)
 YESTERDAY
  MAXIMUM         95    328 PM  96    1910  80     15       90
                                      1892
  MINIMUM         69    705 AM  29    1995  53     16       64
  AVERAGE         82                        66     16       77

PRECIPITATION (IN)
  YESTERDAY        0.00          2.36 2004   0.04  -0.04     0.00
  MONTH TO DATE    0.29                      1.30  -1.01     0.79
  SINCE SEP 1      0.29                      1.30  -1.01     0.79
  SINCE JAN 1     22.30                     17.89   4.41    20.48

SNOWFALL (IN)
  YESTERDAY        0.0           0.0  2002   0.0    0.0      0.0
                                      2001
  MONTH TO DATE    0.0                       0.0    0.0      0.0
  SINCE SEP 1      0.0                       0.0    0.0      0.0
  SINCE JUL 1      0.0                       0.0    0.0      0.0
  SNOW DEPTH       0

DEGREE DAYS
 HEATING
  YESTERDAY        0                         3     -3        0
  MONTH TO DATE    6                        29    -23        6
  SINCE SEP 1      6                        29    -23        6
  SINCE JUL 1      6                        33    -27        8

 COOLING
  YESTERDAY       17                         4     13       12
  MONTH TO DATE  220                       159     61      253
  SINCE SEP 1    220                       159     61      253
  SINCE JAN 1   1474                      1405     69     1451
..................................................................


WIND (MPH)
  HIGHEST WIND SPEED    26   HIGHEST WIND DIRECTION     S (200)
  HIGHEST GUST SPEED    35   HIGHEST GUST DIRECTION     S (190)
  AVERAGE WIND SPEED    17.3


SKY COVER
  POSSIBLE SUNSHINE  MM
  AVERAGE SKY COVER 0.0


WEATHER CONDITIONS
 THE FOLLOWING WEATHER WAS RECORDED YESTERDAY.
  NO SIGNIFICANT WEATHER WAS OBSERVED.


RELATIVE HUMIDITY (PERCENT)
 HIGHEST    78           600 AM
 LOWEST     24           200 PM
 AVERAGE    51

..........................................................


THE DODGE CITY KS CLIMATE NORMALS FOR TODAY
                         NORMAL    RECORD    YEAR
 MAXIMUM TEMPERATURE (F)   79       100      1984
 MINIMUM TEMPERATURE (F)   53        34      1989


SUNRISE AND SUNSET
SEPTEMBER 23 2016.....SUNRISE   729 AM CDT   SUNSET   734 PM CDT
SEPTEMBER 24 2016.....SUNRISE   730 AM CDT   SUNSET   733 PM CDT


-  INDICATES NEGATIVE NUMBERS.
R  INDICATES RECORD WAS SET OR TIED.
MM INDICATES DATA IS MISSING.
T  INDICATES TRACE AMOUNT.




$$
