000
CDUS43 KDDC 221007
CLIDGC


CLIMATE REPORT
NATIONAL WEATHER SERVICE DODGE CITY KS
506 AM CDT FRI MAY 22 2015


...................................

...THE DODGE CITY KS CLIMATE SUMMARY FOR MAY 21 2015...

CLIMATE NORMAL PERIOD 1981 TO 2010
CLIMATE RECORD PERIOD 1875 TO 2015


WEATHER ITEM   OBSERVED TIME   RECORD YEAR NORMAL DEPARTURE LAST
                VALUE   (LST)  VALUE       VALUE  FROM      YEAR
                                                  NORMAL
..................................................................
TEMPERATURE (F)
 YESTERDAY
  MAXIMUM         62    416 PM 100    1925  78    -16       89
  MINIMUM         42    551 AM  33    1931  53    -11       57
  AVERAGE         52                        66    -14       73

PRECIPITATION (IN)
  YESTERDAY        0.00          2.53 1951   0.10  -0.10     0.06
  MONTH TO DATE    4.91                      1.81   3.10     1.51
  SINCE MAR 1      7.00                      5.22   1.78     2.52
  SINCE JAN 1      8.30                      6.48   1.82     3.36

SNOWFALL (IN)
  YESTERDAY        0.0           T    1931   0.0    0.0      0.0
  MONTH TO DATE    0.0                       0.0    0.0      0.0
  SINCE MAR 1      T                         6.0   -6.0      6.6
  SINCE JUL 1     21.4                      21.1    0.3     31.1
  SNOW DEPTH       0

DEGREE DAYS
 HEATING
  YESTERDAY       13                         3     10        0
  MONTH TO DATE  114                        96     18      116
  SINCE MAR 1    875                      1088   -213     1214
  SINCE JUL 1   4623                      4935   -312     5371

 COOLING
  YESTERDAY        0                         3     -3        8
  MONTH TO DATE   36                        45     -9       76
  SINCE MAR 1     51                        64    -13       99
  SINCE JAN 1     51                        64    -13       99
..................................................................


WIND (MPH)
  HIGHEST WIND SPEED    12   HIGHEST WIND DIRECTION    SE (130)
  HIGHEST GUST SPEED    19   HIGHEST GUST DIRECTION     E (110)
  AVERAGE WIND SPEED     6.2


SKY COVER
  POSSIBLE SUNSHINE  MM
  AVERAGE SKY COVER 0.7


WEATHER CONDITIONS
 THE FOLLOWING WEATHER WAS RECORDED YESTERDAY.
  FOG


RELATIVE HUMIDITY (PERCENT)
 HIGHEST    89           600 AM
 LOWEST     49           300 PM
 AVERAGE    69

..........................................................


THE DODGE CITY KS CLIMATE NORMALS FOR TODAY
                         NORMAL    RECORD    YEAR
 MAXIMUM TEMPERATURE (F)   79        99      1956
 MINIMUM TEMPERATURE (F)   54        31      1931


SUNRISE AND SUNSET
MAY 22 2015...........SUNRISE   625 AM CDT   SUNSET   849 PM CDT
MAY 23 2015...........SUNRISE   624 AM CDT   SUNSET   849 PM CDT


-  INDICATES NEGATIVE NUMBERS.
R  INDICATES RECORD WAS SET OR TIED.
MM INDICATES DATA IS MISSING.
T  INDICATES TRACE AMOUNT.




$$
