000
CDUS43 KDDC 170706
CLIDGC


CLIMATE REPORT
NATIONAL WEATHER SERVICE DODGE CITY KS
106 AM CST FRI NOV 17 2017


...................................

...THE DODGE CITY KS CLIMATE SUMMARY FOR NOVEMBER 16 2017...

CLIMATE NORMAL PERIOD 1981 TO 2010
CLIMATE RECORD PERIOD 1875 TO 2017


WEATHER ITEM   OBSERVED TIME   RECORD YEAR NORMAL DEPARTURE LAST
                VALUE   (LST)  VALUE       VALUE  FROM      YEAR
                                                  NORMAL
..................................................................
TEMPERATURE (F)
 YESTERDAY
  MAXIMUM         66    409 PM  87    2016  56     10       87
  MINIMUM         35    155 AM   2    1955  30      5       42
  AVERAGE         51                        43      8       65

PRECIPITATION (IN)
  YESTERDAY        0.00          1.57 1996   0.02  -0.02     0.00
  MONTH TO DATE    T                         0.47  -0.47     0.36
  SINCE SEP 1      1.91                      3.88  -1.97     0.76
  SINCE JAN 1     25.56                     20.47   5.09    22.77

SNOWFALL (IN)
  YESTERDAY        0.0           2.1  2014   0.0    0.0      0.0
  MONTH TO DATE    0.0                       0.5   -0.5      0.0
  SINCE SEP 1      0.0                       0.9   -0.9      0.0
  SINCE JUL 1      0.0                       0.9   -0.9      0.0
  SNOW DEPTH       0

DEGREE DAYS
 HEATING
  YESTERDAY       14                        22     -8        0
  MONTH TO DATE  334                       296     38      160
  SINCE SEP 1    625                       648    -23      308
  SINCE JUL 1    625                       652    -27      308

 COOLING
  YESTERDAY        0                         0      0        0
  MONTH TO DATE    0                         0      0        0
  SINCE SEP 1    288                       216     72      326
  SINCE JAN 1   1520                      1462     58     1580
..................................................................


WIND (MPH)
  HIGHEST WIND SPEED    30   HIGHEST WIND DIRECTION     S (170)
  HIGHEST GUST SPEED    40   HIGHEST GUST DIRECTION     S (190)
  AVERAGE WIND SPEED    18.6


SKY COVER
  POSSIBLE SUNSHINE  MM
  AVERAGE SKY COVER 0.0


WEATHER CONDITIONS
 THE FOLLOWING WEATHER WAS RECORDED YESTERDAY.
  FOG
  HAZE


RELATIVE HUMIDITY (PERCENT)
 HIGHEST    86          1100 PM
 LOWEST     34           200 PM
 AVERAGE    60

..........................................................


THE DODGE CITY KS CLIMATE NORMALS FOR TODAY
                         NORMAL    RECORD    YEAR
 MAXIMUM TEMPERATURE (F)   55        80      1999
 MINIMUM TEMPERATURE (F)   30        -4      1880


SUNRISE AND SUNSET
NOVEMBER 17 2017......SUNRISE   722 AM CST   SUNSET   527 PM CST
NOVEMBER 18 2017......SUNRISE   724 AM CST   SUNSET   526 PM CST


-  INDICATES NEGATIVE NUMBERS.
R  INDICATES RECORD WAS SET OR TIED.
MM INDICATES DATA IS MISSING.
T  INDICATES TRACE AMOUNT.




$$
