000
CDUS43 KDDC 100725
CLIDGC


CLIMATE REPORT
NATIONAL WEATHER SERVICE DODGE CITY KS
125 AM CST WED FEB 10 2016


...................................

...THE DODGE CITY KS CLIMATE SUMMARY FOR FEBRUARY 9 2016...

CLIMATE NORMAL PERIOD 1981 TO 2010
CLIMATE RECORD PERIOD 1875 TO 2016


WEATHER ITEM   OBSERVED TIME   RECORD YEAR NORMAL DEPARTURE LAST
                VALUE   (LST)  VALUE       VALUE  FROM      YEAR
                                                  NORMAL
..................................................................
TEMPERATURE (F)
 YESTERDAY
  MAXIMUM         47    358 PM  83    1976  47      0       68
  MINIMUM         25    959 PM -12    1929  22      3       31
  AVERAGE         36                        34      2       50

PRECIPITATION (IN)
  YESTERDAY        0.00          0.32 1959   0.02  -0.02     0.00
  MONTH TO DATE    0.31                      0.20   0.11     0.03
  SINCE DEC 1      3.02                      1.62   1.40     1.69
  SINCE JAN 1      0.59                      0.78  -0.19     0.69

SNOWFALL (IN)
  YESTERDAY        0.0           2.9  1965   0.2   -0.2      0.0
  MONTH TO DATE    0.1                       1.4   -1.3       T
  SINCE DEC 1      8.9                      10.4   -1.5      8.3
  SINCE JUL 1     10.0                      12.6   -2.6     10.5
  SNOW DEPTH       0

DEGREE DAYS
 HEATING
  YESTERDAY       29                        31     -2       15
  MONTH TO DATE  292                       282     10      222
  SINCE DEC 1   2139                      2300   -161     2109
  SINCE JUL 1   2969                      3314   -345     3107

 COOLING
  YESTERDAY        0                         0      0        0
  MONTH TO DATE    0                         0      0        0
  SINCE DEC 1      0                         0      0        0
  SINCE JAN 1      0                         0      0        0
..................................................................


WIND (MPH)
  HIGHEST WIND SPEED    21   HIGHEST WIND DIRECTION     N (350)
  HIGHEST GUST SPEED    26   HIGHEST GUST DIRECTION     N (350)
  AVERAGE WIND SPEED    10.6


SKY COVER
  POSSIBLE SUNSHINE  MM
  AVERAGE SKY COVER 0.1


WEATHER CONDITIONS
 THE FOLLOWING WEATHER WAS RECORDED YESTERDAY.
  NO SIGNIFICANT WEATHER WAS OBSERVED.


RELATIVE HUMIDITY (PERCENT)
 HIGHEST    81           500 AM
 LOWEST     31           200 PM
 AVERAGE    56

..........................................................


THE DODGE CITY KS CLIMATE NORMALS FOR TODAY
                         NORMAL    RECORD    YEAR
 MAXIMUM TEMPERATURE (F)   47        80      1999
 MINIMUM TEMPERATURE (F)   22       -10      2011


SUNRISE AND SUNSET
FEBRUARY 10 2016......SUNRISE   736 AM CST   SUNSET   613 PM CST
FEBRUARY 11 2016......SUNRISE   735 AM CST   SUNSET   614 PM CST


-  INDICATES NEGATIVE NUMBERS.
R  INDICATES RECORD WAS SET OR TIED.
MM INDICATES DATA IS MISSING.
T  INDICATES TRACE AMOUNT.




$$
