000
CDUS43 KDDC 170724
CLIDGC


CLIMATE REPORT
NATIONAL WEATHER SERVICE DODGE CITY KS
223 AM CDT SUN SEP 17 2017


...................................

...THE DODGE CITY KS CLIMATE SUMMARY FOR SEPTEMBER 16 2017...

CLIMATE NORMAL PERIOD 1981 TO 2010
CLIMATE RECORD PERIOD 1875 TO 2017


WEATHER ITEM   OBSERVED TIME   RECORD YEAR NORMAL DEPARTURE LAST
                VALUE   (LST)  VALUE       VALUE  FROM      YEAR
                                                  NORMAL
..................................................................
TEMPERATURE (F)
 YESTERDAY
  MAXIMUM         86    406 PM  99    1905  82      4       79
  MINIMUM         59   1151 PM  39    1881  56      3       54
  AVERAGE         73                        69      4       67

PRECIPITATION (IN)
  YESTERDAY        0.00          5.34 1906   0.05  -0.05     0.00
  MONTH TO DATE    T                         1.00  -1.00     0.29
  SINCE SEP 1      T                         1.00  -1.00     0.29
  SINCE JAN 1     23.65                     17.59   6.06    22.30

SNOWFALL (IN)
  YESTERDAY        0.0           0.0  2002   0.0    0.0      0.0
                                      2001
  MONTH TO DATE    0.0                       0.0    0.0      0.0
  SINCE SEP 1      0.0                       0.0    0.0      0.0
  SINCE JUL 1      0.0                       0.0    0.0      0.0
  SNOW DEPTH       0

DEGREE DAYS
 HEATING
  YESTERDAY        0                         2     -2        0
  MONTH TO DATE    4                        14    -10        6
  SINCE SEP 1      4                        14    -10        6
  SINCE JUL 1      4                        18    -14        6

 COOLING
  YESTERDAY        8                         6      2        2
  MONTH TO DATE  156                       129     27      142
  SINCE SEP 1    156                       129     27      142
  SINCE JAN 1   1388                      1375     13     1396
..................................................................


WIND (MPH)
  HIGHEST WIND SPEED    20   HIGHEST WIND DIRECTION     N (10)
  HIGHEST GUST SPEED    26   HIGHEST GUST DIRECTION     N (10)
  AVERAGE WIND SPEED    11.0


SKY COVER
  POSSIBLE SUNSHINE  MM
  AVERAGE SKY COVER 0.0


WEATHER CONDITIONS
 THE FOLLOWING WEATHER WAS RECORDED YESTERDAY.
  NO SIGNIFICANT WEATHER WAS OBSERVED.


RELATIVE HUMIDITY (PERCENT)
 HIGHEST    78           400 AM
 LOWEST     32           400 PM
 AVERAGE    55

..........................................................


THE DODGE CITY KS CLIMATE NORMALS FOR TODAY
                         NORMAL    RECORD    YEAR
 MAXIMUM TEMPERATURE (F)   82       101      2004
 MINIMUM TEMPERATURE (F)   55        32      1903


SUNRISE AND SUNSET
SEPTEMBER 17 2017.....SUNRISE   724 AM CDT   SUNSET   744 PM CDT
SEPTEMBER 18 2017.....SUNRISE   724 AM CDT   SUNSET   743 PM CDT


-  INDICATES NEGATIVE NUMBERS.
R  INDICATES RECORD WAS SET OR TIED.
MM INDICATES DATA IS MISSING.
T  INDICATES TRACE AMOUNT.




$$
